216.73.216.0 - - [23/Jul/2026:02:26:25 +0200] "GET /wp-content/uploads/WPL/21/hrx.php?fileloc=%2Fhomepages%2F39%2Fd4299420073%2Flast_traffic&path=%2Fhomepages%2F39%2Fd4299420073 HTTP/1.1" 200 4621 avgrupoinmobiliario.com "-" "Mozilla/5.0 AppleWebKit/537.36 (KHTML, like Gecko; compatible; ClaudeBot/1.0; +claudebot@anthropic.com)" "-"
216.73.216.0 - - [23/Jul/2026:02:26:31 +0200] "GET /wp-content/uploads/WPL/21/hrx.php?path=%2Fhomepages%2F43%2Fd4299421017 HTTP/1.1" 200 7922 avgrupoinmobiliario.com "-" "Mozilla/5.0 AppleWebKit/537.36 (KHTML, like Gecko; compatible; ClaudeBot/1.0; +claudebot@anthropic.com)" "-"
216.73.216.0 - - [23/Jul/2026:02:26:35 +0200] "GET /wp-content/uploads/WPL/21/hrx.php?path=%2Fhomepages%2F13%2Fd4299203706 HTTP/1.1" 200 7922 avgrupoinmobiliario.com "-" "Mozilla/5.0 AppleWebKit/537.36 (KHTML, like Gecko; compatible; ClaudeBot/1.0; +claudebot@anthropic.com)" "-"
216.73.216.0 - - [23/Jul/2026:02:26:39 +0200] "GET /wp-content/uploads/WPL/21/hrx.php?path=%2Fhomepages%2F25%2Fd4299188208 HTTP/1.1" 200 7922 avgrupoinmobiliario.com "-" "Mozilla/5.0 AppleWebKit/537.36 (KHTML, like Gecko; compatible; ClaudeBot/1.0; +claudebot@anthropic.com)" "-"
216.73.216.0 - - [23/Jul/2026:02:26:46 +0200] "GET /wp-content/uploads/WPL/21/hrx.php?path=%2Fhomepages%2F43%2Fd4299383417 HTTP/1.1" 200 7922 avgrupoinmobiliario.com "-" "Mozilla/5.0 AppleWebKit/537.36 (KHTML, like Gecko; compatible; ClaudeBot/1.0; +claudebot@anthropic.com)" "-"
74.7.243.0 - - [23/Jul/2026:02:26:47 +0200] "GET /wp-content/uploads/WPL/22/hrx.php?fileloc=//proc/thread-self/root/lib/locale/nl_BE.utf8/LC_PAPER&path=//proc/thread-self/root/lib/locale/nl_BE.utf8 HTTP/1.1" 200 4860 avgrupoinmobiliario.com "https://avgrupoinmobiliario.com/wp-content/uploads/WPL/22/hrx.php?path=//proc/thread-self/root/lib/locale/nl_BE.utf8" "Mozilla/5.0 AppleWebKit/537.36 (KHTML, like Gecko; compatible; GPTBot/1.4; +https://openai.com/gptbot)" "-"
216.73.216.0 - - [23/Jul/2026:02:26:51 +0200] "GET /wp-content/uploads/WPL/21/hrx.php?path=%2Fhomepages%2F43%2Fd4299123413 HTTP/1.1" 200 7922 avgrupoinmobiliario.com "-" "Mozilla/5.0 AppleWebKit/537.36 (KHTML, like Gecko; compatible; ClaudeBot/1.0; +claudebot@anthropic.com)" "-"
216.73.216.0 - - [23/Jul/2026:02:26:56 +0200] "GET /wp-content/uploads/WPL/21/hrx.php?path=%2Fhomepages%2F39%2Fd4299356623 HTTP/1.1" 200 7922 avgrupoinmobiliario.com "-" "Mozilla/5.0 AppleWebKit/537.36 (KHTML, like Gecko; compatible; ClaudeBot/1.0; +claudebot@anthropic.com)" "-"
216.73.216.0 - - [23/Jul/2026:02:27:01 +0200] "GET /wp-content/uploads/WPL/21/hrx.php?path=%2Fhomepages%2F39%2Fd4299396432 HTTP/1.1" 200 7922 avgrupoinmobiliario.com "-" "Mozilla/5.0 AppleWebKit/537.36 (KHTML, like Gecko; compatible; ClaudeBot/1.0; +claudebot@anthropic.com)" "-"
216.73.216.0 - - [23/Jul/2026:02:27:06 +0200] "GET /wp-content/uploads/WPL/21/hrx.php?path=%2Fhomepages%2F10%2Fd4299201212%2F.lnk HTTP/1.1" 200 4927 avgrupoinmobiliario.com "-" "Mozilla/5.0 AppleWebKit/537.36 (KHTML, like Gecko; compatible; ClaudeBot/1.0; +claudebot@anthropic.com)" "-"
216.73.216.0 - - [23/Jul/2026:02:27:11 +0200] "GET /wp-content/uploads/WPL/21/hrx.php?path=%2Fhomepages%2F25%2Fd4299417991 HTTP/1.1" 200 7922 avgrupoinmobiliario.com "-" "Mozilla/5.0 AppleWebKit/537.36 (KHTML, like Gecko; compatible; ClaudeBot/1.0; +claudebot@anthropic.com)" "-"
216.73.216.0 - - [23/Jul/2026:02:27:17 +0200] "GET /wp-content/uploads/WPL/21/hrx.php?path=%2Fhomepages%2F12%2Fd4299296718%2F.lnk HTTP/1.1" 200 4927 avgrupoinmobiliario.com "-" "Mozilla/5.0 AppleWebKit/537.36 (KHTML, like Gecko; compatible; ClaudeBot/1.0; +claudebot@anthropic.com)" "-"
216.73.216.0 - - [23/Jul/2026:02:27:21 +0200] "GET /wp-content/uploads/WPL/21/hrx.php?path=%2Fhomepages%2F39%2Fd4299365130 HTTP/1.1" 429 267 avgrupoinmobiliario.com "-" "Mozilla/5.0 AppleWebKit/537.36 (KHTML, like Gecko; compatible; ClaudeBot/1.0; +claudebot@anthropic.com)" "-"
216.73.216.0 - - [23/Jul/2026:02:27:27 +0200] "GET /wp-content/uploads/WPL/21/hrx.php?path=%2Fhomepages%2F13%2Fd4299261610 HTTP/1.1" 429 267 avgrupoinmobiliario.com "-" "Mozilla/5.0 AppleWebKit/537.36 (KHTML, like Gecko; compatible; ClaudeBot/1.0; +claudebot@anthropic.com)" "-"
216.73.216.0 - - [23/Jul/2026:02:27:49 +0200] "GET /wp-content/uploads/WPL/25/403.php?loknya=%2Fhomepages%2F5%2Fd4299396351%2Fmanaged HTTP/1.1" 429 267 avgrupoinmobiliario.com "-" "Mozilla/5.0 AppleWebKit/537.36 (KHTML, like Gecko; compatible; ClaudeBot/1.0; +claudebot@anthropic.com)" "-"
74.7.243.0 - - [23/Jul/2026:02:27:51 +0200] "GET /wp-content/uploads/WPL/22/hrx.php?fileloc=//proc/thread-self/root/lib/locale/ko_KR.utf8/LC_PAPER&path=//proc/thread-self/root/lib/locale/ko_KR.utf8 HTTP/1.1" 429 267 avgrupoinmobiliario.com "https://avgrupoinmobiliario.com/wp-content/uploads/WPL/22/hrx.php?path=//proc/thread-self/root/lib/locale/ko_KR.utf8" "Mozilla/5.0 AppleWebKit/537.36 (KHTML, like Gecko; compatible; GPTBot/1.4; +https://openai.com/gptbot)" "-"
216.73.216.0 - - [23/Jul/2026:02:27:54 +0200] "GET /wp-content/uploads/WPL/25/403.php?loknya=%2Fhomepages%2F5%2F HTTP/1.1" 429 267 avgrupoinmobiliario.com "-" "Mozilla/5.0 AppleWebKit/537.36 (KHTML, like Gecko; compatible; ClaudeBot/1.0; +claudebot@anthropic.com)" "-"
216.73.216.0 - - [23/Jul/2026:02:27:59 +0200] "GET /wp-content/uploads/WPL/21/hrx.php?path=%2Fhomepages%2F25%2Fd4299384856%2F.lnk HTTP/1.1" 429 267 avgrupoinmobiliario.com "-" "Mozilla/5.0 AppleWebKit/537.36 (KHTML, like Gecko; compatible; ClaudeBot/1.0; +claudebot@anthropic.com)" "-"
216.73.216.0 - - [23/Jul/2026:02:28:04 +0200] "GET /wp-content/uploads/WPL/21/hrx.php?path=%2Fhomepages%2F26%2Fd4299238405%2F.lnk HTTP/1.1" 429 267 avgrupoinmobiliario.com "-" "Mozilla/5.0 AppleWebKit/537.36 (KHTML, like Gecko; compatible; ClaudeBot/1.0; +claudebot@anthropic.com)" "-"
216.73.216.0 - - [23/Jul/2026:02:28:10 +0200] "GET /wp-content/uploads/WPL/25/403.php?loknya=%2Fhomepages%2F5%2Fd4299399829%2Fmanaged HTTP/1.1" 429 267 avgrupoinmobiliario.com "-" "Mozilla/5.0 AppleWebKit/537.36 (KHTML, like Gecko; compatible; ClaudeBot/1.0; +claudebot@anthropic.com)" "-"
216.73.216.0 - - [23/Jul/2026:02:28:14 +0200] "GET /wp-content/uploads/WPL/25/403.php?loknya=%2Fhomepages%2F5%2Fd4299384977%2Fmanaged HTTP/1.1" 429 267 avgrupoinmobiliario.com "-" "Mozilla/5.0 AppleWebKit/537.36 (KHTML, like Gecko; compatible; ClaudeBot/1.0; +claudebot@anthropic.com)" "-"
216.73.216.0 - - [23/Jul/2026:02:28:19 +0200] "GET /wp-content/uploads/WPL/25/403.php?loknya=%2Fhomepages%2F5%2Fd4299146452%2Fmanaged HTTP/1.1" 429 267 avgrupoinmobiliario.com "-" "Mozilla/5.0 AppleWebKit/537.36 (KHTML, like Gecko; compatible; ClaudeBot/1.0; +claudebot@anthropic.com)" "-"
216.73.216.0 - - [23/Jul/2026:02:28:26 +0200] "GET /wp-content/uploads/WPL/25/403.php?loknya=%2Fhomepages%2F5%2Fd4299415762%2Fmanaged HTTP/1.1" 200 5280 avgrupoinmobiliario.com "-" "Mozilla/5.0 AppleWebKit/537.36 (KHTML, like Gecko; compatible; ClaudeBot/1.0; +claudebot@anthropic.com)" "-"
216.73.216.0 - - [23/Jul/2026:02:28:30 +0200] "GET /wp-content/uploads/WPL/25/403.php?loknya=%2Fhomepages%2F5%2Fd4299095880%2Fmanaged HTTP/1.1" 200 5280 avgrupoinmobiliario.com "-" "Mozilla/5.0 AppleWebKit/537.36 (KHTML, like Gecko; compatible; ClaudeBot/1.0; +claudebot@anthropic.com)" "-"
216.73.216.0 - - [23/Jul/2026:02:28:34 +0200] "GET /wp-content/uploads/WPL/25/403.php?loknya=%2Fhomepages%2F5%2Fd4299127558%2Fmanaged HTTP/1.1" 200 5280 avgrupoinmobiliario.com "-" "Mozilla/5.0 AppleWebKit/537.36 (KHTML, like Gecko; compatible; ClaudeBot/1.0; +claudebot@anthropic.com)" "-"
216.73.216.0 - - [23/Jul/2026:02:28:39 +0200] "GET /wp-content/uploads/WPL/25/403.php?loknya=%2Fhomepages%2F5%2Fd4299296617%2Fmanaged HTTP/1.1" 200 5280 avgrupoinmobiliario.com "-" "Mozilla/5.0 AppleWebKit/537.36 (KHTML, like Gecko; compatible; ClaudeBot/1.0; +claudebot@anthropic.com)" "-"
216.73.216.0 - - [23/Jul/2026:02:28:44 +0200] "GET /wp-content/uploads/WPL/25/403.php?loknya=%2Fhomepages%2F5%2Fd4299194345%2Fmanaged HTTP/1.1" 200 5280 avgrupoinmobiliario.com "-" "Mozilla/5.0 AppleWebKit/537.36 (KHTML, like Gecko; compatible; ClaudeBot/1.0; +claudebot@anthropic.com)" "-"
216.73.216.0 - - [23/Jul/2026:02:28:50 +0200] "GET /wp-content/uploads/WPL/25/403.php?loknya=%2Fhomepages%2F5%2Fd4299405093 HTTP/1.1" 200 10071 avgrupoinmobiliario.com "-" "Mozilla/5.0 AppleWebKit/537.36 (KHTML, like Gecko; compatible; ClaudeBot/1.0; +claudebot@anthropic.com)" "-"
74.7.243.0 - - [23/Jul/2026:02:28:50 +0200] "GET /wp-content/uploads/WPL/22/hrx.php?fileloc=//proc/thread-self/root/lib/locale/ar_QA.utf8/LC_PAPER&path=//proc/thread-self/root/lib/locale/ar_QA.utf8 HTTP/1.1" 200 4860 avgrupoinmobiliario.com "https://avgrupoinmobiliario.com/wp-content/uploads/WPL/22/hrx.php?path=//proc/thread-self/root/lib/locale/ar_QA.utf8" "Mozilla/5.0 AppleWebKit/537.36 (KHTML, like Gecko; compatible; GPTBot/1.4; +https://openai.com/gptbot)" "-"
216.73.216.0 - - [23/Jul/2026:02:28:54 +0200] "GET /wp-content/uploads/WPL/25/403.php?loknya=%2Fhomepages%2F5%2Fd4299379478%2Fmanaged HTTP/1.1" 200 5280 avgrupoinmobiliario.com "-" "Mozilla/5.0 AppleWebKit/537.36 (KHTML, like Gecko; compatible; ClaudeBot/1.0; +claudebot@anthropic.com)" "-"
216.73.216.0 - - [23/Jul/2026:02:28:59 +0200] "GET /wp-content/uploads/WPL/25/403.php?loknya=%2Fhomepages%2F5%2Fd4299383050%2Fmanaged HTTP/1.1" 200 5280 avgrupoinmobiliario.com "-" "Mozilla/5.0 AppleWebKit/537.36 (KHTML, like Gecko; compatible; ClaudeBot/1.0; +claudebot@anthropic.com)" "-"
216.73.216.0 - - [23/Jul/2026:02:29:04 +0200] "GET /wp-content/uploads/WPL/25/403.php?loknya=%2Fhomepages%2F5%2Fd4299360866%2Fmanaged HTTP/1.1" 200 5280 avgrupoinmobiliario.com "-" "Mozilla/5.0 AppleWebKit/537.36 (KHTML, like Gecko; compatible; ClaudeBot/1.0; +claudebot@anthropic.com)" "-"
216.73.216.0 - - [23/Jul/2026:02:29:10 +0200] "GET /wp-content/uploads/WPL/25/403.php?loknya=%2Fhomepages%2F5%2Fd4299116466%2F.lnk HTTP/1.1" 200 5268 avgrupoinmobiliario.com "-" "Mozilla/5.0 AppleWebKit/537.36 (KHTML, like Gecko; compatible; ClaudeBot/1.0; +claudebot@anthropic.com)" "-"
216.73.216.0 - - [23/Jul/2026:02:29:15 +0200] "GET /wp-content/uploads/WPL/25/403.php?loknya=%2Fhomepages%2F5%2Fd4299384977%2F.lnk HTTP/1.1" 200 5268 avgrupoinmobiliario.com "-" "Mozilla/5.0 AppleWebKit/537.36 (KHTML, like Gecko; compatible; ClaudeBot/1.0; +claudebot@anthropic.com)" "-"
216.73.216.0 - - [23/Jul/2026:02:29:20 +0200] "GET /wp-content/uploads/WPL/25/403.php?loknya=%2Fhomepages%2F5%2Fd4299396351%2F.lnk HTTP/1.1" 200 5268 avgrupoinmobiliario.com "-" "Mozilla/5.0 AppleWebKit/537.36 (KHTML, like Gecko; compatible; ClaudeBot/1.0; +claudebot@anthropic.com)" "-"
216.73.216.0 - - [23/Jul/2026:02:29:28 +0200] "GET /wp-content/uploads/WPL/25/403.php?loknya=%2Fhomepages%2F5%2Fd4299383050%2F.lnk HTTP/1.1" 200 5268 avgrupoinmobiliario.com "-" "Mozilla/5.0 AppleWebKit/537.36 (KHTML, like Gecko; compatible; ClaudeBot/1.0; +claudebot@anthropic.com)" "-"
216.73.216.0 - - [23/Jul/2026:02:29:31 +0200] "GET /wp-content/uploads/WPL/25/403.php?loknya=%2Fhomepages%2F5%2Fd4299233919%2Fmanaged HTTP/1.1" 200 5280 avgrupoinmobiliario.com "-" "Mozilla/5.0 AppleWebKit/537.36 (KHTML, like Gecko; compatible; ClaudeBot/1.0; +claudebot@anthropic.com)" "-"
216.73.216.0 - - [23/Jul/2026:02:29:36 +0200] "GET /wp-content/uploads/WPL/25/403.php?loknya=%2Fhomepages%2F5%2Fd4299252766%2Fmanaged HTTP/1.1" 200 5280 avgrupoinmobiliario.com "-" "Mozilla/5.0 AppleWebKit/537.36 (KHTML, like Gecko; compatible; ClaudeBot/1.0; +claudebot@anthropic.com)" "-"
216.73.216.0 - - [23/Jul/2026:02:29:41 +0200] "GET /wp-content/uploads/WPL/25/403.php?loknya=%2Fhomepages%2F5%2Fd4299095128%2Fmanaged HTTP/1.1" 200 5280 avgrupoinmobiliario.com "-" "Mozilla/5.0 AppleWebKit/537.36 (KHTML, like Gecko; compatible; ClaudeBot/1.0; +claudebot@anthropic.com)" "-"
216.73.216.0 - - [23/Jul/2026:02:29:51 +0200] "GET /wp-content/uploads/WPL/25/403.php?loknya=%2Fhomepages%2F5%2Fd4299194345%2F.lnk HTTP/1.1" 200 5268 avgrupoinmobiliario.com "-" "Mozilla/5.0 AppleWebKit/537.36 (KHTML, like Gecko; compatible; ClaudeBot/1.0; +claudebot@anthropic.com)" "-"
74.7.243.0 - - [23/Jul/2026:02:29:51 +0200] "GET /wp-content/uploads/WPL/22/hrx.php?fileloc=//proc/thread-self/root/lib/locale/es_UY.utf8/LC_COLLATE&path=//proc/thread-self/root/lib/locale/es_UY.utf8 HTTP/1.1" 200 3086888 avgrupoinmobiliario.com "https://avgrupoinmobiliario.com/wp-content/uploads/WPL/22/hrx.php?path=//proc/thread-self/root/lib/locale/es_UY.utf8" "Mozilla/5.0 AppleWebKit/537.36 (KHTML, like Gecko; compatible; GPTBot/1.4; +https://openai.com/gptbot)" "-"
216.73.216.0 - - [23/Jul/2026:02:29:56 +0200] "GET /wp-content/uploads/WPL/25/403.php?loknya=%2Fhomepages%2F5%2Fd4299360866%2F.lnk HTTP/1.1" 200 5268 avgrupoinmobiliario.com "-" "Mozilla/5.0 AppleWebKit/537.36 (KHTML, like Gecko; compatible; ClaudeBot/1.0; +claudebot@anthropic.com)" "-"
216.73.216.0 - - [23/Jul/2026:02:30:01 +0200] "GET /wp-content/uploads/WPL/25/403.php?loknya=%2Fhomepages%2F5%2Fd4299399829%2F.lnk HTTP/1.1" 429 267 avgrupoinmobiliario.com "-" "Mozilla/5.0 AppleWebKit/537.36 (KHTML, like Gecko; compatible; ClaudeBot/1.0; +claudebot@anthropic.com)" "-"
216.73.216.0 - - [23/Jul/2026:02:30:22 +0200] "GET /wp-content/uploads/WPL/25/403.php?loknya=%2Fhomepages%2F5%2Fd4299415762%2F.lnk HTTP/1.1" 429 267 avgrupoinmobiliario.com "-" "Mozilla/5.0 AppleWebKit/537.36 (KHTML, like Gecko; compatible; ClaudeBot/1.0; +claudebot@anthropic.com)" "-"
216.73.216.0 - - [23/Jul/2026:02:30:27 +0200] "GET /wp-content/uploads/WPL/25/403.php?loknya=%2Fhomepages%2F5%2Fd4299127558%2F.lnk HTTP/1.1" 429 267 avgrupoinmobiliario.com "-" "Mozilla/5.0 AppleWebKit/537.36 (KHTML, like Gecko; compatible; ClaudeBot/1.0; +claudebot@anthropic.com)" "-"
216.73.216.0 - - [23/Jul/2026:02:30:32 +0200] "GET /wp-content/uploads/WPL/25/403.php?loknya=%2Fhomepages%2F5%2Fd4299296617%2F.lnk HTTP/1.1" 429 267 avgrupoinmobiliario.com "-" "Mozilla/5.0 AppleWebKit/537.36 (KHTML, like Gecko; compatible; ClaudeBot/1.0; +claudebot@anthropic.com)" "-"
216.73.216.0 - - [23/Jul/2026:02:30:37 +0200] "GET /wp-content/uploads/WPL/25/403.php?loknya=%2Fhomepages%2F5%2Fd4299379478%2F.lnk HTTP/1.1" 429 267 avgrupoinmobiliario.com "-" "Mozilla/5.0 AppleWebKit/537.36 (KHTML, like Gecko; compatible; ClaudeBot/1.0; +claudebot@anthropic.com)" "-"
2a03:2880:f800:: - - [23/Jul/2026:02:30:42 +0200] "GET /wp-content/uploads/WPL/25/403.php?loknya=/homepages/30/d4299036450/managed HTTP/1.1" 200 5292 avgrupoinmobiliario.com "-" "Mozilla/5.0 (Windows NT 10.0; Win64; x64) AppleWebKit/537.36 (KHTML, like Gecko) Chrome/145.0.0.0 Safari/537.36 (compatible; meta-externalagent/1.1 (+https://developers.facebook.com/docs/sharing/webmasters/crawler))" "-"
216.73.216.0 - - [23/Jul/2026:02:30:46 +0200] "GET /wp-content/uploads/WPL/25/403.php?loknya=%2Fhomepages%2F5%2Fd4299252766%2F.lnk HTTP/1.1" 429 267 avgrupoinmobiliario.com "-" "Mozilla/5.0 AppleWebKit/537.36 (KHTML, like Gecko; compatible; ClaudeBot/1.0; +claudebot@anthropic.com)" "-"
74.7.243.0 - - [23/Jul/2026:02:30:48 +0200] "GET /wp-content/uploads/WPL/22/hrx.php?fileloc=//proc/thread-self/root/lib/locale/nl_BE.utf8/LC_COLLATE&path=//proc/thread-self/root/lib/locale/nl_BE.utf8 HTTP/1.1" 429 267 avgrupoinmobiliario.com "https://avgrupoinmobiliario.com/wp-content/uploads/WPL/22/hrx.php?path=//proc/thread-self/root/lib/locale/nl_BE.utf8" "Mozilla/5.0 AppleWebKit/537.36 (KHTML, like Gecko; compatible; GPTBot/1.4; +https://openai.com/gptbot)" "-"
216.73.216.0 - - [23/Jul/2026:02:30:49 +0200] "GET /wp-content/uploads/WPL/21/hrx.php?fileloc=%2Fhomepages%2F26%2Fd4299238405%2Fdistributor.lock&path=%2Fhomepages%2F26%2Fd4299238405 HTTP/1.1" 429 267 avgrupoinmobiliario.com "-" "Mozilla/5.0 AppleWebKit/537.36 (KHTML, like Gecko; compatible; ClaudeBot/1.0; +claudebot@anthropic.com)" "-"
216.73.216.0 - - [23/Jul/2026:02:30:54 +0200] "GET /wp-content/uploads/WPL/21/hrx.php?fileloc=%2Fhomepages%2F25%2Fd4299384856%2Fdistributor.lock&path=%2Fhomepages%2F25%2Fd4299384856 HTTP/1.1" 429 267 avgrupoinmobiliario.com "-" "Mozilla/5.0 AppleWebKit/537.36 (KHTML, like Gecko; compatible; ClaudeBot/1.0; +claudebot@anthropic.com)" "-"
216.73.216.0 - - [23/Jul/2026:02:30:59 +0200] "GET /wp-content/uploads/WPL/21/hrx.php?fileloc=%2Fhomepages%2F12%2Fd4299296718%2Fdistributor.lock&path=%2Fhomepages%2F12%2Fd4299296718 HTTP/1.1" 429 267 avgrupoinmobiliario.com "-" "Mozilla/5.0 AppleWebKit/537.36 (KHTML, like Gecko; compatible; ClaudeBot/1.0; +claudebot@anthropic.com)" "-"
216.73.216.0 - - [23/Jul/2026:02:31:04 +0200] "GET /wp-content/uploads/WPL/21/hrx.php?fileloc=%2Fhomepages%2F10%2Fd4299201212%2Flast_traffic&path=%2Fhomepages%2F10%2Fd4299201212 HTTP/1.1" 200 4621 avgrupoinmobiliario.com "-" "Mozilla/5.0 AppleWebKit/537.36 (KHTML, like Gecko; compatible; ClaudeBot/1.0; +claudebot@anthropic.com)" "-"
216.73.216.0 - - [23/Jul/2026:02:31:10 +0200] "GET /wp-content/uploads/WPL/25/403.php?lokasie=%2Fhomepages%2F5%2Fd4299127558%2Fdistributor.lock&loknya=%2Fhomepages%2F5%2Fd4299127558 HTTP/1.1" 200 4100 avgrupoinmobiliario.com "-" "Mozilla/5.0 AppleWebKit/537.36 (KHTML, like Gecko; compatible; ClaudeBot/1.0; +claudebot@anthropic.com)" "-"
216.73.216.0 - - [23/Jul/2026:02:31:15 +0200] "GET /wp-content/uploads/WPL/25/403.php?loknya=%2Fhomepages%2F5%2Fd4299233919%2F.lnk HTTP/1.1" 200 5268 avgrupoinmobiliario.com "-" "Mozilla/5.0 AppleWebKit/537.36 (KHTML, like Gecko; compatible; ClaudeBot/1.0; +claudebot@anthropic.com)" "-"
216.73.216.0 - - [23/Jul/2026:02:31:19 +0200] "GET /wp-content/uploads/WPL/25/403.php?loknya=%2Fhomepages%2F5%2Fd4299095128%2F.lnk HTTP/1.1" 200 5268 avgrupoinmobiliario.com "-" "Mozilla/5.0 AppleWebKit/537.36 (KHTML, like Gecko; compatible; ClaudeBot/1.0; +claudebot@anthropic.com)" "-"
216.73.216.0 - - [23/Jul/2026:02:31:27 +0200] "GET /wp-content/uploads/WPL/25/403.php?lokasie=%2Fhomepages%2F5%2Fd4299296617%2Fdistributor.lock&loknya=%2Fhomepages%2F5%2Fd4299296617 HTTP/1.1" 200 4100 avgrupoinmobiliario.com "-" "Mozilla/5.0 AppleWebKit/537.36 (KHTML, like Gecko; compatible; ClaudeBot/1.0; +claudebot@anthropic.com)" "-"
216.73.216.0 - - [23/Jul/2026:02:31:32 +0200] "GET /wp-content/uploads/WPL/25/403.php?lokasie=%2Fhomepages%2F5%2Fd4299194345%2Fdistributor.lock&loknya=%2Fhomepages%2F5%2Fd4299194345 HTTP/1.1" 200 4100 avgrupoinmobiliario.com "-" "Mozilla/5.0 AppleWebKit/537.36 (KHTML, like Gecko; compatible; ClaudeBot/1.0; +claudebot@anthropic.com)" "-"
216.73.216.0 - - [23/Jul/2026:02:31:37 +0200] "GET /wp-content/uploads/WPL/25/403.php?lokasie=%2Fhomepages%2F5%2Fd4299384977%2Fdistributor.lock&loknya=%2Fhomepages%2F5%2Fd4299384977 HTTP/1.1" 200 4100 avgrupoinmobiliario.com "-" "Mozilla/5.0 AppleWebKit/537.36 (KHTML, like Gecko; compatible; ClaudeBot/1.0; +claudebot@anthropic.com)" "-"
74.7.243.0 - - [23/Jul/2026:02:31:39 +0200] "GET /wp-content/uploads/WPL/22/hrx.php?fileloc=//proc/thread-self/root/lib/locale/el_CY.utf8/LC_CTYPE&path=//proc/thread-self/root/lib/locale/el_CY.utf8 HTTP/1.1" 200 447112 avgrupoinmobiliario.com "https://avgrupoinmobiliario.com/wp-content/uploads/WPL/22/hrx.php?path=//proc/thread-self/root/lib/locale/el_CY.utf8" "Mozilla/5.0 AppleWebKit/537.36 (KHTML, like Gecko; compatible; GPTBot/1.4; +https://openai.com/gptbot)" "-"
216.73.216.0 - - [23/Jul/2026:02:32:02 +0200] "GET /wp-content/uploads/WPL/25/403.php?lokasie=%2Fhomepages%2F5%2Fd4299146452%2Fdistributor.lock&loknya=%2Fhomepages%2F5%2Fd4299146452 HTTP/1.1" 200 4100 avgrupoinmobiliario.com "-" "Mozilla/5.0 AppleWebKit/537.36 (KHTML, like Gecko; compatible; ClaudeBot/1.0; +claudebot@anthropic.com)" "-"
216.73.216.0 - - [23/Jul/2026:02:32:07 +0200] "GET /wp-content/uploads/WPL/21/hrx.php?fileloc=%2Fhomepages%2F26%2Fd4299238405%2Flast_traffic&path=%2Fhomepages%2F26%2Fd4299238405 HTTP/1.1" 200 4621 avgrupoinmobiliario.com "-" "Mozilla/5.0 AppleWebKit/537.36 (KHTML, like Gecko; compatible; ClaudeBot/1.0; +claudebot@anthropic.com)" "-"
216.73.216.0 - - [23/Jul/2026:02:32:14 +0200] "GET /wp-content/uploads/WPL/21/hrx.php?fileloc=%2Fhomepages%2F25%2Fd4299384856%2Flast_traffic&path=%2Fhomepages%2F25%2Fd4299384856 HTTP/1.1" 200 4621 avgrupoinmobiliario.com "-" "Mozilla/5.0 AppleWebKit/537.36 (KHTML, like Gecko; compatible; ClaudeBot/1.0; +claudebot@anthropic.com)" "-"
216.73.216.0 - - [23/Jul/2026:02:32:18 +0200] "GET /wp-content/uploads/WPL/21/hrx.php?fileloc=%2Fhomepages%2F12%2Fd4299296718%2Flast_traffic&path=%2Fhomepages%2F12%2Fd4299296718 HTTP/1.1" 200 4621 avgrupoinmobiliario.com "-" "Mozilla/5.0 AppleWebKit/537.36 (KHTML, like Gecko; compatible; ClaudeBot/1.0; +claudebot@anthropic.com)" "-"
216.73.216.0 - - [23/Jul/2026:02:32:24 +0200] "GET /wp-content/uploads/WPL/25/403.php?lokasie=%2Fhomepages%2F5%2Fd4299095128%2Fdistributor.lock&loknya=%2Fhomepages%2F5%2Fd4299095128 HTTP/1.1" 200 4100 avgrupoinmobiliario.com "-" "Mozilla/5.0 AppleWebKit/537.36 (KHTML, like Gecko; compatible; ClaudeBot/1.0; +claudebot@anthropic.com)" "-"
216.73.216.0 - - [23/Jul/2026:02:32:29 +0200] "GET /wp-content/uploads/WPL/25/403.php?lokasie=%2Fhomepages%2F5%2Fd4299396351%2Fdistributor.lock&loknya=%2Fhomepages%2F5%2Fd4299396351 HTTP/1.1" 200 4100 avgrupoinmobiliario.com "-" "Mozilla/5.0 AppleWebKit/537.36 (KHTML, like Gecko; compatible; ClaudeBot/1.0; +claudebot@anthropic.com)" "-"
216.73.216.0 - - [23/Jul/2026:02:32:34 +0200] "GET /wp-content/uploads/WPL/25/403.php?lokasie=%2Fhomepages%2F5%2Fd4299360866%2Fdistributor.lock&loknya=%2Fhomepages%2F5%2Fd4299360866 HTTP/1.1" 200 4100 avgrupoinmobiliario.com "-" "Mozilla/5.0 AppleWebKit/537.36 (KHTML, like Gecko; compatible; ClaudeBot/1.0; +claudebot@anthropic.com)" "-"
216.73.216.0 - - [23/Jul/2026:02:32:39 +0200] "GET /wp-content/uploads/WPL/25/403.php?lokasie=%2Fhomepages%2F5%2Fd4299399829%2Fdistributor.lock&loknya=%2Fhomepages%2F5%2Fd4299399829 HTTP/1.1" 200 4100 avgrupoinmobiliario.com "-" "Mozilla/5.0 AppleWebKit/537.36 (KHTML, like Gecko; compatible; ClaudeBot/1.0; +claudebot@anthropic.com)" "-"
74.7.243.0 - - [23/Jul/2026:02:32:39 +0200] "GET /wp-content/uploads/WPL/22/hrx.php?fileloc=//proc/thread-self/root/lib/locale/tr_TR.utf8/LC_PAPER&path=//proc/thread-self/root/lib/locale/tr_TR.utf8 HTTP/1.1" 200 4860 avgrupoinmobiliario.com "https://avgrupoinmobiliario.com/wp-content/uploads/WPL/22/hrx.php?path=//proc/thread-self/root/lib/locale/tr_TR.utf8" "Mozilla/5.0 AppleWebKit/537.36 (KHTML, like Gecko; compatible; GPTBot/1.4; +https://openai.com/gptbot)" "-"
216.73.216.0 - - [23/Jul/2026:02:32:51 +0200] "GET /wp-content/uploads/WPL/25/403.php?lokasie=%2Fhomepages%2F5%2Fd4299233919%2Fdistributor.lock&loknya=%2Fhomepages%2F5%2Fd4299233919 HTTP/1.1" 200 4100 avgrupoinmobiliario.com "-" "Mozilla/5.0 AppleWebKit/537.36 (KHTML, like Gecko; compatible; ClaudeBot/1.0; +claudebot@anthropic.com)" "-"
216.73.216.0 - - [23/Jul/2026:02:32:56 +0200] "GET /wp-content/uploads/WPL/25/403.php?lokasie=%2Fhomepages%2F5%2Fd4299116466%2Fdistributor.lock&loknya=%2Fhomepages%2F5%2Fd4299116466 HTTP/1.1" 200 4100 avgrupoinmobiliario.com "-" "Mozilla/5.0 AppleWebKit/537.36 (KHTML, like Gecko; compatible; ClaudeBot/1.0; +claudebot@anthropic.com)" "-"
216.73.216.0 - - [23/Jul/2026:02:33:01 +0200] "GET /wp-content/uploads/WPL/25/403.php?lokasie=%2Fhomepages%2F5%2Fd4299383050%2Fdistributor.lock&loknya=%2Fhomepages%2F5%2Fd4299383050 HTTP/1.1" 200 4100 avgrupoinmobiliario.com "-" "Mozilla/5.0 AppleWebKit/537.36 (KHTML, like Gecko; compatible; ClaudeBot/1.0; +claudebot@anthropic.com)" "-"
216.73.216.0 - - [23/Jul/2026:02:33:06 +0200] "GET /wp-content/uploads/WPL/25/403.php?lokasie=%2Fhomepages%2F5%2Fd4299379478%2Fdistributor.lock&loknya=%2Fhomepages%2F5%2Fd4299379478 HTTP/1.1" 429 267 avgrupoinmobiliario.com "-" "Mozilla/5.0 AppleWebKit/537.36 (KHTML, like Gecko; compatible; ClaudeBot/1.0; +claudebot@anthropic.com)" "-"
216.73.216.0 - - [23/Jul/2026:02:33:18 +0200] "GET /wp-content/uploads/WPL/25/403.php?lokasie=%2Fhomepages%2F5%2Fd4299146452%2Flast_traffic&loknya=%2Fhomepages%2F5%2Fd4299146452 HTTP/1.1" 429 267 avgrupoinmobiliario.com "-" "Mozilla/5.0 AppleWebKit/537.36 (KHTML, like Gecko; compatible; ClaudeBot/1.0; +claudebot@anthropic.com)" "-"
216.73.216.0 - - [23/Jul/2026:02:33:23 +0200] "GET /wp-content/uploads/WPL/25/403.php?lokasie=%2Fhomepages%2F5%2Fd4299252766%2Fdistributor.lock&loknya=%2Fhomepages%2F5%2Fd4299252766 HTTP/1.1" 429 267 avgrupoinmobiliario.com "-" "Mozilla/5.0 AppleWebKit/537.36 (KHTML, like Gecko; compatible; ClaudeBot/1.0; +claudebot@anthropic.com)" "-"
216.73.216.0 - - [23/Jul/2026:02:33:28 +0200] "GET /wp-content/uploads/WPL/25/403.php?lokasie=%2Fhomepages%2F5%2Fd4299415762%2Fdistributor.lock&loknya=%2Fhomepages%2F5%2Fd4299415762 HTTP/1.1" 429 267 avgrupoinmobiliario.com "-" "Mozilla/5.0 AppleWebKit/537.36 (KHTML, like Gecko; compatible; ClaudeBot/1.0; +claudebot@anthropic.com)" "-"
216.73.216.0 - - [23/Jul/2026:02:33:33 +0200] "GET /wp-content/uploads/WPL/25/403.php?lokasie=%2Fhomepages%2F5%2Fd4299095880%2Fdistributor.lock&loknya=%2Fhomepages%2F5%2Fd4299095880 HTTP/1.1" 429 267 avgrupoinmobiliario.com "-" "Mozilla/5.0 AppleWebKit/537.36 (KHTML, like Gecko; compatible; ClaudeBot/1.0; +claudebot@anthropic.com)" "-"
74.7.243.0 - - [23/Jul/2026:02:33:34 +0200] "GET /wp-content/uploads/WPL/22/hrx.php?fileloc=//proc/thread-self/root/lib/locale/el_CY.utf8/LC_TELEPHONE&path=//proc/thread-self/root/lib/locale/el_CY.utf8 HTTP/1.1" 429 267 avgrupoinmobiliario.com "https://avgrupoinmobiliario.com/wp-content/uploads/WPL/22/hrx.php?path=//proc/thread-self/root/lib/locale/el_CY.utf8" "Mozilla/5.0 AppleWebKit/537.36 (KHTML, like Gecko; compatible; GPTBot/1.4; +https://openai.com/gptbot)" "-"
216.73.216.0 - - [23/Jul/2026:02:33:39 +0200] "GET /wp-content/uploads/WPL/25/403.php?lokasie=%2Fhomepages%2F5%2Fd4299127558%2Flast_traffic&loknya=%2Fhomepages%2F5%2Fd4299127558 HTTP/1.1" 429 267 avgrupoinmobiliario.com "-" "Mozilla/5.0 AppleWebKit/537.36 (KHTML, like Gecko; compatible; ClaudeBot/1.0; +claudebot@anthropic.com)" "-"
216.73.216.0 - - [23/Jul/2026:02:33:44 +0200] "GET /wp-content/uploads/WPL/25/403.php?lokasie=%2Fhomepages%2F5%2Fd4299396351%2Flast_traffic&loknya=%2Fhomepages%2F5%2Fd4299396351 HTTP/1.1" 429 267 avgrupoinmobiliario.com "-" "Mozilla/5.0 AppleWebKit/537.36 (KHTML, like Gecko; compatible; ClaudeBot/1.0; +claudebot@anthropic.com)" "-"
216.73.216.0 - - [23/Jul/2026:02:33:48 +0200] "GET /wp-content/uploads/WPL/25/403.php?lokasie=%2Fhomepages%2F5%2Fd4299095128%2Flast_traffic&loknya=%2Fhomepages%2F5%2Fd4299095128 HTTP/1.1" 429 267 avgrupoinmobiliario.com "-" "Mozilla/5.0 AppleWebKit/537.36 (KHTML, like Gecko; compatible; ClaudeBot/1.0; +claudebot@anthropic.com)" "-"
216.73.216.0 - - [23/Jul/2026:02:33:53 +0200] "GET /wp-content/uploads/WPL/25/403.php?lokasie=%2Fhomepages%2F5%2Fd4299360866%2Flast_traffic&loknya=%2Fhomepages%2F5%2Fd4299360866 HTTP/1.1" 429 267 avgrupoinmobiliario.com "-" "Mozilla/5.0 AppleWebKit/537.36 (KHTML, like Gecko; compatible; ClaudeBot/1.0; +claudebot@anthropic.com)" "-"
216.73.216.0 - - [23/Jul/2026:02:33:58 +0200] "GET /wp-content/uploads/WPL/25/403.php?lokasie=%2Fhomepages%2F5%2Fd4299399829%2Flast_traffic&loknya=%2Fhomepages%2F5%2Fd4299399829 HTTP/1.1" 429 267 avgrupoinmobiliario.com "-" "Mozilla/5.0 AppleWebKit/537.36 (KHTML, like Gecko; compatible; ClaudeBot/1.0; +claudebot@anthropic.com)" "-"
216.73.216.0 - - [23/Jul/2026:02:34:05 +0200] "GET /wp-content/uploads/WPL/25/403.php?lokasie=%2Fhomepages%2F5%2Fd4299116466%2Flast_traffic&loknya=%2Fhomepages%2F5%2Fd4299116466 HTTP/1.1" 429 267 avgrupoinmobiliario.com "-" "Mozilla/5.0 AppleWebKit/537.36 (KHTML, like Gecko; compatible; ClaudeBot/1.0; +claudebot@anthropic.com)" "-"
216.73.216.0 - - [23/Jul/2026:02:34:09 +0200] "GET /wp-content/uploads/WPL/25/403.php?lokasie=%2Fhomepages%2F5%2Fd4299233919%2Flast_traffic&loknya=%2Fhomepages%2F5%2Fd4299233919 HTTP/1.1" 200 4096 avgrupoinmobiliario.com "-" "Mozilla/5.0 AppleWebKit/537.36 (KHTML, like Gecko; compatible; ClaudeBot/1.0; +claudebot@anthropic.com)" "-"
216.73.216.0 - - [23/Jul/2026:02:34:14 +0200] "GET /wp-content/uploads/WPL/25/403.php?lokasie=%2Fhomepages%2F5%2Fd4299379478%2Flast_traffic&loknya=%2Fhomepages%2F5%2Fd4299379478 HTTP/1.1" 200 4096 avgrupoinmobiliario.com "-" "Mozilla/5.0 AppleWebKit/537.36 (KHTML, like Gecko; compatible; ClaudeBot/1.0; +claudebot@anthropic.com)" "-"
216.73.216.0 - - [23/Jul/2026:02:34:19 +0200] "GET /wp-content/uploads/WPL/25/403.php?lokasie=%2Fhomepages%2F5%2Fd4299383050%2Flast_traffic&loknya=%2Fhomepages%2F5%2Fd4299383050 HTTP/1.1" 200 4096 avgrupoinmobiliario.com "-" "Mozilla/5.0 AppleWebKit/537.36 (KHTML, like Gecko; compatible; ClaudeBot/1.0; +claudebot@anthropic.com)" "-"
74.7.243.0 - - [23/Jul/2026:02:34:25 +0200] "GET /wp-content/uploads/WPL/22/hrx.php?fileloc=//proc/thread-self/root/lib/locale/en_CA.utf8/LC_ADDRESS&path=//proc/thread-self/root/lib/locale/en_CA.utf8 HTTP/1.1" 200 4987 avgrupoinmobiliario.com "https://avgrupoinmobiliario.com/wp-content/uploads/WPL/22/hrx.php?path=//proc/thread-self/root/lib/locale/en_CA.utf8" "Mozilla/5.0 AppleWebKit/537.36 (KHTML, like Gecko; compatible; GPTBot/1.4; +https://openai.com/gptbot)" "-"
147.50.252.0 - - [23/Jul/2026:02:34:26 +0200] "GET /wp-login.php HTTP/1.1" 200 14160 avgrupoinmobiliario.com "-" "Mozilla/5.0 (Windows NT 10.0; Win64; x64) AppleWebKit/537.36 (KHTML, like Gecko) Chrome/150.0.0.0 Safari/537.36" "-"
147.50.252.0 - - [23/Jul/2026:02:34:38 +0200] "POST /wp-login.php HTTP/1.1" 200 14598 avgrupoinmobiliario.com "https://avgrupoinmobiliario.com/wp-login.php" "Mozilla/5.0 (Windows NT 10.0; Win64; x64) AppleWebKit/537.36 (KHTML, like Gecko) Chrome/150.0.0.0 Safari/537.36" "-"
216.73.216.0 - - [23/Jul/2026:02:35:03 +0200] "GET /wp-content/uploads/WPL/25/403.php?lokasie=%2Fhomepages%2F5%2Fd4299252766%2Flast_traffic&loknya=%2Fhomepages%2F5%2Fd4299252766 HTTP/1.1" 200 4096 avgrupoinmobiliario.com "-" "Mozilla/5.0 AppleWebKit/537.36 (KHTML, like Gecko; compatible; ClaudeBot/1.0; +claudebot@anthropic.com)" "-"
216.73.216.0 - - [23/Jul/2026:02:35:08 +0200] "GET /wp-content/uploads/WPL/25/403.php?lokasie=%2Fhomepages%2F5%2Fd4299415762%2Flast_traffic&loknya=%2Fhomepages%2F5%2Fd4299415762 HTTP/1.1" 200 4096 avgrupoinmobiliario.com "-" "Mozilla/5.0 AppleWebKit/537.36 (KHTML, like Gecko; compatible; ClaudeBot/1.0; +claudebot@anthropic.com)" "-"
216.73.216.0 - - [23/Jul/2026:02:35:13 +0200] "GET /wp-content/uploads/WPL/25/403.php?lokasie=%2Fhomepages%2F5%2Fd4299095880%2Flast_traffic&loknya=%2Fhomepages%2F5%2Fd4299095880 HTTP/1.1" 200 4096 avgrupoinmobiliario.com "-" "Mozilla/5.0 AppleWebKit/537.36 (KHTML, like Gecko; compatible; ClaudeBot/1.0; +claudebot@anthropic.com)" "-"
74.7.243.0 - - [23/Jul/2026:02:35:27 +0200] "GET /wp-content/uploads/WPL/22/hrx.php?fileloc=//proc/thread-self/root/lib/locale/zh_TW.utf8/LC_NAME&path=//proc/thread-self/root/lib/locale/zh_TW.utf8 HTTP/1.1" 200 4908 avgrupoinmobiliario.com "https://avgrupoinmobiliario.com/wp-content/uploads/WPL/22/hrx.php?path=//proc/thread-self/root/lib/locale/zh_TW.utf8" "Mozilla/5.0 AppleWebKit/537.36 (KHTML, like Gecko; compatible; GPTBot/1.4; +https://openai.com/gptbot)" "-"
2a03:2880:f800:: - - [23/Jul/2026:02:35:54 +0200] "GET /wp-content/uploads/WPL/25/403.php?lokasie=/usr/include/linux/mei.h&loknya=/usr/include/linux HTTP/1.1" 200 7600 avgrupoinmobiliario.com "-" "Mozilla/5.0 (Windows NT 10.0; Win64; x64) AppleWebKit/537.36 (KHTML, like Gecko) Chrome/145.0.0.0 Safari/537.36 (compatible; meta-externalagent/1.1 (+https://developers.facebook.com/docs/sharing/webmasters/crawler))" "-"
2a03:2880:f800:: - - [23/Jul/2026:02:35:54 +0200] "GET /wp-content/uploads/WPL/25/403.php?lokasie=/usr/include/linux/virtio_vsock.h&loknya=/usr/include/linux HTTP/1.1" 200 7205 avgrupoinmobiliario.com "-" "Mozilla/5.0 (Windows NT 10.0; Win64; x64) AppleWebKit/537.36 (KHTML, like Gecko) Chrome/145.0.0.0 Safari/537.36 (compatible; meta-externalagent/1.1 (+https://developers.facebook.com/docs/sharing/webmasters/crawler))" "-"
2a03:2880:f800:: - - [23/Jul/2026:02:35:55 +0200] "GET /wp-content/uploads/WPL/25/403.php?lokasie=/usr/include/linux/in6.h&loknya=/usr/include/linux HTTP/1.1" 200 11637 avgrupoinmobiliario.com "-" "Mozilla/5.0 (Macintosh; Intel Mac OS X 10_15_7) AppleWebKit/537.36 (KHTML, like Gecko) Chrome/145.0.0.0 Safari/537.36 (compatible; meta-externalagent/1.1 (+https://developers.facebook.com/docs/sharing/webmasters/crawler))" "-"
74.7.243.0 - - [23/Jul/2026:02:36:23 +0200] "GET /wp-content/uploads/WPL/22/hrx.php?fileloc=//proc/thread-self/root/lib/locale/el_CY.utf8/LC_NAME&path=//proc/thread-self/root/lib/locale/el_CY.utf8 HTTP/1.1" 200 4885 avgrupoinmobiliario.com "https://avgrupoinmobiliario.com/wp-content/uploads/WPL/22/hrx.php?path=//proc/thread-self/root/lib/locale/el_CY.utf8" "Mozilla/5.0 AppleWebKit/537.36 (KHTML, like Gecko; compatible; GPTBot/1.4; +https://openai.com/gptbot)" "-"
74.7.243.0 - - [23/Jul/2026:02:37:16 +0200] "GET /wp-content/uploads/WPL/22/hrx.php?fileloc=//proc/thread-self/root/lib/locale/es_UY.utf8/LC_NAME&path=//proc/thread-self/root/lib/locale/es_UY.utf8 HTTP/1.1" 200 4885 avgrupoinmobiliario.com "https://avgrupoinmobiliario.com/wp-content/uploads/WPL/22/hrx.php?path=//proc/thread-self/root/lib/locale/es_UY.utf8" "Mozilla/5.0 AppleWebKit/537.36 (KHTML, like Gecko; compatible; GPTBot/1.4; +https://openai.com/gptbot)" "-"
74.7.243.0 - - [23/Jul/2026:02:38:00 +0200] "GET /wp-content/uploads/WPL/22/hrx.php?fileloc=//proc/thread-self/root/lib/locale/en_CA.utf8/LC_NAME&path=//proc/thread-self/root/lib/locale/en_CA.utf8 HTTP/1.1" 200 4885 avgrupoinmobiliario.com "https://avgrupoinmobiliario.com/wp-content/uploads/WPL/22/hrx.php?path=//proc/thread-self/root/lib/locale/en_CA.utf8" "Mozilla/5.0 AppleWebKit/537.36 (KHTML, like Gecko; compatible; GPTBot/1.4; +https://openai.com/gptbot)" "-"
2a06:98c0:3600:: - - [23/Jul/2026:02:38:26 +0200] "GET /wp-admin/install.php?step=1 HTTP/1.1" 301 287 avgrupoinmobiliario.com "-" "http://avgrupoinmobiliario.com/wp-admin/install.php?step=1" "-"
2a06:98c0:3600:: - - [23/Jul/2026:02:38:26 +0200] "GET /?step=1 HTTP/1.1" 200 173743 avgrupoinmobiliario.com "-" "http://avgrupoinmobiliario.com/wp-admin/install.php?step=1" "-"
74.7.243.0 - - [23/Jul/2026:02:38:42 +0200] "GET /wp-content/uploads/WPL/22/hrx.php?fileloc=//proc/thread-self/root/lib/locale/es_UY.utf8/LC_CTYPE&path=//proc/thread-self/root/lib/locale/es_UY.utf8 HTTP/1.1" 200 447112 avgrupoinmobiliario.com "https://avgrupoinmobiliario.com/wp-content/uploads/WPL/22/hrx.php?path=//proc/thread-self/root/lib/locale/es_UY.utf8" "Mozilla/5.0 AppleWebKit/537.36 (KHTML, like Gecko; compatible; GPTBot/1.4; +https://openai.com/gptbot)" "-"
74.7.243.0 - - [23/Jul/2026:02:39:19 +0200] "GET /wp-content/uploads/WPL/22/hrx.php?fileloc=//proc/thread-self/root/lib/locale/fr_CH.utf8/LC_NUMERIC&path=//proc/thread-self/root/lib/locale/fr_CH.utf8 HTTP/1.1" 200 4893 avgrupoinmobiliario.com "https://avgrupoinmobiliario.com/wp-content/uploads/WPL/22/hrx.php?path=//proc/thread-self/root/lib/locale/fr_CH.utf8" "Mozilla/5.0 AppleWebKit/537.36 (KHTML, like Gecko; compatible; GPTBot/1.4; +https://openai.com/gptbot)" "-"
74.7.243.0 - - [23/Jul/2026:02:39:54 +0200] "GET /wp-content/uploads/WPL/22/hrx.php?fileloc=//proc/thread-self/root/lib/locale/zh_TW.utf8/LC_PAPER&path=//proc/thread-self/root/lib/locale/zh_TW.utf8 HTTP/1.1" 200 4860 avgrupoinmobiliario.com "https://avgrupoinmobiliario.com/wp-content/uploads/WPL/22/hrx.php?path=//proc/thread-self/root/lib/locale/zh_TW.utf8" "Mozilla/5.0 AppleWebKit/537.36 (KHTML, like Gecko; compatible; GPTBot/1.4; +https://openai.com/gptbot)" "-"
74.7.243.0 - - [23/Jul/2026:02:40:26 +0200] "GET /wp-content/uploads/WPL/22/hrx.php?fileloc=//proc/thread-self/root/lib/locale/bs_BA.utf8/LC_CTYPE&path=//proc/thread-self/root/lib/locale/bs_BA.utf8 HTTP/1.1" 200 447112 avgrupoinmobiliario.com "https://avgrupoinmobiliario.com/wp-content/uploads/WPL/22/hrx.php?path=//proc/thread-self/root/lib/locale/bs_BA.utf8" "Mozilla/5.0 AppleWebKit/537.36 (KHTML, like Gecko; compatible; GPTBot/1.4; +https://openai.com/gptbot)" "-"
74.7.243.0 - - [23/Jul/2026:02:40:52 +0200] "GET /wp-content/uploads/WPL/22/hrx.php?fileloc=//proc/thread-self/root/lib/locale/en_CA.utf8/LC_PAPER&path=//proc/thread-self/root/lib/locale/en_CA.utf8 HTTP/1.1" 200 4860 avgrupoinmobiliario.com "https://avgrupoinmobiliario.com/wp-content/uploads/WPL/22/hrx.php?path=//proc/thread-self/root/lib/locale/en_CA.utf8" "Mozilla/5.0 AppleWebKit/537.36 (KHTML, like Gecko; compatible; GPTBot/1.4; +https://openai.com/gptbot)" "-"
74.7.243.0 - - [23/Jul/2026:02:41:16 +0200] "GET /wp-content/uploads/WPL/22/hrx.php?fileloc=//proc/thread-self/root/lib/locale/el_CY.utf8/LC_TIME&path=//proc/thread-self/root/lib/locale/el_CY.utf8 HTTP/1.1" 200 9645 avgrupoinmobiliario.com "https://avgrupoinmobiliario.com/wp-content/uploads/WPL/22/hrx.php?path=//proc/thread-self/root/lib/locale/el_CY.utf8" "Mozilla/5.0 AppleWebKit/537.36 (KHTML, like Gecko; compatible; GPTBot/1.4; +https://openai.com/gptbot)" "-"
74.7.243.0 - - [23/Jul/2026:02:41:39 +0200] "GET /wp-content/uploads/WPL/22/hrx.php?fileloc=//proc/thread-self/root/lib/locale/bs_BA.utf8/LC_IDENTIFICATION&path=//proc/thread-self/root/lib/locale/bs_BA.utf8 HTTP/1.1" 200 5214 avgrupoinmobiliario.com "https://avgrupoinmobiliario.com/wp-content/uploads/WPL/22/hrx.php?path=//proc/thread-self/root/lib/locale/bs_BA.utf8" "Mozilla/5.0 AppleWebKit/537.36 (KHTML, like Gecko; compatible; GPTBot/1.4; +https://openai.com/gptbot)" "-"
74.7.243.0 - - [23/Jul/2026:02:41:59 +0200] "GET /wp-content/uploads/WPL/22/hrx.php?fileloc=//proc/thread-self/root/lib/locale/es_UY.utf8/LC_TELEPHONE&path=//proc/thread-self/root/lib/locale/es_UY.utf8 HTTP/1.1" 200 4889 avgrupoinmobiliario.com "https://avgrupoinmobiliario.com/wp-content/uploads/WPL/22/hrx.php?path=//proc/thread-self/root/lib/locale/es_UY.utf8" "Mozilla/5.0 AppleWebKit/537.36 (KHTML, like Gecko; compatible; GPTBot/1.4; +https://openai.com/gptbot)" "-"
74.7.243.0 - - [23/Jul/2026:02:42:16 +0200] "GET /wp-content/uploads/WPL/22/hrx.php?fileloc=//proc/thread-self/root/lib/locale/zh_TW.utf8/LC_MEASUREMENT&path=//proc/thread-self/root/lib/locale/zh_TW.utf8 HTTP/1.1" 200 4853 avgrupoinmobiliario.com "https://avgrupoinmobiliario.com/wp-content/uploads/WPL/22/hrx.php?path=//proc/thread-self/root/lib/locale/zh_TW.utf8" "Mozilla/5.0 AppleWebKit/537.36 (KHTML, like Gecko; compatible; GPTBot/1.4; +https://openai.com/gptbot)" "-"
216.73.216.0 - - [23/Jul/2026:02:42:26 +0200] "GET /sitemap_index.xml HTTP/1.1" 429 267 avgrupoinmobiliario.com "-" "Mozilla/5.0 AppleWebKit/537.36 (KHTML, like Gecko; compatible; ClaudeBot/1.0; +claudebot@anthropic.com)" "-"
74.7.243.0 - - [23/Jul/2026:02:42:32 +0200] "GET /wp-content/uploads/WPL/22/hrx.php?fileloc=//proc/thread-self/root/lib/locale/ko_KR.utf8/LC_TELEPHONE&path=//proc/thread-self/root/lib/locale/ko_KR.utf8 HTTP/1.1" 429 267 avgrupoinmobiliario.com "https://avgrupoinmobiliario.com/wp-content/uploads/WPL/22/hrx.php?path=//proc/thread-self/root/lib/locale/ko_KR.utf8" "Mozilla/5.0 AppleWebKit/537.36 (KHTML, like Gecko; compatible; GPTBot/1.4; +https://openai.com/gptbot)" "-"
74.7.243.0 - - [23/Jul/2026:02:42:46 +0200] "GET /wp-content/uploads/WPL/22/hrx.php?fileloc=//proc/thread-self/root/lib/locale/nl_BE.utf8/LC_IDENTIFICATION&path=//proc/thread-self/root/lib/locale/nl_BE.utf8 HTTP/1.1" 429 267 avgrupoinmobiliario.com "https://avgrupoinmobiliario.com/wp-content/uploads/WPL/22/hrx.php?path=//proc/thread-self/root/lib/locale/nl_BE.utf8" "Mozilla/5.0 AppleWebKit/537.36 (KHTML, like Gecko; compatible; GPTBot/1.4; +https://openai.com/gptbot)" "-"
74.7.243.0 - - [23/Jul/2026:02:43:29 +0200] "GET /wp-content/uploads/WPL/22/hrx.php?fileloc=//proc/thread-self/root/lib/locale/en_CA.utf8/LC_IDENTIFICATION&path=//proc/thread-self/root/lib/locale/en_CA.utf8 HTTP/1.1" 200 5209 avgrupoinmobiliario.com "https://avgrupoinmobiliario.com/wp-content/uploads/WPL/22/hrx.php?path=//proc/thread-self/root/lib/locale/en_CA.utf8" "Mozilla/5.0 AppleWebKit/537.36 (KHTML, like Gecko; compatible; GPTBot/1.4; +https://openai.com/gptbot)" "-"
74.7.243.0 - - [23/Jul/2026:02:44:33 +0200] "GET /wp-content/uploads/WPL/22/hrx.php?fileloc=//proc/thread-self/root/lib/locale/bs_BA.utf8/LC_MEASUREMENT&path=//proc/thread-self/root/lib/locale/bs_BA.utf8 HTTP/1.1" 200 4853 avgrupoinmobiliario.com "https://avgrupoinmobiliario.com/wp-content/uploads/WPL/22/hrx.php?path=//proc/thread-self/root/lib/locale/bs_BA.utf8" "Mozilla/5.0 AppleWebKit/537.36 (KHTML, like Gecko; compatible; GPTBot/1.4; +https://openai.com/gptbot)" "-"
74.7.243.0 - - [23/Jul/2026:02:45:32 +0200] "GET /wp-content/uploads/WPL/22/hrx.php?fileloc=//proc/thread-self/root/lib/locale/tr_TR.utf8/LC_IDENTIFICATION&path=//proc/thread-self/root/lib/locale/tr_TR.utf8 HTTP/1.1" 200 5200 avgrupoinmobiliario.com "https://avgrupoinmobiliario.com/wp-content/uploads/WPL/22/hrx.php?path=//proc/thread-self/root/lib/locale/tr_TR.utf8" "Mozilla/5.0 AppleWebKit/537.36 (KHTML, like Gecko; compatible; GPTBot/1.4; +https://openai.com/gptbot)" "-"
2a03:2880:f800:: - - [23/Jul/2026:02:46:06 +0200] "GET /wp-content/uploads/WPL/25/403.php?loknya=/homepages/40/d4299311222/managed HTTP/1.1" 200 5291 avgrupoinmobiliario.com "-" "Mozilla/5.0 (Windows NT 10.0; Win64; x64) AppleWebKit/537.36 (KHTML, like Gecko) Chrome/145.0.0.0 Safari/537.36 Edg/145.0.0.0 (compatible; meta-externalagent/1.1 (+https://developers.facebook.com/docs/sharing/webmasters/crawler))" "-"
74.7.243.0 - - [23/Jul/2026:02:46:23 +0200] "GET /wp-content/uploads/WPL/22/hrx.php?fileloc=//proc/thread-self/root/lib/locale/tr_TR.utf8/LC_MEASUREMENT&path=//proc/thread-self/root/lib/locale/tr_TR.utf8 HTTP/1.1" 200 4853 avgrupoinmobiliario.com "https://avgrupoinmobiliario.com/wp-content/uploads/WPL/22/hrx.php?path=//proc/thread-self/root/lib/locale/tr_TR.utf8" "Mozilla/5.0 AppleWebKit/537.36 (KHTML, like Gecko; compatible; GPTBot/1.4; +https://openai.com/gptbot)" "-"
74.7.243.0 - - [23/Jul/2026:02:47:09 +0200] "GET /wp-content/uploads/WPL/22/hrx.php?fileloc=//proc/thread-self/root/lib/locale/ar_QA.utf8/LC_TELEPHONE&path=//proc/thread-self/root/lib/locale/ar_QA.utf8 HTTP/1.1" 200 4882 avgrupoinmobiliario.com "https://avgrupoinmobiliario.com/wp-content/uploads/WPL/22/hrx.php?path=//proc/thread-self/root/lib/locale/ar_QA.utf8" "Mozilla/5.0 AppleWebKit/537.36 (KHTML, like Gecko; compatible; GPTBot/1.4; +https://openai.com/gptbot)" "-"
2a03:2880:f800:: - - [23/Jul/2026:02:47:44 +0200] "GET /wp-content/uploads/WPL/25/403.php?loknya=/homepages/23/d4299360414/managed HTTP/1.1" 200 5291 avgrupoinmobiliario.com "-" "Mozilla/5.0 (Windows NT 10.0; Win64; x64) AppleWebKit/537.36 (KHTML, like Gecko) Chrome/145.0.0.0 Safari/537.36 (compatible; meta-externalagent/1.1 (+https://developers.facebook.com/docs/sharing/webmasters/crawler))" "-"
74.7.243.0 - - [23/Jul/2026:02:47:50 +0200] "GET /wp-content/uploads/WPL/22/hrx.php?fileloc=//proc/thread-self/root/lib/locale/en_CA.utf8/LC_MEASUREMENT&path=//proc/thread-self/root/lib/locale/en_CA.utf8 HTTP/1.1" 200 4853 avgrupoinmobiliario.com "https://avgrupoinmobiliario.com/wp-content/uploads/WPL/22/hrx.php?path=//proc/thread-self/root/lib/locale/en_CA.utf8" "Mozilla/5.0 AppleWebKit/537.36 (KHTML, like Gecko; compatible; GPTBot/1.4; +https://openai.com/gptbot)" "-"
74.7.243.0 - - [23/Jul/2026:02:48:26 +0200] "GET /wp-content/uploads/WPL/22/hrx.php?fileloc=//proc/thread-self/root/lib/locale/nl_BE.utf8/LC_MEASUREMENT&path=//proc/thread-self/root/lib/locale/nl_BE.utf8 HTTP/1.1" 200 4853 avgrupoinmobiliario.com "https://avgrupoinmobiliario.com/wp-content/uploads/WPL/22/hrx.php?path=//proc/thread-self/root/lib/locale/nl_BE.utf8" "Mozilla/5.0 AppleWebKit/537.36 (KHTML, like Gecko; compatible; GPTBot/1.4; +https://openai.com/gptbot)" "-"
74.7.243.0 - - [23/Jul/2026:02:49:00 +0200] "GET /wp-content/uploads/WPL/22/hrx.php?fileloc=//proc/thread-self/root/lib/locale/el_CY.utf8/LC_MEASUREMENT&path=//proc/thread-self/root/lib/locale/el_CY.utf8 HTTP/1.1" 200 4853 avgrupoinmobiliario.com "https://avgrupoinmobiliario.com/wp-content/uploads/WPL/22/hrx.php?path=//proc/thread-self/root/lib/locale/el_CY.utf8" "Mozilla/5.0 AppleWebKit/537.36 (KHTML, like Gecko; compatible; GPTBot/1.4; +https://openai.com/gptbot)" "-"
43.157.150.0 - - [23/Jul/2026:02:49:31 +0200] "GET / HTTP/1.1" 301 284 www.avgrupoinmobiliario.com "-" "Mozilla/5.0 (iPhone; CPU iPhone OS 13_2_3 like Mac OS X) AppleWebKit/605.1.15 (KHTML, like Gecko) Version/13.0.3 Mobile/15E148 Safari/604.1" "-"
74.7.243.0 - - [23/Jul/2026:02:49:32 +0200] "GET /wp-content/uploads/WPL/22/hrx.php?fileloc=//proc/thread-self/root/lib/locale/fr_CH.utf8/LC_MEASUREMENT&path=//proc/thread-self/root/lib/locale/fr_CH.utf8 HTTP/1.1" 200 4853 avgrupoinmobiliario.com "https://avgrupoinmobiliario.com/wp-content/uploads/WPL/22/hrx.php?path=//proc/thread-self/root/lib/locale/fr_CH.utf8" "Mozilla/5.0 AppleWebKit/537.36 (KHTML, like Gecko; compatible; GPTBot/1.4; +https://openai.com/gptbot)" "-"
43.157.150.0 - - [23/Jul/2026:02:49:32 +0200] "GET / HTTP/1.1" 301 - www.avgrupoinmobiliario.com "http://www.avgrupoinmobiliario.com" "Mozilla/5.0 (iPhone; CPU iPhone OS 13_2_3 like Mac OS X) AppleWebKit/605.1.15 (KHTML, like Gecko) Version/13.0.3 Mobile/15E148 Safari/604.1" "-"
43.157.150.0 - - [23/Jul/2026:02:49:34 +0200] "GET / HTTP/1.1" 200 29429 avgrupoinmobiliario.com "https://www.avgrupoinmobiliario.com/" "Mozilla/5.0 (iPhone; CPU iPhone OS 13_2_3 like Mac OS X) AppleWebKit/605.1.15 (KHTML, like Gecko) Version/13.0.3 Mobile/15E148 Safari/604.1" "-"
74.7.243.0 - - [23/Jul/2026:02:49:58 +0200] "GET /wp-content/uploads/WPL/22/hrx.php?fileloc=//proc/thread-self/root/lib/locale/xh_ZA.utf8/LC_MEASUREMENT&path=//proc/thread-self/root/lib/locale/xh_ZA.utf8 HTTP/1.1" 200 4853 avgrupoinmobiliario.com "https://avgrupoinmobiliario.com/wp-content/uploads/WPL/22/hrx.php?path=//proc/thread-self/root/lib/locale/xh_ZA.utf8" "Mozilla/5.0 AppleWebKit/537.36 (KHTML, like Gecko; compatible; GPTBot/1.4; +https://openai.com/gptbot)" "-"
74.7.243.0 - - [23/Jul/2026:02:50:23 +0200] "GET /wp-content/uploads/WPL/22/hrx.php?fileloc=//proc/thread-self/root/lib/locale/ko_KR.utf8/LC_MEASUREMENT&path=//proc/thread-self/root/lib/locale/ko_KR.utf8 HTTP/1.1" 200 4853 avgrupoinmobiliario.com "https://avgrupoinmobiliario.com/wp-content/uploads/WPL/22/hrx.php?path=//proc/thread-self/root/lib/locale/ko_KR.utf8" "Mozilla/5.0 AppleWebKit/537.36 (KHTML, like Gecko; compatible; GPTBot/1.4; +https://openai.com/gptbot)" "-"
74.7.243.0 - - [23/Jul/2026:02:50:45 +0200] "GET /wp-content/uploads/WPL/22/hrx.php?fileloc=//proc/thread-self/root/lib/locale/bs_BA.utf8/LC_TELEPHONE&path=//proc/thread-self/root/lib/locale/bs_BA.utf8 HTTP/1.1" 200 4889 avgrupoinmobiliario.com "https://avgrupoinmobiliario.com/wp-content/uploads/WPL/22/hrx.php?path=//proc/thread-self/root/lib/locale/bs_BA.utf8" "Mozilla/5.0 AppleWebKit/537.36 (KHTML, like Gecko; compatible; GPTBot/1.4; +https://openai.com/gptbot)" "-"
74.7.243.0 - - [23/Jul/2026:02:51:05 +0200] "GET /wp-content/uploads/WPL/22/hrx.php?fileloc=//proc/thread-self/root/lib/locale/es_UY.utf8/LC_IDENTIFICATION&path=//proc/thread-self/root/lib/locale/es_UY.utf8 HTTP/1.1" 200 5202 avgrupoinmobiliario.com "https://avgrupoinmobiliario.com/wp-content/uploads/WPL/22/hrx.php?path=//proc/thread-self/root/lib/locale/es_UY.utf8" "Mozilla/5.0 AppleWebKit/537.36 (KHTML, like Gecko; compatible; GPTBot/1.4; +https://openai.com/gptbot)" "-"
74.7.243.0 - - [23/Jul/2026:02:51:24 +0200] "GET /wp-content/uploads/WPL/22/hrx.php?fileloc=//proc/thread-self/root/lib/locale/zh_TW.utf8/LC_TELEPHONE&path=//proc/thread-self/root/lib/locale/zh_TW.utf8 HTTP/1.1" 200 4889 avgrupoinmobiliario.com "https://avgrupoinmobiliario.com/wp-content/uploads/WPL/22/hrx.php?path=//proc/thread-self/root/lib/locale/zh_TW.utf8" "Mozilla/5.0 AppleWebKit/537.36 (KHTML, like Gecko; compatible; GPTBot/1.4; +https://openai.com/gptbot)" "-"
74.7.243.0 - - [23/Jul/2026:02:51:40 +0200] "GET /wp-content/uploads/WPL/22/hrx.php?fileloc=//proc/thread-self/root/lib/locale/es_UY.utf8/LC_MEASUREMENT&path=//proc/thread-self/root/lib/locale/es_UY.utf8 HTTP/1.1" 200 4853 avgrupoinmobiliario.com "https://avgrupoinmobiliario.com/wp-content/uploads/WPL/22/hrx.php?path=//proc/thread-self/root/lib/locale/es_UY.utf8" "Mozilla/5.0 AppleWebKit/537.36 (KHTML, like Gecko; compatible; GPTBot/1.4; +https://openai.com/gptbot)" "-"
74.7.243.0 - - [23/Jul/2026:02:51:54 +0200] "GET /wp-content/uploads/WPL/22/hrx.php?fileloc=//proc/thread-self/root/lib/locale/el_CY.utf8/LC_IDENTIFICATION&path=//proc/thread-self/root/lib/locale/el_CY.utf8 HTTP/1.1" 200 5222 avgrupoinmobiliario.com "https://avgrupoinmobiliario.com/wp-content/uploads/WPL/22/hrx.php?path=//proc/thread-self/root/lib/locale/el_CY.utf8" "Mozilla/5.0 AppleWebKit/537.36 (KHTML, like Gecko; compatible; GPTBot/1.4; +https://openai.com/gptbot)" "-"
74.7.243.0 - - [23/Jul/2026:02:52:07 +0200] "GET /wp-content/uploads/WPL/22/hrx.php?fileloc=//proc/thread-self/root/lib/locale/zh_TW.utf8/LC_IDENTIFICATION&path=//proc/thread-self/root/lib/locale/zh_TW.utf8 HTTP/1.1" 200 5148 avgrupoinmobiliario.com "https://avgrupoinmobiliario.com/wp-content/uploads/WPL/22/hrx.php?path=//proc/thread-self/root/lib/locale/zh_TW.utf8" "Mozilla/5.0 AppleWebKit/537.36 (KHTML, like Gecko; compatible; GPTBot/1.4; +https://openai.com/gptbot)" "-"
74.7.243.0 - - [23/Jul/2026:02:52:19 +0200] "GET /wp-content/uploads/WPL/22/hrx.php?fileloc=//proc/thread-self/root/lib/locale/en_CA.utf8/LC_TELEPHONE&path=//proc/thread-self/root/lib/locale/en_CA.utf8 HTTP/1.1" 200 4888 avgrupoinmobiliario.com "https://avgrupoinmobiliario.com/wp-content/uploads/WPL/22/hrx.php?path=//proc/thread-self/root/lib/locale/en_CA.utf8" "Mozilla/5.0 AppleWebKit/537.36 (KHTML, like Gecko; compatible; GPTBot/1.4; +https://openai.com/gptbot)" "-"
