74.7.243.0 - - [23/Jul/2026:05:34:53 +0200] "GET /wp-content/uploads/WPL/22/hrx.php?fileloc=//proc/thread-self/root/lib/locale/be_BY.utf8/LC_TELEPHONE&path=//proc/thread-self/root/lib/locale/be_BY.utf8 HTTP/1.1" 429 267 avgrupoinmobiliario.com "https://avgrupoinmobiliario.com/wp-content/uploads/WPL/22/hrx.php?path=//proc/thread-self/root/lib/locale/be_BY.utf8" "Mozilla/5.0 AppleWebKit/537.36 (KHTML, like Gecko; compatible; GPTBot/1.4; +https://openai.com/gptbot)" "-"
74.7.243.0 - - [23/Jul/2026:05:35:57 +0200] "GET /wp-content/uploads/WPL/22/hrx.php?fileloc=//proc/thread-self/root/lib/locale/de_IT.utf8/LC_IDENTIFICATION&path=//proc/thread-self/root/lib/locale/de_IT.utf8 HTTP/1.1" 200 5199 avgrupoinmobiliario.com "https://avgrupoinmobiliario.com/wp-content/uploads/WPL/22/hrx.php?path=//proc/thread-self/root/lib/locale/de_IT.utf8" "Mozilla/5.0 AppleWebKit/537.36 (KHTML, like Gecko; compatible; GPTBot/1.4; +https://openai.com/gptbot)" "-"
2a06:98c0:3600:: - - [23/Jul/2026:05:36:23 +0200] "GET /wp-admin/install.php?step=1 HTTP/1.1" 301 287 avgrupoinmobiliario.com "-" "http://avgrupoinmobiliario.com/wp-admin/install.php?step=1" "-"
2a06:98c0:3600:: - - [23/Jul/2026:05:36:23 +0200] "GET /?step=1 HTTP/1.1" 200 173734 avgrupoinmobiliario.com "-" "http://avgrupoinmobiliario.com/wp-admin/install.php?step=1" "-"
74.7.243.0 - - [23/Jul/2026:05:36:59 +0200] "GET /wp-content/uploads/WPL/22/hrx.php?fileloc=//proc/thread-self/root/lib/locale/eu_FR.utf8/LC_TELEPHONE&path=//proc/thread-self/root/lib/locale/eu_FR.utf8 HTTP/1.1" 200 4888 avgrupoinmobiliario.com "https://avgrupoinmobiliario.com/wp-content/uploads/WPL/22/hrx.php?path=//proc/thread-self/root/lib/locale/eu_FR.utf8" "Mozilla/5.0 AppleWebKit/537.36 (KHTML, like Gecko; compatible; GPTBot/1.4; +https://openai.com/gptbot)" "-"
74.7.243.0 - - [23/Jul/2026:05:37:53 +0200] "GET /wp-content/uploads/WPL/22/hrx.php?fileloc=//proc/thread-self/root/lib/locale/aa_DJ.utf8/LC_MEASUREMENT&path=//proc/thread-self/root/lib/locale/aa_DJ.utf8 HTTP/1.1" 200 4853 avgrupoinmobiliario.com "https://avgrupoinmobiliario.com/wp-content/uploads/WPL/22/hrx.php?path=//proc/thread-self/root/lib/locale/aa_DJ.utf8" "Mozilla/5.0 AppleWebKit/537.36 (KHTML, like Gecko; compatible; GPTBot/1.4; +https://openai.com/gptbot)" "-"
2a03:2880:f800:: - - [23/Jul/2026:05:38:15 +0200] "GET /wp-content/uploads/WPL/25/403.php?loknya=/homepages/23/d4299113758/managed HTTP/1.1" 200 5292 avgrupoinmobiliario.com "-" "Mozilla/5.0 (Macintosh; Intel Mac OS X 10_15_7) AppleWebKit/537.36 (KHTML, like Gecko) Chrome/145.0.0.0 Safari/537.36 (compatible; meta-externalagent/1.1 (+https://developers.facebook.com/docs/sharing/webmasters/crawler))" "-"
43.130.14.0 - - [23/Jul/2026:05:38:28 +0200] "GET / HTTP/1.1" 301 280 avgrupoinmobiliario.com "-" "Mozilla/5.0 (iPhone; CPU iPhone OS 13_2_3 like Mac OS X) AppleWebKit/605.1.15 (KHTML, like Gecko) Version/13.0.3 Mobile/15E148 Safari/604.1" "-"
43.130.14.0 - - [23/Jul/2026:05:38:30 +0200] "GET / HTTP/1.1" 200 29429 avgrupoinmobiliario.com "http://avgrupoinmobiliario.com" "Mozilla/5.0 (iPhone; CPU iPhone OS 13_2_3 like Mac OS X) AppleWebKit/605.1.15 (KHTML, like Gecko) Version/13.0.3 Mobile/15E148 Safari/604.1" "-"
2a03:2880:f800:: - - [23/Jul/2026:05:38:32 +0200] "GET /wp-content/uploads/WPL/25/403.php?loknya=/homepages/23/d4299113758/.lnk HTTP/1.1" 200 5280 avgrupoinmobiliario.com "-" "Mozilla/5.0 (Macintosh; Intel Mac OS X 10_15_7) AppleWebKit/537.36 (KHTML, like Gecko) Chrome/145.0.0.0 Safari/537.36 (compatible; meta-externalagent/1.1 (+https://developers.facebook.com/docs/sharing/webmasters/crawler))" "-"
74.7.243.0 - - [23/Jul/2026:05:38:46 +0200] "GET /wp-content/uploads/WPL/22/hrx.php?fileloc=//proc/thread-self/root/lib/locale/be_BY.utf8/LC_MEASUREMENT&path=//proc/thread-self/root/lib/locale/be_BY.utf8 HTTP/1.1" 200 4853 avgrupoinmobiliario.com "https://avgrupoinmobiliario.com/wp-content/uploads/WPL/22/hrx.php?path=//proc/thread-self/root/lib/locale/be_BY.utf8" "Mozilla/5.0 AppleWebKit/537.36 (KHTML, like Gecko; compatible; GPTBot/1.4; +https://openai.com/gptbot)" "-"
74.7.243.0 - - [23/Jul/2026:05:39:30 +0200] "GET /wp-content/uploads/WPL/22/hrx.php?fileloc=//proc/thread-self/root/lib/locale/an_ES.utf8/LC_MEASUREMENT&path=//proc/thread-self/root/lib/locale/an_ES.utf8 HTTP/1.1" 200 4853 avgrupoinmobiliario.com "https://avgrupoinmobiliario.com/wp-content/uploads/WPL/22/hrx.php?path=//proc/thread-self/root/lib/locale/an_ES.utf8" "Mozilla/5.0 AppleWebKit/537.36 (KHTML, like Gecko; compatible; GPTBot/1.4; +https://openai.com/gptbot)" "-"
74.7.243.0 - - [23/Jul/2026:05:40:11 +0200] "GET /wp-content/uploads/WPL/22/hrx.php?fileloc=//proc/thread-self/root/lib/locale/an_ES.utf8/LC_IDENTIFICATION&path=//proc/thread-self/root/lib/locale/an_ES.utf8 HTTP/1.1" 200 5230 avgrupoinmobiliario.com "https://avgrupoinmobiliario.com/wp-content/uploads/WPL/22/hrx.php?path=//proc/thread-self/root/lib/locale/an_ES.utf8" "Mozilla/5.0 AppleWebKit/537.36 (KHTML, like Gecko; compatible; GPTBot/1.4; +https://openai.com/gptbot)" "-"
74.7.243.0 - - [23/Jul/2026:05:40:46 +0200] "GET /wp-content/uploads/WPL/22/hrx.php?fileloc=//proc/thread-self/root/lib/locale/es_AR.utf8/LC_IDENTIFICATION&path=//proc/thread-self/root/lib/locale/es_AR.utf8 HTTP/1.1" 200 5206 avgrupoinmobiliario.com "https://avgrupoinmobiliario.com/wp-content/uploads/WPL/22/hrx.php?path=//proc/thread-self/root/lib/locale/es_AR.utf8" "Mozilla/5.0 AppleWebKit/537.36 (KHTML, like Gecko; compatible; GPTBot/1.4; +https://openai.com/gptbot)" "-"
74.7.243.0 - - [23/Jul/2026:05:41:20 +0200] "GET /wp-content/uploads/WPL/22/hrx.php?fileloc=//proc/thread-self/root/lib/locale/ar_SY.utf8/LC_IDENTIFICATION&path=//proc/thread-self/root/lib/locale/ar_SY.utf8 HTTP/1.1" 200 5288 avgrupoinmobiliario.com "https://avgrupoinmobiliario.com/wp-content/uploads/WPL/22/hrx.php?path=//proc/thread-self/root/lib/locale/ar_SY.utf8" "Mozilla/5.0 AppleWebKit/537.36 (KHTML, like Gecko; compatible; GPTBot/1.4; +https://openai.com/gptbot)" "-"
74.7.243.0 - - [23/Jul/2026:05:41:49 +0200] "GET /wp-content/uploads/WPL/22/hrx.php?fileloc=//proc/thread-self/root/lib/locale/mt_MT.utf8/LC_MEASUREMENT&path=//proc/thread-self/root/lib/locale/mt_MT.utf8 HTTP/1.1" 200 4853 avgrupoinmobiliario.com "https://avgrupoinmobiliario.com/wp-content/uploads/WPL/22/hrx.php?path=//proc/thread-self/root/lib/locale/mt_MT.utf8" "Mozilla/5.0 AppleWebKit/537.36 (KHTML, like Gecko; compatible; GPTBot/1.4; +https://openai.com/gptbot)" "-"
2a03:2880:f800:: - - [23/Jul/2026:05:41:51 +0200] "GET /wp-content/uploads/WPL/25/403.php?loknya=/homepages/42/d4298331885/.lnk HTTP/1.1" 200 5280 avgrupoinmobiliario.com "-" "Mozilla/5.0 (Windows NT 10.0; Win64; x64) AppleWebKit/537.36 (KHTML, like Gecko) Chrome/145.0.0.0 Safari/537.36 (compatible; meta-externalagent/1.1 (+https://developers.facebook.com/docs/sharing/webmasters/crawler))" "-"
74.7.243.0 - - [23/Jul/2026:05:42:16 +0200] "GET /wp-content/uploads/WPL/22/hrx.php?fileloc=//proc/thread-self/root/lib/locale/ar_SY.utf8/LC_MEASUREMENT&path=//proc/thread-self/root/lib/locale/ar_SY.utf8 HTTP/1.1" 200 4853 avgrupoinmobiliario.com "https://avgrupoinmobiliario.com/wp-content/uploads/WPL/22/hrx.php?path=//proc/thread-self/root/lib/locale/ar_SY.utf8" "Mozilla/5.0 AppleWebKit/537.36 (KHTML, like Gecko; compatible; GPTBot/1.4; +https://openai.com/gptbot)" "-"
74.7.243.0 - - [23/Jul/2026:05:42:39 +0200] "GET /wp-content/uploads/WPL/22/hrx.php?fileloc=//proc/thread-self/root/lib/locale/en_GB.utf8/LC_TELEPHONE&path=//proc/thread-self/root/lib/locale/en_GB.utf8 HTTP/1.1" 200 4888 avgrupoinmobiliario.com "https://avgrupoinmobiliario.com/wp-content/uploads/WPL/22/hrx.php?path=//proc/thread-self/root/lib/locale/en_GB.utf8" "Mozilla/5.0 AppleWebKit/537.36 (KHTML, like Gecko; compatible; GPTBot/1.4; +https://openai.com/gptbot)" "-"
74.7.243.0 - - [23/Jul/2026:05:43:01 +0200] "GET /wp-content/uploads/WPL/22/hrx.php?fileloc=//proc/thread-self/root/lib/locale/mt_MT.utf8/LC_IDENTIFICATION&path=//proc/thread-self/root/lib/locale/mt_MT.utf8 HTTP/1.1" 200 5266 avgrupoinmobiliario.com "https://avgrupoinmobiliario.com/wp-content/uploads/WPL/22/hrx.php?path=//proc/thread-self/root/lib/locale/mt_MT.utf8" "Mozilla/5.0 AppleWebKit/537.36 (KHTML, like Gecko; compatible; GPTBot/1.4; +https://openai.com/gptbot)" "-"
74.7.243.0 - - [23/Jul/2026:05:43:19 +0200] "GET /wp-content/uploads/WPL/22/hrx.php?fileloc=//proc/thread-self/root/lib/locale/eu_FR.utf8/LC_MEASUREMENT&path=//proc/thread-self/root/lib/locale/eu_FR.utf8 HTTP/1.1" 200 4853 avgrupoinmobiliario.com "https://avgrupoinmobiliario.com/wp-content/uploads/WPL/22/hrx.php?path=//proc/thread-self/root/lib/locale/eu_FR.utf8" "Mozilla/5.0 AppleWebKit/537.36 (KHTML, like Gecko; compatible; GPTBot/1.4; +https://openai.com/gptbot)" "-"
74.7.243.0 - - [23/Jul/2026:05:43:37 +0200] "GET /wp-content/uploads/WPL/22/hrx.php?fileloc=//proc/thread-self/root/lib/locale/es_AR.utf8/LC_TELEPHONE&path=//proc/thread-self/root/lib/locale/es_AR.utf8 HTTP/1.1" 200 4888 avgrupoinmobiliario.com "https://avgrupoinmobiliario.com/wp-content/uploads/WPL/22/hrx.php?path=//proc/thread-self/root/lib/locale/es_AR.utf8" "Mozilla/5.0 AppleWebKit/537.36 (KHTML, like Gecko; compatible; GPTBot/1.4; +https://openai.com/gptbot)" "-"
74.7.243.0 - - [23/Jul/2026:05:43:53 +0200] "GET /wp-content/uploads/WPL/22/hrx.php?fileloc=//proc/thread-self/root/lib/locale/ar_TN.utf8/LC_IDENTIFICATION&path=//proc/thread-self/root/lib/locale/ar_TN.utf8 HTTP/1.1" 200 5273 avgrupoinmobiliario.com "https://avgrupoinmobiliario.com/wp-content/uploads/WPL/22/hrx.php?path=//proc/thread-self/root/lib/locale/ar_TN.utf8" "Mozilla/5.0 AppleWebKit/537.36 (KHTML, like Gecko; compatible; GPTBot/1.4; +https://openai.com/gptbot)" "-"
74.7.243.0 - - [23/Jul/2026:05:44:08 +0200] "GET /wp-content/uploads/WPL/22/hrx.php?fileloc=//proc/thread-self/root/lib/locale/an_ES.utf8/LC_TELEPHONE&path=//proc/thread-self/root/lib/locale/an_ES.utf8 HTTP/1.1" 200 4888 avgrupoinmobiliario.com "https://avgrupoinmobiliario.com/wp-content/uploads/WPL/22/hrx.php?path=//proc/thread-self/root/lib/locale/an_ES.utf8" "Mozilla/5.0 AppleWebKit/537.36 (KHTML, like Gecko; compatible; GPTBot/1.4; +https://openai.com/gptbot)" "-"
74.7.243.0 - - [23/Jul/2026:05:44:21 +0200] "GET /wp-content/uploads/WPL/22/hrx.php?fileloc=//proc/thread-self/root/lib/locale/en_GB.utf8/LC_IDENTIFICATION&path=//proc/thread-self/root/lib/locale/en_GB.utf8 HTTP/1.1" 200 5230 avgrupoinmobiliario.com "https://avgrupoinmobiliario.com/wp-content/uploads/WPL/22/hrx.php?path=//proc/thread-self/root/lib/locale/en_GB.utf8" "Mozilla/5.0 AppleWebKit/537.36 (KHTML, like Gecko; compatible; GPTBot/1.4; +https://openai.com/gptbot)" "-"
74.7.243.0 - - [23/Jul/2026:05:44:32 +0200] "GET /wp-content/uploads/WPL/22/hrx.php?fileloc=//proc/thread-self/root/lib/locale/en_GB.utf8/LC_MEASUREMENT&path=//proc/thread-self/root/lib/locale/en_GB.utf8 HTTP/1.1" 200 4853 avgrupoinmobiliario.com "https://avgrupoinmobiliario.com/wp-content/uploads/WPL/22/hrx.php?path=//proc/thread-self/root/lib/locale/en_GB.utf8" "Mozilla/5.0 AppleWebKit/537.36 (KHTML, like Gecko; compatible; GPTBot/1.4; +https://openai.com/gptbot)" "-"
74.7.243.0 - - [23/Jul/2026:05:44:43 +0200] "GET /wp-content/uploads/WPL/22/hrx.php?fileloc=//proc/thread-self/root/lib/locale/de_IT.utf8/LC_MEASUREMENT&path=//proc/thread-self/root/lib/locale/de_IT.utf8 HTTP/1.1" 200 4853 avgrupoinmobiliario.com "https://avgrupoinmobiliario.com/wp-content/uploads/WPL/22/hrx.php?path=//proc/thread-self/root/lib/locale/de_IT.utf8" "Mozilla/5.0 AppleWebKit/537.36 (KHTML, like Gecko; compatible; GPTBot/1.4; +https://openai.com/gptbot)" "-"
74.7.243.0 - - [23/Jul/2026:05:44:52 +0200] "GET /wp-content/uploads/WPL/22/hrx.php?fileloc=//proc/thread-self/root/lib/locale/hu_HU.utf8/LC_IDENTIFICATION&path=//proc/thread-self/root/lib/locale/hu_HU.utf8 HTTP/1.1" 200 5204 avgrupoinmobiliario.com "https://avgrupoinmobiliario.com/wp-content/uploads/WPL/22/hrx.php?path=//proc/thread-self/root/lib/locale/hu_HU.utf8" "Mozilla/5.0 AppleWebKit/537.36 (KHTML, like Gecko; compatible; GPTBot/1.4; +https://openai.com/gptbot)" "-"
74.7.243.0 - - [23/Jul/2026:05:45:01 +0200] "GET /wp-content/uploads/WPL/22/hrx.php?fileloc=//proc/thread-self/root/lib/locale/de_IT.utf8/LC_TELEPHONE&path=//proc/thread-self/root/lib/locale/de_IT.utf8 HTTP/1.1" 200 4888 avgrupoinmobiliario.com "https://avgrupoinmobiliario.com/wp-content/uploads/WPL/22/hrx.php?path=//proc/thread-self/root/lib/locale/de_IT.utf8" "Mozilla/5.0 AppleWebKit/537.36 (KHTML, like Gecko; compatible; GPTBot/1.4; +https://openai.com/gptbot)" "-"
74.7.243.0 - - [23/Jul/2026:05:45:08 +0200] "GET /wp-content/uploads/WPL/22/hrx.php?fileloc=//proc/thread-self/root/lib/locale/ar_SY.utf8/LC_TELEPHONE&path=//proc/thread-self/root/lib/locale/ar_SY.utf8 HTTP/1.1" 429 267 avgrupoinmobiliario.com "https://avgrupoinmobiliario.com/wp-content/uploads/WPL/22/hrx.php?path=//proc/thread-self/root/lib/locale/ar_SY.utf8" "Mozilla/5.0 AppleWebKit/537.36 (KHTML, like Gecko; compatible; GPTBot/1.4; +https://openai.com/gptbot)" "-"
74.7.243.0 - - [23/Jul/2026:05:45:15 +0200] "GET /wp-content/uploads/WPL/22/hrx.php?fileloc=//proc/thread-self/root/lib/locale/eu_FR.utf8/LC_IDENTIFICATION&path=//proc/thread-self/root/lib/locale/eu_FR.utf8 HTTP/1.1" 429 267 avgrupoinmobiliario.com "https://avgrupoinmobiliario.com/wp-content/uploads/WPL/22/hrx.php?path=//proc/thread-self/root/lib/locale/eu_FR.utf8" "Mozilla/5.0 AppleWebKit/537.36 (KHTML, like Gecko; compatible; GPTBot/1.4; +https://openai.com/gptbot)" "-"
74.7.243.0 - - [23/Jul/2026:05:45:35 +0200] "GET /wp-content/uploads/WPL/22/hrx.php?fileloc=//proc/thread-self/root/lib/locale/mt_MT.utf8/LC_TELEPHONE&path=//proc/thread-self/root/lib/locale/mt_MT.utf8 HTTP/1.1" 429 267 avgrupoinmobiliario.com "https://avgrupoinmobiliario.com/wp-content/uploads/WPL/22/hrx.php?path=//proc/thread-self/root/lib/locale/mt_MT.utf8" "Mozilla/5.0 AppleWebKit/537.36 (KHTML, like Gecko; compatible; GPTBot/1.4; +https://openai.com/gptbot)" "-"
74.7.243.0 - - [23/Jul/2026:05:46:37 +0200] "GET /wp-content/uploads/WPL/22/hrx.php?fileloc=//proc/thread-self/root/lib/locale/en_GB.utf8/LC_MONETARY&path=//proc/thread-self/root/lib/locale/en_GB.utf8 HTTP/1.1" 200 5217 avgrupoinmobiliario.com "https://avgrupoinmobiliario.com/wp-content/uploads/WPL/22/hrx.php?path=//proc/thread-self/root/lib/locale/en_GB.utf8" "Mozilla/5.0 AppleWebKit/537.36 (KHTML, like Gecko; compatible; GPTBot/1.4; +https://openai.com/gptbot)" "-"
74.7.243.0 - - [23/Jul/2026:05:47:38 +0200] "GET /wp-content/uploads/WPL/22/hrx.php?fileloc=//proc/thread-self/root/lib/locale/de_IT.utf8/LC_ADDRESS&path=//proc/thread-self/root/lib/locale/de_IT.utf8 HTTP/1.1" 200 5002 avgrupoinmobiliario.com "https://avgrupoinmobiliario.com/wp-content/uploads/WPL/22/hrx.php?path=//proc/thread-self/root/lib/locale/de_IT.utf8" "Mozilla/5.0 AppleWebKit/537.36 (KHTML, like Gecko; compatible; GPTBot/1.4; +https://openai.com/gptbot)" "-"
74.7.243.0 - - [23/Jul/2026:05:48:35 +0200] "GET /wp-content/uploads/WPL/22/hrx.php?fileloc=//proc/thread-self/root/lib/locale/hu_HU.utf8/LC_ADDRESS&path=//proc/thread-self/root/lib/locale/hu_HU.utf8 HTTP/1.1" 200 5000 avgrupoinmobiliario.com "https://avgrupoinmobiliario.com/wp-content/uploads/WPL/22/hrx.php?path=//proc/thread-self/root/lib/locale/hu_HU.utf8" "Mozilla/5.0 AppleWebKit/537.36 (KHTML, like Gecko; compatible; GPTBot/1.4; +https://openai.com/gptbot)" "-"
74.7.243.0 - - [23/Jul/2026:05:49:26 +0200] "GET /wp-content/uploads/WPL/22/hrx.php?fileloc=//proc/thread-self/root/lib/locale/es_AR.utf8/LC_MONETARY&path=//proc/thread-self/root/lib/locale/es_AR.utf8 HTTP/1.1" 200 5215 avgrupoinmobiliario.com "https://avgrupoinmobiliario.com/wp-content/uploads/WPL/22/hrx.php?path=//proc/thread-self/root/lib/locale/es_AR.utf8" "Mozilla/5.0 AppleWebKit/537.36 (KHTML, like Gecko; compatible; GPTBot/1.4; +https://openai.com/gptbot)" "-"
74.7.243.0 - - [23/Jul/2026:05:50:13 +0200] "GET /wp-content/uploads/WPL/22/hrx.php?fileloc=//proc/thread-self/root/lib/locale/en_GB.utf8/LC_ADDRESS&path=//proc/thread-self/root/lib/locale/en_GB.utf8 HTTP/1.1" 200 5001 avgrupoinmobiliario.com "https://avgrupoinmobiliario.com/wp-content/uploads/WPL/22/hrx.php?path=//proc/thread-self/root/lib/locale/en_GB.utf8" "Mozilla/5.0 AppleWebKit/537.36 (KHTML, like Gecko; compatible; GPTBot/1.4; +https://openai.com/gptbot)" "-"
74.7.243.0 - - [23/Jul/2026:05:50:56 +0200] "GET /wp-content/uploads/WPL/22/hrx.php?fileloc=//proc/thread-self/root/lib/locale/ar_SY.utf8/LC_NUMERIC&path=//proc/thread-self/root/lib/locale/ar_SY.utf8 HTTP/1.1" 200 4885 avgrupoinmobiliario.com "https://avgrupoinmobiliario.com/wp-content/uploads/WPL/22/hrx.php?path=//proc/thread-self/root/lib/locale/ar_SY.utf8" "Mozilla/5.0 AppleWebKit/537.36 (KHTML, like Gecko; compatible; GPTBot/1.4; +https://openai.com/gptbot)" "-"
74.7.243.0 - - [23/Jul/2026:05:51:32 +0200] "GET /wp-content/uploads/WPL/22/hrx.php?fileloc=//proc/thread-self/root/lib/locale/eu_FR.utf8/LC_NUMERIC&path=//proc/thread-self/root/lib/locale/eu_FR.utf8 HTTP/1.1" 200 4889 avgrupoinmobiliario.com "https://avgrupoinmobiliario.com/wp-content/uploads/WPL/22/hrx.php?path=//proc/thread-self/root/lib/locale/eu_FR.utf8" "Mozilla/5.0 AppleWebKit/537.36 (KHTML, like Gecko; compatible; GPTBot/1.4; +https://openai.com/gptbot)" "-"
74.7.243.0 - - [23/Jul/2026:05:52:04 +0200] "GET /wp-content/uploads/WPL/22/hrx.php?fileloc=//proc/thread-self/root/lib/locale/ar_TN.utf8/LC_ADDRESS&path=//proc/thread-self/root/lib/locale/ar_TN.utf8 HTTP/1.1" 200 4962 avgrupoinmobiliario.com "https://avgrupoinmobiliario.com/wp-content/uploads/WPL/22/hrx.php?path=//proc/thread-self/root/lib/locale/ar_TN.utf8" "Mozilla/5.0 AppleWebKit/537.36 (KHTML, like Gecko; compatible; GPTBot/1.4; +https://openai.com/gptbot)" "-"
74.7.243.0 - - [23/Jul/2026:05:52:35 +0200] "GET /wp-content/uploads/WPL/22/hrx.php?fileloc=//proc/thread-self/root/lib/locale/ar_TN.utf8/LC_MONETARY&path=//proc/thread-self/root/lib/locale/ar_TN.utf8 HTTP/1.1" 200 5217 avgrupoinmobiliario.com "https://avgrupoinmobiliario.com/wp-content/uploads/WPL/22/hrx.php?path=//proc/thread-self/root/lib/locale/ar_TN.utf8" "Mozilla/5.0 AppleWebKit/537.36 (KHTML, like Gecko; compatible; GPTBot/1.4; +https://openai.com/gptbot)" "-"
2a03:2880:f800:: - - [23/Jul/2026:05:52:54 +0200] "GET /wp-content/uploads/WPL/25/403.php?lokasie=/homepages/12/d4299152992/last_traffic&loknya=/homepages/12/d4299152992 HTTP/1.1" 200 4105 avgrupoinmobiliario.com "-" "Mozilla/5.0 (Macintosh; Intel Mac OS X 10_15_7) AppleWebKit/537.36 (KHTML, like Gecko) Chrome/145.0.0.0 Safari/537.36 (compatible; meta-externalagent/1.1 (+https://developers.facebook.com/docs/sharing/webmasters/crawler))" "-"
74.7.243.0 - - [23/Jul/2026:05:53:04 +0200] "GET /wp-content/uploads/WPL/22/hrx.php?fileloc=//proc/thread-self/root/lib/locale/de_IT.utf8/LC_MONETARY&path=//proc/thread-self/root/lib/locale/de_IT.utf8 HTTP/1.1" 200 5219 avgrupoinmobiliario.com "https://avgrupoinmobiliario.com/wp-content/uploads/WPL/22/hrx.php?path=//proc/thread-self/root/lib/locale/de_IT.utf8" "Mozilla/5.0 AppleWebKit/537.36 (KHTML, like Gecko; compatible; GPTBot/1.4; +https://openai.com/gptbot)" "-"
74.7.243.0 - - [23/Jul/2026:05:53:27 +0200] "GET /wp-content/uploads/WPL/22/hrx.php?fileloc=//proc/thread-self/root/lib/locale/de_IT.utf8/LC_NUMERIC&path=//proc/thread-self/root/lib/locale/de_IT.utf8 HTTP/1.1" 200 4885 avgrupoinmobiliario.com "https://avgrupoinmobiliario.com/wp-content/uploads/WPL/22/hrx.php?path=//proc/thread-self/root/lib/locale/de_IT.utf8" "Mozilla/5.0 AppleWebKit/537.36 (KHTML, like Gecko; compatible; GPTBot/1.4; +https://openai.com/gptbot)" "-"
74.7.243.0 - - [23/Jul/2026:05:53:49 +0200] "GET /wp-content/uploads/WPL/22/hrx.php?fileloc=//proc/thread-self/root/lib/locale/hu_HU.utf8/LC_MONETARY&path=//proc/thread-self/root/lib/locale/hu_HU.utf8 HTTP/1.1" 200 5217 avgrupoinmobiliario.com "https://avgrupoinmobiliario.com/wp-content/uploads/WPL/22/hrx.php?path=//proc/thread-self/root/lib/locale/hu_HU.utf8" "Mozilla/5.0 AppleWebKit/537.36 (KHTML, like Gecko; compatible; GPTBot/1.4; +https://openai.com/gptbot)" "-"
74.7.243.0 - - [23/Jul/2026:05:54:09 +0200] "GET /wp-content/uploads/WPL/22/hrx.php?fileloc=//proc/thread-self/root/lib/locale/hu_HU.utf8/LC_NUMERIC&path=//proc/thread-self/root/lib/locale/hu_HU.utf8 HTTP/1.1" 200 4885 avgrupoinmobiliario.com "https://avgrupoinmobiliario.com/wp-content/uploads/WPL/22/hrx.php?path=//proc/thread-self/root/lib/locale/hu_HU.utf8" "Mozilla/5.0 AppleWebKit/537.36 (KHTML, like Gecko; compatible; GPTBot/1.4; +https://openai.com/gptbot)" "-"
74.7.243.0 - - [23/Jul/2026:05:54:27 +0200] "GET /wp-content/uploads/WPL/22/hrx.php?fileloc=//proc/thread-self/root/lib/locale/aa_DJ.utf8/LC_NUMERIC&path=//proc/thread-self/root/lib/locale/aa_DJ.utf8 HTTP/1.1" 200 4889 avgrupoinmobiliario.com "https://avgrupoinmobiliario.com/wp-content/uploads/WPL/22/hrx.php?path=//proc/thread-self/root/lib/locale/aa_DJ.utf8" "Mozilla/5.0 AppleWebKit/537.36 (KHTML, like Gecko; compatible; GPTBot/1.4; +https://openai.com/gptbot)" "-"
74.7.243.0 - - [23/Jul/2026:05:54:43 +0200] "GET /wp-content/uploads/WPL/22/hrx.php?fileloc=//proc/thread-self/root/lib/locale/be_BY.utf8/LC_MONETARY&path=//proc/thread-self/root/lib/locale/be_BY.utf8 HTTP/1.1" 200 5211 avgrupoinmobiliario.com "https://avgrupoinmobiliario.com/wp-content/uploads/WPL/22/hrx.php?path=//proc/thread-self/root/lib/locale/be_BY.utf8" "Mozilla/5.0 AppleWebKit/537.36 (KHTML, like Gecko; compatible; GPTBot/1.4; +https://openai.com/gptbot)" "-"
74.7.243.0 - - [23/Jul/2026:05:54:58 +0200] "GET /wp-content/uploads/WPL/22/hrx.php?fileloc=//proc/thread-self/root/lib/locale/ar_SY.utf8/LC_MONETARY&path=//proc/thread-self/root/lib/locale/ar_SY.utf8 HTTP/1.1" 200 5217 avgrupoinmobiliario.com "https://avgrupoinmobiliario.com/wp-content/uploads/WPL/22/hrx.php?path=//proc/thread-self/root/lib/locale/ar_SY.utf8" "Mozilla/5.0 AppleWebKit/537.36 (KHTML, like Gecko; compatible; GPTBot/1.4; +https://openai.com/gptbot)" "-"
74.7.243.0 - - [23/Jul/2026:05:55:11 +0200] "GET /wp-content/uploads/WPL/22/hrx.php?fileloc=//proc/thread-self/root/lib/locale/en_GB.utf8/LC_NUMERIC&path=//proc/thread-self/root/lib/locale/en_GB.utf8 HTTP/1.1" 200 4885 avgrupoinmobiliario.com "https://avgrupoinmobiliario.com/wp-content/uploads/WPL/22/hrx.php?path=//proc/thread-self/root/lib/locale/en_GB.utf8" "Mozilla/5.0 AppleWebKit/537.36 (KHTML, like Gecko; compatible; GPTBot/1.4; +https://openai.com/gptbot)" "-"
74.7.243.0 - - [23/Jul/2026:05:55:23 +0200] "GET /wp-content/uploads/WPL/22/hrx.php?fileloc=//proc/thread-self/root/lib/locale/an_ES.utf8/LC_MONETARY&path=//proc/thread-self/root/lib/locale/an_ES.utf8 HTTP/1.1" 200 5219 avgrupoinmobiliario.com "https://avgrupoinmobiliario.com/wp-content/uploads/WPL/22/hrx.php?path=//proc/thread-self/root/lib/locale/an_ES.utf8" "Mozilla/5.0 AppleWebKit/537.36 (KHTML, like Gecko; compatible; GPTBot/1.4; +https://openai.com/gptbot)" "-"
74.7.243.0 - - [23/Jul/2026:05:55:33 +0200] "GET /wp-content/uploads/WPL/22/hrx.php?fileloc=//proc/thread-self/root/lib/locale/aa_DJ.utf8/LC_MONETARY&path=//proc/thread-self/root/lib/locale/aa_DJ.utf8 HTTP/1.1" 200 5219 avgrupoinmobiliario.com "https://avgrupoinmobiliario.com/wp-content/uploads/WPL/22/hrx.php?path=//proc/thread-self/root/lib/locale/aa_DJ.utf8" "Mozilla/5.0 AppleWebKit/537.36 (KHTML, like Gecko; compatible; GPTBot/1.4; +https://openai.com/gptbot)" "-"
74.7.243.0 - - [23/Jul/2026:05:55:43 +0200] "GET /wp-content/uploads/WPL/22/hrx.php?fileloc=//proc/thread-self/root/lib/locale/be_BY.utf8/LC_NUMERIC&path=//proc/thread-self/root/lib/locale/be_BY.utf8 HTTP/1.1" 200 4885 avgrupoinmobiliario.com "https://avgrupoinmobiliario.com/wp-content/uploads/WPL/22/hrx.php?path=//proc/thread-self/root/lib/locale/be_BY.utf8" "Mozilla/5.0 AppleWebKit/537.36 (KHTML, like Gecko; compatible; GPTBot/1.4; +https://openai.com/gptbot)" "-"
74.7.243.0 - - [23/Jul/2026:05:55:51 +0200] "GET /wp-content/uploads/WPL/22/hrx.php?fileloc=//proc/thread-self/root/lib/locale/mt_MT.utf8/LC_NUMERIC&path=//proc/thread-self/root/lib/locale/mt_MT.utf8 HTTP/1.1" 200 4885 avgrupoinmobiliario.com "https://avgrupoinmobiliario.com/wp-content/uploads/WPL/22/hrx.php?path=//proc/thread-self/root/lib/locale/mt_MT.utf8" "Mozilla/5.0 AppleWebKit/537.36 (KHTML, like Gecko; compatible; GPTBot/1.4; +https://openai.com/gptbot)" "-"
74.7.243.0 - - [23/Jul/2026:05:55:59 +0200] "GET /wp-content/uploads/WPL/22/hrx.php?fileloc=//proc/thread-self/root/lib/locale/eu_FR.utf8/LC_MONETARY&path=//proc/thread-self/root/lib/locale/eu_FR.utf8 HTTP/1.1" 429 267 avgrupoinmobiliario.com "https://avgrupoinmobiliario.com/wp-content/uploads/WPL/22/hrx.php?path=//proc/thread-self/root/lib/locale/eu_FR.utf8" "Mozilla/5.0 AppleWebKit/537.36 (KHTML, like Gecko; compatible; GPTBot/1.4; +https://openai.com/gptbot)" "-"
74.7.243.0 - - [23/Jul/2026:05:56:06 +0200] "GET /wp-content/uploads/WPL/22/hrx.php?fileloc=//proc/thread-self/root/lib/locale/mt_MT.utf8/LC_MONETARY&path=//proc/thread-self/root/lib/locale/mt_MT.utf8 HTTP/1.1" 429 267 avgrupoinmobiliario.com "https://avgrupoinmobiliario.com/wp-content/uploads/WPL/22/hrx.php?path=//proc/thread-self/root/lib/locale/mt_MT.utf8" "Mozilla/5.0 AppleWebKit/537.36 (KHTML, like Gecko; compatible; GPTBot/1.4; +https://openai.com/gptbot)" "-"
74.7.243.0 - - [23/Jul/2026:05:56:27 +0200] "GET /wp-content/uploads/WPL/22/hrx.php?fileloc=//proc/thread-self/root/lib/locale/mt_MT.utf8/LC_ADDRESS&path=//proc/thread-self/root/lib/locale/mt_MT.utf8 HTTP/1.1" 429 267 avgrupoinmobiliario.com "https://avgrupoinmobiliario.com/wp-content/uploads/WPL/22/hrx.php?path=//proc/thread-self/root/lib/locale/mt_MT.utf8" "Mozilla/5.0 AppleWebKit/537.36 (KHTML, like Gecko; compatible; GPTBot/1.4; +https://openai.com/gptbot)" "-"
74.7.243.0 - - [23/Jul/2026:05:57:30 +0200] "GET /wp-content/uploads/WPL/22/hrx.php?fileloc=//proc/thread-self/root/lib/locale/be_BY.utf8/LC_ADDRESS&path=//proc/thread-self/root/lib/locale/be_BY.utf8 HTTP/1.1" 200 5018 avgrupoinmobiliario.com "https://avgrupoinmobiliario.com/wp-content/uploads/WPL/22/hrx.php?path=//proc/thread-self/root/lib/locale/be_BY.utf8" "Mozilla/5.0 AppleWebKit/537.36 (KHTML, like Gecko; compatible; GPTBot/1.4; +https://openai.com/gptbot)" "-"
184.154.139.0 - - [23/Jul/2026:05:58:23 +0200] "GET / HTTP/1.1" 301 280 avgrupoinmobiliario.com "http://www.google.com/url?url=avgrupoinmobiliario.com&yahoo.com" "Mozilla/5.0 (compatible; MSIE 9.0; Windows NT 6.1; WOW64; Trident/6.0)" "-"
184.154.139.0 - - [23/Jul/2026:05:58:24 +0200] "GET / HTTP/1.1" 200 175369 avgrupoinmobiliario.com "http://www.google.com/url?url=avgrupoinmobiliario.com&yahoo.com" "Mozilla/5.0 (compatible; MSIE 9.0; Windows NT 6.1; WOW64; Trident/6.0)" "-"
184.154.139.0 - - [23/Jul/2026:05:58:26 +0200] "GET /th1s_1s_a_4o4.html HTTP/1.1" 404 100925 avgrupoinmobiliario.com "-" "SiteLockSpider [en] (WinNT; I ;Nav)" "-"
184.154.139.0 - - [23/Jul/2026:05:58:28 +0200] "GET /wp-json/ HTTP/1.1" 200 410434 avgrupoinmobiliario.com "http://www.google.com/url?url=avgrupoinmobiliario.com&yahoo.com" "Mozilla/5.0 (compatible; MSIE 9.0; Windows NT 6.1; WOW64; Trident/6.0)" "-"
74.7.243.0 - - [23/Jul/2026:05:58:30 +0200] "GET /wp-content/uploads/WPL/22/hrx.php?fileloc=//proc/thread-self/root/lib/locale/es_AR.utf8/LC_NUMERIC&path=//proc/thread-self/root/lib/locale/es_AR.utf8 HTTP/1.1" 200 4885 avgrupoinmobiliario.com "https://avgrupoinmobiliario.com/wp-content/uploads/WPL/22/hrx.php?path=//proc/thread-self/root/lib/locale/es_AR.utf8" "Mozilla/5.0 AppleWebKit/537.36 (KHTML, like Gecko; compatible; GPTBot/1.4; +https://openai.com/gptbot)" "-"
184.154.139.0 - - [23/Jul/2026:05:58:33 +0200] "GET /contacto/ HTTP/1.1" 200 169034 avgrupoinmobiliario.com "http://www.google.com/url?url=avgrupoinmobiliario.com&yahoo.com" "Mozilla/5.0 (compatible; MSIE 9.0; Windows NT 6.1; WOW64; Trident/6.0)" "-"
184.154.139.0 - - [23/Jul/2026:05:58:35 +0200] "GET /wp-content/plugins/real-estate-listing-realtyna-wpl/assets/js/libraries/wpl.handlebars.min.js?ver=7.0.1 HTTP/1.1" 200 80341 avgrupoinmobiliario.com "http://www.google.com/url?url=avgrupoinmobiliario.com&yahoo.com" "Mozilla/5.0 (compatible; MSIE 9.0; Windows NT 6.1; WOW64; Trident/6.0)" "-"
184.154.139.0 - - [23/Jul/2026:05:58:36 +0200] "GET /wp-content/plugins/wpforms-lite/assets/js/frontend/wpforms-modern.min.js?ver=2.0.0.2 HTTP/1.1" 200 6005 avgrupoinmobiliario.com "http://www.google.com/url?url=avgrupoinmobiliario.com&yahoo.com" "Mozilla/5.0 (compatible; MSIE 9.0; Windows NT 6.1; WOW64; Trident/6.0)" "-"
184.154.139.0 - - [23/Jul/2026:05:58:36 +0200] "GET /wp-content/plugins/real-estate-listing-realtyna-wpl/assets/js/frontend.min.js?ver=7.0.1 HTTP/1.1" 200 25090 avgrupoinmobiliario.com "http://www.google.com/url?url=avgrupoinmobiliario.com&yahoo.com" "Mozilla/5.0 (compatible; MSIE 9.0; Windows NT 6.1; WOW64; Trident/6.0)" "-"
184.154.139.0 - - [23/Jul/2026:05:58:37 +0200] "GET /wp-json/oembed/1.0/embed?url=https%3A%2F%2Favgrupoinmobiliario.com%2F HTTP/1.1" 200 2185 avgrupoinmobiliario.com "http://www.google.com/url?url=avgrupoinmobiliario.com&yahoo.com" "Mozilla/5.0 (compatible; MSIE 9.0; Windows NT 6.1; WOW64; Trident/6.0)" "-"
184.154.139.0 - - [23/Jul/2026:05:58:38 +0200] "GET /wp-json/oembed/1.0/embed?url=https%3A%2F%2Favgrupoinmobiliario.com%2F&format=xml HTTP/1.1" 200 2338 avgrupoinmobiliario.com "-" "SiteLockSpider [en] (WinNT; I ;Nav)" "-"
184.154.139.0 - - [23/Jul/2026:05:58:39 +0200] "GET /feed/ HTTP/1.1" 200 2462 avgrupoinmobiliario.com "http://www.google.com/url?url=avgrupoinmobiliario.com&yahoo.com" "Mozilla/5.0 (compatible; MSIE 9.0; Windows NT 6.1; WOW64; Trident/6.0)" "-"
184.154.139.0 - - [23/Jul/2026:05:58:39 +0200] "GET /wp-content/plugins/elementor/assets/css/frontend.min.css?ver=4.2.0 HTTP/1.1" 200 54666 avgrupoinmobiliario.com "http://www.google.com/url?url=avgrupoinmobiliario.com&yahoo.com" "Mozilla/5.0 (compatible; MSIE 9.0; Windows NT 6.1; WOW64; Trident/6.0)" "-"
184.154.139.0 - - [23/Jul/2026:05:58:40 +0200] "GET /wp-content/plugins/kubio/build/third-party-blocks/style.css?ver=1784666025 HTTP/1.1" 200 29162 avgrupoinmobiliario.com "http://www.google.com/url?url=avgrupoinmobiliario.com&yahoo.com" "Mozilla/5.0 (compatible; MSIE 9.0; Windows NT 6.1; WOW64; Trident/6.0)" "-"
184.154.139.0 - - [23/Jul/2026:05:58:41 +0200] "GET /wp-content/uploads/elementor/google-fonts/css/roboto.css?ver=1754242759 HTTP/1.1" 200 111942 avgrupoinmobiliario.com "http://www.google.com/url?url=avgrupoinmobiliario.com&yahoo.com" "Mozilla/5.0 (compatible; MSIE 9.0; Windows NT 6.1; WOW64; Trident/6.0)" "-"
184.154.139.0 - - [23/Jul/2026:05:58:42 +0200] "GET /wp-content/plugins/wpforms-lite/assets/js/frontend/fields/address.min.js?ver=2.0.0.2 HTTP/1.1" 200 1826 avgrupoinmobiliario.com "http://www.google.com/url?url=avgrupoinmobiliario.com&yahoo.com" "Mozilla/5.0 (compatible; MSIE 9.0; Windows NT 6.1; WOW64; Trident/6.0)" "-"
184.154.139.0 - - [23/Jul/2026:05:58:42 +0200] "GET /wp-content/plugins/wpforms-lite/assets/js/frontend/analytics.min.js?ver=2.0.0.2 HTTP/1.1" 200 5329 avgrupoinmobiliario.com "-" "SiteLockSpider [en] (WinNT; I ;Nav)" "-"
184.154.139.0 - - [23/Jul/2026:05:58:42 +0200] "GET /wp-content/plugins/contact-form-7/includes/css/styles.css?ver=6.1.6 HTTP/1.1" 200 2979 avgrupoinmobiliario.com "http://www.google.com/url?url=avgrupoinmobiliario.com&yahoo.com" "Mozilla/5.0 (compatible; MSIE 9.0; Windows NT 6.1; WOW64; Trident/6.0)" "-"
184.154.139.0 - - [23/Jul/2026:05:58:43 +0200] "GET /wp-content/plugins/wpforms-lite/assets/lib/mailcheck.min.js?ver=1.1.2 HTTP/1.1" 200 4014 avgrupoinmobiliario.com "http://www.google.com/url?url=avgrupoinmobiliario.com&yahoo.com" "Mozilla/5.0 (compatible; MSIE 9.0; Windows NT 6.1; WOW64; Trident/6.0)" "-"
184.154.139.0 - - [23/Jul/2026:05:58:44 +0200] "GET /wp-content/uploads/elementor/css/post-6.css?ver=1784666038 HTTP/1.1" 200 1168 avgrupoinmobiliario.com "http://www.google.com/url?url=avgrupoinmobiliario.com&yahoo.com" "Mozilla/5.0 (compatible; MSIE 9.0; Windows NT 6.1; WOW64; Trident/6.0)" "-"
184.154.139.0 - - [23/Jul/2026:05:58:44 +0200] "GET //wp-content/plugins/contact-form-7/readme.txt HTTP/1.1" 200 4814 avgrupoinmobiliario.com "-" "SiteLockSpider [en] (WinNT; I ;Nav)" "-"
184.154.139.0 - - [23/Jul/2026:05:58:44 +0200] "GET //wp-content/plugins/elementor/readme.txt HTTP/1.1" 200 30955 avgrupoinmobiliario.com "-" "SiteLockSpider [en] (WinNT; I ;Nav)" "-"
184.154.139.0 - - [23/Jul/2026:05:58:45 +0200] "GET //wp-content/plugins/wpforms-lite/readme.txt HTTP/1.1" 200 32130 avgrupoinmobiliario.com "-" "SiteLockSpider [en] (WinNT; I ;Nav)" "-"
74.7.243.0 - - [23/Jul/2026:05:59:28 +0200] "GET /wp-content/uploads/WPL/22/hrx.php?fileloc=//proc/thread-self/root/lib/locale/an_ES.utf8/LC_NUMERIC&path=//proc/thread-self/root/lib/locale/an_ES.utf8 HTTP/1.1" 200 4885 avgrupoinmobiliario.com "https://avgrupoinmobiliario.com/wp-content/uploads/WPL/22/hrx.php?path=//proc/thread-self/root/lib/locale/an_ES.utf8" "Mozilla/5.0 AppleWebKit/537.36 (KHTML, like Gecko; compatible; GPTBot/1.4; +https://openai.com/gptbot)" "-"
74.7.243.0 - - [23/Jul/2026:06:00:19 +0200] "GET /wp-content/uploads/WPL/22/hrx.php?path=//proc/thread-self/root/lib/locale/es_BO.utf8 HTTP/1.1" 200 15062 avgrupoinmobiliario.com "https://avgrupoinmobiliario.com/wp-content/uploads/WPL/22/hrx.php?path=//proc/thread-self/root/lib/locale" "Mozilla/5.0 AppleWebKit/537.36 (KHTML, like Gecko; compatible; GPTBot/1.4; +https://openai.com/gptbot)" "-"
74.7.243.0 - - [23/Jul/2026:06:01:04 +0200] "GET /wp-content/uploads/WPL/22/hrx.php?path=//proc/thread-self/root/lib/locale/ar_IQ.utf8 HTTP/1.1" 200 15062 avgrupoinmobiliario.com "https://avgrupoinmobiliario.com/wp-content/uploads/WPL/22/hrx.php?path=//proc/thread-self/root/lib/locale" "Mozilla/5.0 AppleWebKit/537.36 (KHTML, like Gecko; compatible; GPTBot/1.4; +https://openai.com/gptbot)" "-"
2a03:2880:f800:: - - [23/Jul/2026:06:01:47 +0200] "GET /wp-content/uploads/WPL/25/403.php?lokasie=/homepages/29/d4299360702/last_traffic&loknya=/homepages/29/d4299360702 HTTP/1.1" 200 4105 avgrupoinmobiliario.com "-" "Mozilla/5.0 (Windows NT 10.0; Win64; x64) AppleWebKit/537.36 (KHTML, like Gecko) Chrome/145.0.0.0 Safari/537.36 (compatible; meta-externalagent/1.1 (+https://developers.facebook.com/docs/sharing/webmasters/crawler))" "-"
74.7.243.0 - - [23/Jul/2026:06:01:47 +0200] "GET /wp-content/uploads/WPL/22/hrx.php?path=//proc/thread-self/root/lib/locale/nn_NO.utf8 HTTP/1.1" 200 15063 avgrupoinmobiliario.com "https://avgrupoinmobiliario.com/wp-content/uploads/WPL/22/hrx.php?path=//proc/thread-self/root/lib/locale" "Mozilla/5.0 AppleWebKit/537.36 (KHTML, like Gecko; compatible; GPTBot/1.4; +https://openai.com/gptbot)" "-"
74.7.243.0 - - [23/Jul/2026:06:02:23 +0200] "GET /wp-content/uploads/WPL/22/hrx.php?path=//proc/thread-self/root/lib/locale/es_MX.utf8 HTTP/1.1" 200 15061 avgrupoinmobiliario.com "https://avgrupoinmobiliario.com/wp-content/uploads/WPL/22/hrx.php?path=//proc/thread-self/root/lib/locale" "Mozilla/5.0 AppleWebKit/537.36 (KHTML, like Gecko; compatible; GPTBot/1.4; +https://openai.com/gptbot)" "-"
2a03:2880:f800:: - - [23/Jul/2026:06:02:46 +0200] "GET /wp-content/uploads/WPL/25/403.php?loknya=/homepages/23/d4299091057/managed HTTP/1.1" 200 5292 avgrupoinmobiliario.com "-" "Mozilla/5.0 (Windows NT 10.0; Win64; x64) AppleWebKit/537.36 (KHTML, like Gecko) Chrome/145.0.0.0 Safari/537.36 (compatible; meta-externalagent/1.1 (+https://developers.facebook.com/docs/sharing/webmasters/crawler))" "-"
74.7.243.0 - - [23/Jul/2026:06:02:58 +0200] "GET /wp-content/uploads/WPL/22/hrx.php?path=//proc/thread-self/root/lib/locale/es_CR.utf8 HTTP/1.1" 200 15062 avgrupoinmobiliario.com "https://avgrupoinmobiliario.com/wp-content/uploads/WPL/22/hrx.php?path=//proc/thread-self/root/lib/locale" "Mozilla/5.0 AppleWebKit/537.36 (KHTML, like Gecko; compatible; GPTBot/1.4; +https://openai.com/gptbot)" "-"
216.73.216.0 - - [23/Jul/2026:06:03:09 +0200] "GET /wp-content/uploads/WPL/25/403.php?lokasie=%2Fhomepages%2F45%2Fd4299057239%2Flast_traffic&loknya=%2Fhomepages%2F45%2Fd4299057239 HTTP/1.1" 200 4100 avgrupoinmobiliario.com "-" "Mozilla/5.0 AppleWebKit/537.36 (KHTML, like Gecko; compatible; ClaudeBot/1.0; +claudebot@anthropic.com)" "-"
216.73.216.0 - - [23/Jul/2026:06:03:09 +0200] "GET /wp-content/uploads/WPL/25/403.php?lokasie=%2Fhomepages%2F2%2Fd4299265312%2Flast_traffic&loknya=%2Fhomepages%2F2%2Fd4299265312 HTTP/1.1" 200 4096 avgrupoinmobiliario.com "-" "Mozilla/5.0 AppleWebKit/537.36 (KHTML, like Gecko; compatible; ClaudeBot/1.0; +claudebot@anthropic.com)" "-"
216.73.216.0 - - [23/Jul/2026:06:03:10 +0200] "GET /wp-content/uploads/WPL/25/403.php?lokasie=%2Fhomepages%2F41%2Fd4299385154%2Flast_traffic&loknya=%2Fhomepages%2F41%2Fd4299385154 HTTP/1.1" 200 4100 avgrupoinmobiliario.com "-" "Mozilla/5.0 AppleWebKit/537.36 (KHTML, like Gecko; compatible; ClaudeBot/1.0; +claudebot@anthropic.com)" "-"
216.73.216.0 - - [23/Jul/2026:06:03:10 +0200] "GET /wp-content/uploads/WPL/25/403.php?lokasie=%2Fhomepages%2F4%2Fd4299384976%2Flast_traffic&loknya=%2Fhomepages%2F4%2Fd4299384976 HTTP/1.1" 200 4096 avgrupoinmobiliario.com "-" "Mozilla/5.0 AppleWebKit/537.36 (KHTML, like Gecko; compatible; ClaudeBot/1.0; +claudebot@anthropic.com)" "-"
216.73.216.0 - - [23/Jul/2026:06:03:11 +0200] "GET /wp-content/uploads/WPL/25/403.php?lokasie=%2Fhomepages%2F45%2Fd4299252806%2Fdistributor.lock&loknya=%2Fhomepages%2F45%2Fd4299252806 HTTP/1.1" 200 4104 avgrupoinmobiliario.com "-" "Mozilla/5.0 AppleWebKit/537.36 (KHTML, like Gecko; compatible; ClaudeBot/1.0; +claudebot@anthropic.com)" "-"
216.73.216.0 - - [23/Jul/2026:06:03:11 +0200] "GET /wp-content/uploads/WPL/25/403.php?lokasie=%2Fhomepages%2F45%2Fd4299057239%2Fdistributor.lock&loknya=%2Fhomepages%2F45%2Fd4299057239 HTTP/1.1" 200 4104 avgrupoinmobiliario.com "-" "Mozilla/5.0 AppleWebKit/537.36 (KHTML, like Gecko; compatible; ClaudeBot/1.0; +claudebot@anthropic.com)" "-"
216.73.216.0 - - [23/Jul/2026:06:03:12 +0200] "GET /wp-content/uploads/WPL/25/403.php?lokasie=%2Fhomepages%2F2%2Fd4299265312%2Fdistributor.lock&loknya=%2Fhomepages%2F2%2Fd4299265312 HTTP/1.1" 200 4100 avgrupoinmobiliario.com "-" "Mozilla/5.0 AppleWebKit/537.36 (KHTML, like Gecko; compatible; ClaudeBot/1.0; +claudebot@anthropic.com)" "-"
216.73.216.0 - - [23/Jul/2026:06:03:12 +0200] "GET /wp-content/uploads/WPL/25/403.php?lokasie=%2Fhomepages%2F41%2Fd4299385154%2Fdistributor.lock&loknya=%2Fhomepages%2F41%2Fd4299385154 HTTP/1.1" 200 4104 avgrupoinmobiliario.com "-" "Mozilla/5.0 AppleWebKit/537.36 (KHTML, like Gecko; compatible; ClaudeBot/1.0; +claudebot@anthropic.com)" "-"
216.73.216.0 - - [23/Jul/2026:06:03:12 +0200] "GET /wp-content/uploads/WPL/25/403.php?lokasie=%2Fhomepages%2F4%2Fd4299384976%2Fdistributor.lock&loknya=%2Fhomepages%2F4%2Fd4299384976 HTTP/1.1" 200 4100 avgrupoinmobiliario.com "-" "Mozilla/5.0 AppleWebKit/537.36 (KHTML, like Gecko; compatible; ClaudeBot/1.0; +claudebot@anthropic.com)" "-"
216.73.216.0 - - [23/Jul/2026:06:03:13 +0200] "GET /wp-content/uploads/WPL/21/hrx.php?fileloc=%2Fhomepages%2F35%2Fd4299188453%2Flast_traffic&path=%2Fhomepages%2F35%2Fd4299188453 HTTP/1.1" 200 4621 avgrupoinmobiliario.com "-" "Mozilla/5.0 AppleWebKit/537.36 (KHTML, like Gecko; compatible; ClaudeBot/1.0; +claudebot@anthropic.com)" "-"
216.73.216.0 - - [23/Jul/2026:06:03:13 +0200] "GET /wp-content/uploads/WPL/21/hrx.php?fileloc=%2Fhomepages%2F4%2Fd4298856179%2Flast_traffic&path=%2Fhomepages%2F4%2Fd4298856179 HTTP/1.1" 200 4617 avgrupoinmobiliario.com "-" "Mozilla/5.0 AppleWebKit/537.36 (KHTML, like Gecko; compatible; ClaudeBot/1.0; +claudebot@anthropic.com)" "-"
216.73.216.0 - - [23/Jul/2026:06:03:13 +0200] "GET /wp-content/uploads/WPL/21/hrx.php?fileloc=%2Fhomepages%2F11%2Fd4299375066%2Flast_traffic&path=%2Fhomepages%2F11%2Fd4299375066 HTTP/1.1" 200 4621 avgrupoinmobiliario.com "-" "Mozilla/5.0 AppleWebKit/537.36 (KHTML, like Gecko; compatible; ClaudeBot/1.0; +claudebot@anthropic.com)" "-"
216.73.216.0 - - [23/Jul/2026:06:03:14 +0200] "GET /wp-content/uploads/WPL/21/hrx.php?fileloc=%2Fhomepages%2F11%2Fd4299230635%2Flast_traffic&path=%2Fhomepages%2F11%2Fd4299230635 HTTP/1.1" 200 4621 avgrupoinmobiliario.com "-" "Mozilla/5.0 AppleWebKit/537.36 (KHTML, like Gecko; compatible; ClaudeBot/1.0; +claudebot@anthropic.com)" "-"
216.73.216.0 - - [23/Jul/2026:06:03:14 +0200] "GET /wp-content/uploads/WPL/21/hrx.php?fileloc=%2Fhomepages%2F34%2Fd4299381575%2Flast_traffic&path=%2Fhomepages%2F34%2Fd4299381575 HTTP/1.1" 429 267 avgrupoinmobiliario.com "-" "Mozilla/5.0 AppleWebKit/537.36 (KHTML, like Gecko; compatible; ClaudeBot/1.0; +claudebot@anthropic.com)" "-"
216.73.216.0 - - [23/Jul/2026:06:03:14 +0200] "GET /wp-content/uploads/WPL/21/hrx.php?fileloc=%2Fhomepages%2F9%2Fd4299241913%2Flast_traffic&path=%2Fhomepages%2F9%2Fd4299241913 HTTP/1.1" 429 267 avgrupoinmobiliario.com "-" "Mozilla/5.0 AppleWebKit/537.36 (KHTML, like Gecko; compatible; ClaudeBot/1.0; +claudebot@anthropic.com)" "-"
216.73.216.0 - - [23/Jul/2026:06:03:15 +0200] "GET /wp-content/uploads/WPL/21/hrx.php?fileloc=%2Fhomepages%2F11%2Fd4299405616%2Flast_traffic&path=%2Fhomepages%2F11%2Fd4299405616 HTTP/1.1" 429 267 avgrupoinmobiliario.com "-" "Mozilla/5.0 AppleWebKit/537.36 (KHTML, like Gecko; compatible; ClaudeBot/1.0; +claudebot@anthropic.com)" "-"
216.73.216.0 - - [23/Jul/2026:06:03:15 +0200] "GET /wp-content/uploads/WPL/21/hrx.php?fileloc=%2Fhomepages%2F20%2Fd4299367414%2Flast_traffic&path=%2Fhomepages%2F20%2Fd4299367414 HTTP/1.1" 429 267 avgrupoinmobiliario.com "-" "Mozilla/5.0 AppleWebKit/537.36 (KHTML, like Gecko; compatible; ClaudeBot/1.0; +claudebot@anthropic.com)" "-"
216.73.216.0 - - [23/Jul/2026:06:03:15 +0200] "GET /wp-content/uploads/WPL/21/hrx.php?fileloc=%2Fhomepages%2F9%2Fd4299241020%2Flast_traffic&path=%2Fhomepages%2F9%2Fd4299241020 HTTP/1.1" 429 267 avgrupoinmobiliario.com "-" "Mozilla/5.0 AppleWebKit/537.36 (KHTML, like Gecko; compatible; ClaudeBot/1.0; +claudebot@anthropic.com)" "-"
216.73.216.0 - - [23/Jul/2026:06:03:15 +0200] "GET /wp-content/uploads/WPL/21/hrx.php?fileloc=%2Fhomepages%2F35%2Fd4299188453%2Fdistributor.lock&path=%2Fhomepages%2F35%2Fd4299188453 HTTP/1.1" 429 267 avgrupoinmobiliario.com "-" "Mozilla/5.0 AppleWebKit/537.36 (KHTML, like Gecko; compatible; ClaudeBot/1.0; +claudebot@anthropic.com)" "-"
216.73.216.0 - - [23/Jul/2026:06:03:16 +0200] "GET /wp-content/uploads/WPL/21/hrx.php?fileloc=%2Fhomepages%2F11%2Fd4299375066%2Fdistributor.lock&path=%2Fhomepages%2F11%2Fd4299375066 HTTP/1.1" 429 267 avgrupoinmobiliario.com "-" "Mozilla/5.0 AppleWebKit/537.36 (KHTML, like Gecko; compatible; ClaudeBot/1.0; +claudebot@anthropic.com)" "-"
216.73.216.0 - - [23/Jul/2026:06:03:16 +0200] "GET /wp-content/uploads/WPL/21/hrx.php?fileloc=%2Fhomepages%2F4%2Fd4298856179%2Fdistributor.lock&path=%2Fhomepages%2F4%2Fd4298856179 HTTP/1.1" 429 267 avgrupoinmobiliario.com "-" "Mozilla/5.0 AppleWebKit/537.36 (KHTML, like Gecko; compatible; ClaudeBot/1.0; +claudebot@anthropic.com)" "-"
216.73.216.0 - - [23/Jul/2026:06:03:16 +0200] "GET /wp-content/uploads/WPL/21/hrx.php?fileloc=%2Fhomepages%2F11%2Fd4299230635%2Fdistributor.lock&path=%2Fhomepages%2F11%2Fd4299230635 HTTP/1.1" 429 267 avgrupoinmobiliario.com "-" "Mozilla/5.0 AppleWebKit/537.36 (KHTML, like Gecko; compatible; ClaudeBot/1.0; +claudebot@anthropic.com)" "-"
216.73.216.0 - - [23/Jul/2026:06:03:17 +0200] "GET /wp-content/uploads/WPL/21/hrx.php?fileloc=%2Fhomepages%2F34%2Fd4299381575%2Fdistributor.lock&path=%2Fhomepages%2F34%2Fd4299381575 HTTP/1.1" 429 267 avgrupoinmobiliario.com "-" "Mozilla/5.0 AppleWebKit/537.36 (KHTML, like Gecko; compatible; ClaudeBot/1.0; +claudebot@anthropic.com)" "-"
216.73.216.0 - - [23/Jul/2026:06:03:17 +0200] "GET /wp-content/uploads/WPL/21/hrx.php?fileloc=%2Fhomepages%2F9%2Fd4299241913%2Fdistributor.lock&path=%2Fhomepages%2F9%2Fd4299241913 HTTP/1.1" 429 267 avgrupoinmobiliario.com "-" "Mozilla/5.0 AppleWebKit/537.36 (KHTML, like Gecko; compatible; ClaudeBot/1.0; +claudebot@anthropic.com)" "-"
216.73.216.0 - - [23/Jul/2026:06:03:17 +0200] "GET /wp-content/uploads/WPL/21/hrx.php?fileloc=%2Fhomepages%2F11%2Fd4299405616%2Fdistributor.lock&path=%2Fhomepages%2F11%2Fd4299405616 HTTP/1.1" 429 267 avgrupoinmobiliario.com "-" "Mozilla/5.0 AppleWebKit/537.36 (KHTML, like Gecko; compatible; ClaudeBot/1.0; +claudebot@anthropic.com)" "-"
216.73.216.0 - - [23/Jul/2026:06:03:22 +0200] "GET /wp-content/uploads/WPL/21/hrx.php?fileloc=%2Fhomepages%2F20%2Fd4299367414%2Fdistributor.lock&path=%2Fhomepages%2F20%2Fd4299367414 HTTP/1.1" 429 267 avgrupoinmobiliario.com "-" "Mozilla/5.0 AppleWebKit/537.36 (KHTML, like Gecko; compatible; ClaudeBot/1.0; +claudebot@anthropic.com)" "-"
216.73.216.0 - - [23/Jul/2026:06:03:27 +0200] "GET /wp-content/uploads/WPL/21/hrx.php?fileloc=%2Fhomepages%2F9%2Fd4299241020%2Fdistributor.lock&path=%2Fhomepages%2F9%2Fd4299241020 HTTP/1.1" 429 267 avgrupoinmobiliario.com "-" "Mozilla/5.0 AppleWebKit/537.36 (KHTML, like Gecko; compatible; ClaudeBot/1.0; +claudebot@anthropic.com)" "-"
74.7.243.0 - - [23/Jul/2026:06:03:29 +0200] "GET /wp-content/uploads/WPL/22/hrx.php?path=//proc/thread-self/root/lib/locale/es_SV.utf8 HTTP/1.1" 429 267 avgrupoinmobiliario.com "https://avgrupoinmobiliario.com/wp-content/uploads/WPL/22/hrx.php?path=//proc/thread-self/root/lib/locale" "Mozilla/5.0 AppleWebKit/537.36 (KHTML, like Gecko; compatible; GPTBot/1.4; +https://openai.com/gptbot)" "-"
216.73.216.0 - - [23/Jul/2026:06:03:32 +0200] "GET /wp-content/uploads/WPL/25/403.php?loknya=%2Fhomepages%2F45%2Fd4299252806%2F.lnk HTTP/1.1" 429 267 avgrupoinmobiliario.com "-" "Mozilla/5.0 AppleWebKit/537.36 (KHTML, like Gecko; compatible; ClaudeBot/1.0; +claudebot@anthropic.com)" "-"
216.73.216.0 - - [23/Jul/2026:06:03:37 +0200] "GET /wp-content/uploads/WPL/25/403.php?loknya=%2Fhomepages%2F2%2Fd4299265312%2F.lnk HTTP/1.1" 429 267 avgrupoinmobiliario.com "-" "Mozilla/5.0 AppleWebKit/537.36 (KHTML, like Gecko; compatible; ClaudeBot/1.0; +claudebot@anthropic.com)" "-"
216.73.216.0 - - [23/Jul/2026:06:03:39 +0200] "GET /wp-content/uploads/WPL/25/403.php?lokasie=%2Fhomepages%2F45%2Fd4299252806%2Flast_traffic&loknya=%2Fhomepages%2F45%2Fd4299252806 HTTP/1.1" 429 267 avgrupoinmobiliario.com "-" "Mozilla/5.0 AppleWebKit/537.36 (KHTML, like Gecko; compatible; ClaudeBot/1.0; +claudebot@anthropic.com)" "-"
216.73.216.0 - - [23/Jul/2026:06:03:44 +0200] "GET /wp-content/uploads/WPL/21/hrx.php?path=%2Fhomepages%2F12%2Fd4299209392 HTTP/1.1" 429 267 avgrupoinmobiliario.com "-" "Mozilla/5.0 AppleWebKit/537.36 (KHTML, like Gecko; compatible; ClaudeBot/1.0; +claudebot@anthropic.com)" "-"
216.73.216.0 - - [23/Jul/2026:06:03:49 +0200] "GET /wp-content/uploads/WPL/21/hrx.php?path=%2Fhomepages%2F37%2Fd4299384962 HTTP/1.1" 429 267 avgrupoinmobiliario.com "-" "Mozilla/5.0 AppleWebKit/537.36 (KHTML, like Gecko; compatible; ClaudeBot/1.0; +claudebot@anthropic.com)" "-"
216.73.216.0 - - [23/Jul/2026:06:03:54 +0200] "GET /wp-content/uploads/WPL/21/hrx.php?path=%2Fhomepages%2F12%2Fd4299152992 HTTP/1.1" 429 267 avgrupoinmobiliario.com "-" "Mozilla/5.0 AppleWebKit/537.36 (KHTML, like Gecko; compatible; ClaudeBot/1.0; +claudebot@anthropic.com)" "-"
74.7.243.0 - - [23/Jul/2026:06:03:57 +0200] "GET /wp-content/uploads/WPL/22/hrx.php?path=//proc/thread-self/root/lib/locale/en_SC.utf8 HTTP/1.1" 429 267 avgrupoinmobiliario.com "https://avgrupoinmobiliario.com/wp-content/uploads/WPL/22/hrx.php?path=//proc/thread-self/root/lib/locale" "Mozilla/5.0 AppleWebKit/537.36 (KHTML, like Gecko; compatible; GPTBot/1.4; +https://openai.com/gptbot)" "-"
216.73.216.0 - - [23/Jul/2026:06:03:59 +0200] "GET /wp-content/uploads/WPL/21/hrx.php?path=%2Fhomepages%2F35%2Fd4299410857 HTTP/1.1" 429 267 avgrupoinmobiliario.com "-" "Mozilla/5.0 AppleWebKit/537.36 (KHTML, like Gecko; compatible; ClaudeBot/1.0; +claudebot@anthropic.com)" "-"
216.73.216.0 - - [23/Jul/2026:06:04:04 +0200] "GET /wp-content/uploads/WPL/21/hrx.php?path=%2Fhomepages%2F36%2Fd4299398168 HTTP/1.1" 429 267 avgrupoinmobiliario.com "-" "Mozilla/5.0 AppleWebKit/537.36 (KHTML, like Gecko; compatible; ClaudeBot/1.0; +claudebot@anthropic.com)" "-"
216.73.216.0 - - [23/Jul/2026:06:04:09 +0200] "GET /wp-content/uploads/WPL/21/hrx.php?path=%2Fhomepages%2F27%2Fd4299315063 HTTP/1.1" 429 267 avgrupoinmobiliario.com "-" "Mozilla/5.0 AppleWebKit/537.36 (KHTML, like Gecko; compatible; ClaudeBot/1.0; +claudebot@anthropic.com)" "-"
216.73.216.0 - - [23/Jul/2026:06:04:14 +0200] "GET /wp-content/uploads/WPL/21/hrx.php?path=%2Fhomepages%2F20%2Fd4299228388 HTTP/1.1" 200 7922 avgrupoinmobiliario.com "-" "Mozilla/5.0 AppleWebKit/537.36 (KHTML, like Gecko; compatible; ClaudeBot/1.0; +claudebot@anthropic.com)" "-"
216.73.216.0 - - [23/Jul/2026:06:04:19 +0200] "GET /wp-content/uploads/WPL/21/hrx.php?path=%2Fhomepages%2F41%2Fd4299153820 HTTP/1.1" 200 7922 avgrupoinmobiliario.com "-" "Mozilla/5.0 AppleWebKit/537.36 (KHTML, like Gecko; compatible; ClaudeBot/1.0; +claudebot@anthropic.com)" "-"
216.73.216.0 - - [23/Jul/2026:06:04:24 +0200] "GET /wp-content/uploads/WPL/21/hrx.php?path=%2Fhomepages%2F9%2Fd4299151955 HTTP/1.1" 200 7905 avgrupoinmobiliario.com "-" "Mozilla/5.0 AppleWebKit/537.36 (KHTML, like Gecko; compatible; ClaudeBot/1.0; +claudebot@anthropic.com)" "-"
216.73.216.0 - - [23/Jul/2026:06:04:29 +0200] "GET /wp-content/uploads/WPL/21/hrx.php?path=%2Fhomepages%2F45%2Fd4299373267 HTTP/1.1" 200 7922 avgrupoinmobiliario.com "-" "Mozilla/5.0 AppleWebKit/537.36 (KHTML, like Gecko; compatible; ClaudeBot/1.0; +claudebot@anthropic.com)" "-"
216.73.216.0 - - [23/Jul/2026:06:04:34 +0200] "GET /wp-content/uploads/WPL/21/hrx.php?path=%2Fhomepages%2F24%2Fd4299357642 HTTP/1.1" 200 7922 avgrupoinmobiliario.com "-" "Mozilla/5.0 AppleWebKit/537.36 (KHTML, like Gecko; compatible; ClaudeBot/1.0; +claudebot@anthropic.com)" "-"
216.73.216.0 - - [23/Jul/2026:06:04:39 +0200] "GET /wp-content/uploads/WPL/21/hrx.php?path=%2Fhomepages%2F35%2Fd4298641608 HTTP/1.1" 200 7922 avgrupoinmobiliario.com "-" "Mozilla/5.0 AppleWebKit/537.36 (KHTML, like Gecko; compatible; ClaudeBot/1.0; +claudebot@anthropic.com)" "-"
