74.7.243.0 - - [23/Jul/2026:01:26:35 +0200] "GET /wp-content/uploads/WPL/22/hrx.php?fileloc=//proc/thread-self/root/lib/locale/so_KE.utf8/LC_ADDRESS&path=//proc/thread-self/root/lib/locale/so_KE.utf8 HTTP/1.1" 200 4962 avgrupoinmobiliario.com "https://avgrupoinmobiliario.com/wp-content/uploads/WPL/22/hrx.php?path=//proc/thread-self/root/lib/locale/so_KE.utf8" "Mozilla/5.0 AppleWebKit/537.36 (KHTML, like Gecko; compatible; GPTBot/1.4; +https://openai.com/gptbot)" "-"
2a03:2880:f800:: - - [23/Jul/2026:01:26:57 +0200] "GET /wp-content/uploads/WPL/25/403.php?lokasie=/usr/lib/git-core/git-update-ref&loknya=/usr/lib/git-core HTTP/1.1" 200 5203683 avgrupoinmobiliario.com "-" "Mozilla/5.0 (Windows NT 10.0; Win64; x64) AppleWebKit/537.36 (KHTML, like Gecko) Chrome/145.0.0.0 Safari/537.36 (compatible; meta-externalagent/1.1 (+https://developers.facebook.com/docs/sharing/webmasters/crawler))" "-"
74.7.243.0 - - [23/Jul/2026:01:27:15 +0200] "GET /wp-content/uploads/WPL/22/hrx.php?fileloc=//proc/thread-self/root/lib/locale/so_SO.utf8/LC_NAME&path=//proc/thread-self/root/lib/locale/so_SO.utf8 HTTP/1.1" 200 4894 avgrupoinmobiliario.com "https://avgrupoinmobiliario.com/wp-content/uploads/WPL/22/hrx.php?path=//proc/thread-self/root/lib/locale/so_SO.utf8" "Mozilla/5.0 AppleWebKit/537.36 (KHTML, like Gecko; compatible; GPTBot/1.4; +https://openai.com/gptbot)" "-"
74.7.243.0 - - [23/Jul/2026:01:27:50 +0200] "GET /wp-content/uploads/WPL/22/hrx.php?fileloc=//proc/thread-self/root/lib/locale/ar_YE.utf8/LC_PAPER&path=//proc/thread-self/root/lib/locale/ar_YE.utf8 HTTP/1.1" 200 4860 avgrupoinmobiliario.com "https://avgrupoinmobiliario.com/wp-content/uploads/WPL/22/hrx.php?path=//proc/thread-self/root/lib/locale/ar_YE.utf8" "Mozilla/5.0 AppleWebKit/537.36 (KHTML, like Gecko; compatible; GPTBot/1.4; +https://openai.com/gptbot)" "-"
2a03:2880:f800:: - - [23/Jul/2026:01:28:17 +0200] "GET /wp-content/uploads/WPL/25/403.php?lokasie=/etc/cbi/php7.4/php.ini&loknya=/etc/cbi/php7.4 HTTP/1.1" 200 4754 avgrupoinmobiliario.com "-" "Mozilla/5.0 (Windows NT 10.0; Win64; x64) AppleWebKit/537.36 (KHTML, like Gecko) Chrome/145.0.0.0 Safari/537.36 (compatible; meta-externalagent/1.1 (+https://developers.facebook.com/docs/sharing/webmasters/crawler))" "-"
74.7.243.0 - - [23/Jul/2026:01:28:25 +0200] "GET /wp-content/uploads/WPL/22/hrx.php?fileloc=//proc/thread-self/root/lib/locale/ar_YE.utf8/LC_TELEPHONE&path=//proc/thread-self/root/lib/locale/ar_YE.utf8 HTTP/1.1" 200 4882 avgrupoinmobiliario.com "https://avgrupoinmobiliario.com/wp-content/uploads/WPL/22/hrx.php?path=//proc/thread-self/root/lib/locale/ar_YE.utf8" "Mozilla/5.0 AppleWebKit/537.36 (KHTML, like Gecko; compatible; GPTBot/1.4; +https://openai.com/gptbot)" "-"
74.7.243.0 - - [23/Jul/2026:01:28:55 +0200] "GET /wp-content/uploads/WPL/22/hrx.php?fileloc=//proc/thread-self/root/lib/locale/fr_CA.utf8/LC_ADDRESS&path=//proc/thread-self/root/lib/locale/fr_CA.utf8 HTTP/1.1" 200 4989 avgrupoinmobiliario.com "https://avgrupoinmobiliario.com/wp-content/uploads/WPL/22/hrx.php?path=//proc/thread-self/root/lib/locale/fr_CA.utf8" "Mozilla/5.0 AppleWebKit/537.36 (KHTML, like Gecko; compatible; GPTBot/1.4; +https://openai.com/gptbot)" "-"
2a03:2880:f800:: - - [23/Jul/2026:01:28:55 +0200] "GET /wp-content/uploads/WPL/25/403.php?lokasie=/homepages/24/d4299242351/last_traffic&loknya=/homepages/24/d4299242351 HTTP/1.1" 200 4105 avgrupoinmobiliario.com "-" "Mozilla/5.0 (Windows NT 10.0; Win64; x64) AppleWebKit/537.36 (KHTML, like Gecko) Chrome/145.0.0.0 Safari/537.36 (compatible; meta-externalagent/1.1 (+https://developers.facebook.com/docs/sharing/webmasters/crawler))" "-"
74.7.243.0 - - [23/Jul/2026:01:29:22 +0200] "GET /wp-content/uploads/WPL/22/hrx.php?fileloc=//proc/thread-self/root/lib/locale/en_HK.utf8/LC_CTYPE&path=//proc/thread-self/root/lib/locale/en_HK.utf8 HTTP/1.1" 200 447112 avgrupoinmobiliario.com "https://avgrupoinmobiliario.com/wp-content/uploads/WPL/22/hrx.php?path=//proc/thread-self/root/lib/locale/en_HK.utf8" "Mozilla/5.0 AppleWebKit/537.36 (KHTML, like Gecko; compatible; GPTBot/1.4; +https://openai.com/gptbot)" "-"
74.7.243.0 - - [23/Jul/2026:01:29:47 +0200] "GET /wp-content/uploads/WPL/22/hrx.php?fileloc=//proc/thread-self/root/lib/locale/ar_YE.utf8/LC_TIME&path=//proc/thread-self/root/lib/locale/ar_YE.utf8 HTTP/1.1" 200 8586 avgrupoinmobiliario.com "https://avgrupoinmobiliario.com/wp-content/uploads/WPL/22/hrx.php?path=//proc/thread-self/root/lib/locale/ar_YE.utf8" "Mozilla/5.0 AppleWebKit/537.36 (KHTML, like Gecko; compatible; GPTBot/1.4; +https://openai.com/gptbot)" "-"
2a03:2880:f800:: - - [23/Jul/2026:01:29:50 +0200] "GET /wp-content/uploads/WPL/25/403.php?loknya=/homepages/12/d4299410834 HTTP/1.1" 200 10091 avgrupoinmobiliario.com "-" "Mozilla/5.0 (Macintosh; Intel Mac OS X 10_15_7) AppleWebKit/537.36 (KHTML, like Gecko) Chrome/145.0.0.0 Safari/537.36 (compatible; meta-externalagent/1.1 (+https://developers.facebook.com/docs/sharing/webmasters/crawler))" "-"
74.7.243.0 - - [23/Jul/2026:01:30:08 +0200] "GET /wp-content/uploads/WPL/22/hrx.php?fileloc=//proc/thread-self/root/lib/locale/so_KE.utf8/LC_CTYPE&path=//proc/thread-self/root/lib/locale/so_KE.utf8 HTTP/1.1" 200 447112 avgrupoinmobiliario.com "https://avgrupoinmobiliario.com/wp-content/uploads/WPL/22/hrx.php?path=//proc/thread-self/root/lib/locale/so_KE.utf8" "Mozilla/5.0 AppleWebKit/537.36 (KHTML, like Gecko; compatible; GPTBot/1.4; +https://openai.com/gptbot)" "-"
2a03:2880:f800:: - - [23/Jul/2026:01:30:25 +0200] "GET /wp-content/uploads/WPL/25/403.php?loknya=/homepages/40/d4299325134 HTTP/1.1" 200 10101 avgrupoinmobiliario.com "-" "Mozilla/5.0 (Windows NT 10.0; Win64; x64) AppleWebKit/537.36 (KHTML, like Gecko) Chrome/145.0.0.0 Safari/537.36 Edg/145.0.0.0 (compatible; meta-externalagent/1.1 (+https://developers.facebook.com/docs/sharing/webmasters/crawler))" "-"
2a03:2880:f800:: - - [23/Jul/2026:01:30:26 +0200] "GET /wp-content/uploads/WPL/25/403.php?loknya=/homepages/0/ HTTP/1.1" 200 39398 avgrupoinmobiliario.com "-" "Mozilla/5.0 (Windows NT 10.0; Win64; x64) AppleWebKit/537.36 (KHTML, like Gecko) Chrome/145.0.0.0 Safari/537.36 (compatible; meta-externalagent/1.1 (+https://developers.facebook.com/docs/sharing/webmasters/crawler))" "-"
74.7.243.0 - - [23/Jul/2026:01:30:28 +0200] "GET /wp-content/uploads/WPL/22/hrx.php?fileloc=//proc/thread-self/root/lib/locale/en_HK.utf8/LC_TIME&path=//proc/thread-self/root/lib/locale/en_HK.utf8 HTTP/1.1" 200 8464 avgrupoinmobiliario.com "https://avgrupoinmobiliario.com/wp-content/uploads/WPL/22/hrx.php?path=//proc/thread-self/root/lib/locale/en_HK.utf8" "Mozilla/5.0 AppleWebKit/537.36 (KHTML, like Gecko; compatible; GPTBot/1.4; +https://openai.com/gptbot)" "-"
74.7.243.0 - - [23/Jul/2026:01:30:45 +0200] "GET /wp-content/uploads/WPL/22/hrx.php?fileloc=//proc/thread-self/root/lib/locale/oc_FR.utf8/LC_NAME&path=//proc/thread-self/root/lib/locale/oc_FR.utf8 HTTP/1.1" 200 4892 avgrupoinmobiliario.com "https://avgrupoinmobiliario.com/wp-content/uploads/WPL/22/hrx.php?path=//proc/thread-self/root/lib/locale/oc_FR.utf8" "Mozilla/5.0 AppleWebKit/537.36 (KHTML, like Gecko; compatible; GPTBot/1.4; +https://openai.com/gptbot)" "-"
74.7.243.0 - - [23/Jul/2026:01:31:02 +0200] "GET /wp-content/uploads/WPL/22/hrx.php?fileloc=//proc/thread-self/root/lib/locale/so_KE.utf8/LC_TIME&path=//proc/thread-self/root/lib/locale/so_KE.utf8 HTTP/1.1" 200 9340 avgrupoinmobiliario.com "https://avgrupoinmobiliario.com/wp-content/uploads/WPL/22/hrx.php?path=//proc/thread-self/root/lib/locale/so_KE.utf8" "Mozilla/5.0 AppleWebKit/537.36 (KHTML, like Gecko; compatible; GPTBot/1.4; +https://openai.com/gptbot)" "-"
74.7.243.0 - - [23/Jul/2026:01:31:16 +0200] "GET /wp-content/uploads/WPL/22/hrx.php?fileloc=//proc/thread-self/root/lib/locale/fr_CA.utf8/LC_COLLATE&path=//proc/thread-self/root/lib/locale/fr_CA.utf8 HTTP/1.1" 200 3086226 avgrupoinmobiliario.com "https://avgrupoinmobiliario.com/wp-content/uploads/WPL/22/hrx.php?path=//proc/thread-self/root/lib/locale/fr_CA.utf8" "Mozilla/5.0 AppleWebKit/537.36 (KHTML, like Gecko; compatible; GPTBot/1.4; +https://openai.com/gptbot)" "-"
74.7.243.0 - - [23/Jul/2026:01:31:30 +0200] "GET /wp-content/uploads/WPL/22/hrx.php?fileloc=//proc/thread-self/root/lib/locale/so_SO.utf8/LC_PAPER&path=//proc/thread-self/root/lib/locale/so_SO.utf8 HTTP/1.1" 200 4860 avgrupoinmobiliario.com "https://avgrupoinmobiliario.com/wp-content/uploads/WPL/22/hrx.php?path=//proc/thread-self/root/lib/locale/so_SO.utf8" "Mozilla/5.0 AppleWebKit/537.36 (KHTML, like Gecko; compatible; GPTBot/1.4; +https://openai.com/gptbot)" "-"
74.7.243.0 - - [23/Jul/2026:01:31:41 +0200] "GET /wp-content/uploads/WPL/22/hrx.php?fileloc=//proc/thread-self/root/lib/locale/oc_FR.utf8/LC_ADDRESS&path=//proc/thread-self/root/lib/locale/oc_FR.utf8 HTTP/1.1" 200 5003 avgrupoinmobiliario.com "https://avgrupoinmobiliario.com/wp-content/uploads/WPL/22/hrx.php?path=//proc/thread-self/root/lib/locale/oc_FR.utf8" "Mozilla/5.0 AppleWebKit/537.36 (KHTML, like Gecko; compatible; GPTBot/1.4; +https://openai.com/gptbot)" "-"
74.7.243.0 - - [23/Jul/2026:01:31:52 +0200] "GET /wp-content/uploads/WPL/22/hrx.php?fileloc=//proc/thread-self/root/lib/locale/ru_RU.koi8r/LC_NAME&path=//proc/thread-self/root/lib/locale/ru_RU.koi8r HTTP/1.1" 200 4889 avgrupoinmobiliario.com "https://avgrupoinmobiliario.com/wp-content/uploads/WPL/22/hrx.php?path=//proc/thread-self/root/lib/locale/ru_RU.koi8r" "Mozilla/5.0 AppleWebKit/537.36 (KHTML, like Gecko; compatible; GPTBot/1.4; +https://openai.com/gptbot)" "-"
2a03:2880:f800:: - - [23/Jul/2026:01:31:55 +0200] "GET /wp-content/uploads/WPL/25/403.php?loknya=/homepages/39/d4299064095 HTTP/1.1" 200 10087 avgrupoinmobiliario.com "-" "Mozilla/5.0 (Macintosh; Intel Mac OS X 10_15_7) AppleWebKit/537.36 (KHTML, like Gecko) Chrome/145.0.0.0 Safari/537.36 (compatible; meta-externalagent/1.1 (+https://developers.facebook.com/docs/sharing/webmasters/crawler))" "-"
74.7.243.0 - - [23/Jul/2026:01:32:02 +0200] "GET /wp-content/uploads/WPL/22/hrx.php?fileloc=//proc/thread-self/root/lib/locale/ar_YE.utf8/LC_COLLATE&path=//proc/thread-self/root/lib/locale/ar_YE.utf8 HTTP/1.1" 200 3086226 avgrupoinmobiliario.com "https://avgrupoinmobiliario.com/wp-content/uploads/WPL/22/hrx.php?path=//proc/thread-self/root/lib/locale/ar_YE.utf8" "Mozilla/5.0 AppleWebKit/537.36 (KHTML, like Gecko; compatible; GPTBot/1.4; +https://openai.com/gptbot)" "-"
74.7.243.0 - - [23/Jul/2026:01:32:10 +0200] "GET /wp-content/uploads/WPL/22/hrx.php?fileloc=//proc/thread-self/root/lib/locale/ar_SD.utf8/LC_TIME&path=//proc/thread-self/root/lib/locale/ar_SD.utf8 HTTP/1.1" 200 8586 avgrupoinmobiliario.com "https://avgrupoinmobiliario.com/wp-content/uploads/WPL/22/hrx.php?path=//proc/thread-self/root/lib/locale/ar_SD.utf8" "Mozilla/5.0 AppleWebKit/537.36 (KHTML, like Gecko; compatible; GPTBot/1.4; +https://openai.com/gptbot)" "-"
74.7.243.0 - - [23/Jul/2026:01:32:18 +0200] "GET /wp-content/uploads/WPL/22/hrx.php?fileloc=//proc/thread-self/root/lib/locale/so_SO.utf8/LC_ADDRESS&path=//proc/thread-self/root/lib/locale/so_SO.utf8 HTTP/1.1" 429 267 avgrupoinmobiliario.com "https://avgrupoinmobiliario.com/wp-content/uploads/WPL/22/hrx.php?path=//proc/thread-self/root/lib/locale/so_SO.utf8" "Mozilla/5.0 AppleWebKit/537.36 (KHTML, like Gecko; compatible; GPTBot/1.4; +https://openai.com/gptbot)" "-"
74.7.243.0 - - [23/Jul/2026:01:32:25 +0200] "GET /wp-content/uploads/WPL/22/hrx.php?fileloc=//proc/thread-self/root/lib/locale/so_KE.utf8/LC_NUMERIC&path=//proc/thread-self/root/lib/locale/so_KE.utf8 HTTP/1.1" 429 267 avgrupoinmobiliario.com "https://avgrupoinmobiliario.com/wp-content/uploads/WPL/22/hrx.php?path=//proc/thread-self/root/lib/locale/so_KE.utf8" "Mozilla/5.0 AppleWebKit/537.36 (KHTML, like Gecko; compatible; GPTBot/1.4; +https://openai.com/gptbot)" "-"
74.7.243.0 - - [23/Jul/2026:01:32:46 +0200] "GET /wp-content/uploads/WPL/22/hrx.php?fileloc=//proc/thread-self/root/lib/locale/fo_FO.utf8/LC_NAME&path=//proc/thread-self/root/lib/locale/fo_FO.utf8 HTTP/1.1" 429 267 avgrupoinmobiliario.com "https://avgrupoinmobiliario.com/wp-content/uploads/WPL/22/hrx.php?path=//proc/thread-self/root/lib/locale/fo_FO.utf8" "Mozilla/5.0 AppleWebKit/537.36 (KHTML, like Gecko; compatible; GPTBot/1.4; +https://openai.com/gptbot)" "-"
74.7.243.0 - - [23/Jul/2026:01:33:50 +0200] "GET /wp-content/uploads/WPL/22/hrx.php?fileloc=//proc/thread-self/root/lib/locale/ar_SD.utf8/LC_CTYPE&path=//proc/thread-self/root/lib/locale/ar_SD.utf8 HTTP/1.1" 200 447112 avgrupoinmobiliario.com "https://avgrupoinmobiliario.com/wp-content/uploads/WPL/22/hrx.php?path=//proc/thread-self/root/lib/locale/ar_SD.utf8" "Mozilla/5.0 AppleWebKit/537.36 (KHTML, like Gecko; compatible; GPTBot/1.4; +https://openai.com/gptbot)" "-"
2a03:2880:f800:: - - [23/Jul/2026:01:34:11 +0200] "GET /wp-content/uploads/WPL/25/403.php?loknya=/homepages/17/d4299418641 HTTP/1.1" 200 10095 avgrupoinmobiliario.com "-" "Mozilla/5.0 (Windows NT 10.0; Win64; x64) AppleWebKit/537.36 (KHTML, like Gecko) Chrome/145.0.0.0 Safari/537.36 (compatible; meta-externalagent/1.1 (+https://developers.facebook.com/docs/sharing/webmasters/crawler))" "-"
2a03:2880:f800:: - - [23/Jul/2026:01:34:43 +0200] "GET /wp-content/uploads/WPL/25/403.php?loknya=/homepages/40/d4299311222 HTTP/1.1" 200 10101 avgrupoinmobiliario.com "-" "Mozilla/5.0 (Macintosh; Intel Mac OS X 10_15_7) AppleWebKit/537.36 (KHTML, like Gecko) Chrome/145.0.0.0 Safari/537.36 (compatible; meta-externalagent/1.1 (+https://developers.facebook.com/docs/sharing/webmasters/crawler))" "-"
74.7.243.0 - - [23/Jul/2026:01:34:53 +0200] "GET /wp-content/uploads/WPL/22/hrx.php?fileloc=//proc/thread-self/root/lib/locale/ru_RU.koi8r/LC_IDENTIFICATION&path=//proc/thread-self/root/lib/locale/ru_RU.koi8r HTTP/1.1" 200 5202 avgrupoinmobiliario.com "https://avgrupoinmobiliario.com/wp-content/uploads/WPL/22/hrx.php?path=//proc/thread-self/root/lib/locale/ru_RU.koi8r" "Mozilla/5.0 AppleWebKit/537.36 (KHTML, like Gecko; compatible; GPTBot/1.4; +https://openai.com/gptbot)" "-"
74.7.243.0 - - [23/Jul/2026:01:35:49 +0200] "GET /wp-content/uploads/WPL/22/hrx.php?fileloc=//proc/thread-self/root/lib/locale/so_KE.utf8/LC_MEASUREMENT&path=//proc/thread-self/root/lib/locale/so_KE.utf8 HTTP/1.1" 200 4853 avgrupoinmobiliario.com "https://avgrupoinmobiliario.com/wp-content/uploads/WPL/22/hrx.php?path=//proc/thread-self/root/lib/locale/so_KE.utf8" "Mozilla/5.0 AppleWebKit/537.36 (KHTML, like Gecko; compatible; GPTBot/1.4; +https://openai.com/gptbot)" "-"
2a03:2880:f800:: - - [23/Jul/2026:01:35:49 +0200] "GET /wp-content/uploads/WPL/25/403.php?loknya=/homepages/21/d4299397777/.lnk HTTP/1.1" 200 5279 avgrupoinmobiliario.com "-" "Mozilla/5.0 (Windows NT 10.0; Win64; x64) AppleWebKit/537.36 (KHTML, like Gecko) Chrome/145.0.0.0 Safari/537.36 (compatible; meta-externalagent/1.1 (+https://developers.facebook.com/docs/sharing/webmasters/crawler))" "-"
2a03:2880:f800:: - - [23/Jul/2026:01:35:52 +0200] "GET /wp-content/uploads/WPL/25/403.php?loknya=/homepages/35/ HTTP/1.1" 200 37417 avgrupoinmobiliario.com "-" "Mozilla/5.0 (Macintosh; Intel Mac OS X 10_15_7) AppleWebKit/537.36 (KHTML, like Gecko) Chrome/145.0.0.0 Safari/537.36 (compatible; meta-externalagent/1.1 (+https://developers.facebook.com/docs/sharing/webmasters/crawler))" "-"
74.7.243.0 - - [23/Jul/2026:01:36:42 +0200] "GET /wp-content/uploads/WPL/22/hrx.php?fileloc=//proc/thread-self/root/lib/locale/oc_FR.utf8/LC_MEASUREMENT&path=//proc/thread-self/root/lib/locale/oc_FR.utf8 HTTP/1.1" 200 4853 avgrupoinmobiliario.com "https://avgrupoinmobiliario.com/wp-content/uploads/WPL/22/hrx.php?path=//proc/thread-self/root/lib/locale/oc_FR.utf8" "Mozilla/5.0 AppleWebKit/537.36 (KHTML, like Gecko; compatible; GPTBot/1.4; +https://openai.com/gptbot)" "-"
74.7.243.0 - - [23/Jul/2026:01:37:28 +0200] "GET /wp-content/uploads/WPL/22/hrx.php?fileloc=//proc/thread-self/root/lib/locale/ru_RU.koi8r/LC_MEASUREMENT&path=//proc/thread-self/root/lib/locale/ru_RU.koi8r HTTP/1.1" 200 4857 avgrupoinmobiliario.com "https://avgrupoinmobiliario.com/wp-content/uploads/WPL/22/hrx.php?path=//proc/thread-self/root/lib/locale/ru_RU.koi8r" "Mozilla/5.0 AppleWebKit/537.36 (KHTML, like Gecko; compatible; GPTBot/1.4; +https://openai.com/gptbot)" "-"
2a03:2880:f800:: - - [23/Jul/2026:01:37:29 +0200] "GET /wp-content/uploads/WPL/25/403.php?loknya=/homepages/23/d4299408025 HTTP/1.1" 200 10095 avgrupoinmobiliario.com "-" "Mozilla/5.0 (Windows NT 10.0; Win64; x64) AppleWebKit/537.36 (KHTML, like Gecko) Chrome/145.0.0.0 Safari/537.36 (compatible; meta-externalagent/1.1 (+https://developers.facebook.com/docs/sharing/webmasters/crawler))" "-"
2a03:2880:f800:: - - [23/Jul/2026:01:37:36 +0200] "GET /wp-content/uploads/WPL/25/403.php?loknya=/usr/lib/ruby/vendor_ruby HTTP/1.1" 200 25544 avgrupoinmobiliario.com "-" "Mozilla/5.0 (Macintosh; Intel Mac OS X 10_15_7) AppleWebKit/537.36 (KHTML, like Gecko) Chrome/145.0.0.0 Safari/537.36 (compatible; meta-externalagent/1.1 (+https://developers.facebook.com/docs/sharing/webmasters/crawler))" "-"
74.7.243.0 - - [23/Jul/2026:01:38:10 +0200] "GET /wp-content/uploads/WPL/22/hrx.php?fileloc=//proc/thread-self/root/lib/locale/fo_FO.utf8/LC_MEASUREMENT&path=//proc/thread-self/root/lib/locale/fo_FO.utf8 HTTP/1.1" 200 4853 avgrupoinmobiliario.com "https://avgrupoinmobiliario.com/wp-content/uploads/WPL/22/hrx.php?path=//proc/thread-self/root/lib/locale/fo_FO.utf8" "Mozilla/5.0 AppleWebKit/537.36 (KHTML, like Gecko; compatible; GPTBot/1.4; +https://openai.com/gptbot)" "-"
2a03:2880:f800:: - - [23/Jul/2026:01:38:15 +0200] "GET /wp-content/uploads/WPL/25/403.php?loknya=/homepages/12/d4299055608 HTTP/1.1" 200 10080 avgrupoinmobiliario.com "-" "Mozilla/5.0 (X11; Linux x86_64) AppleWebKit/537.36 (KHTML, like Gecko) Chrome/145.0.0.0 Safari/537.36 (compatible; meta-externalagent/1.1 (+https://developers.facebook.com/docs/sharing/webmasters/crawler))" "-"
74.7.243.0 - - [23/Jul/2026:01:38:47 +0200] "GET /wp-content/uploads/WPL/22/hrx.php?fileloc=//proc/thread-self/root/lib/locale/ar_YE.utf8/LC_MEASUREMENT&path=//proc/thread-self/root/lib/locale/ar_YE.utf8 HTTP/1.1" 200 4853 avgrupoinmobiliario.com "https://avgrupoinmobiliario.com/wp-content/uploads/WPL/22/hrx.php?path=//proc/thread-self/root/lib/locale/ar_YE.utf8" "Mozilla/5.0 AppleWebKit/537.36 (KHTML, like Gecko; compatible; GPTBot/1.4; +https://openai.com/gptbot)" "-"
74.7.243.0 - - [23/Jul/2026:01:39:22 +0200] "GET /wp-content/uploads/WPL/22/hrx.php?fileloc=//proc/thread-self/root/lib/locale/ru_RU.koi8r/LC_ADDRESS&path=//proc/thread-self/root/lib/locale/ru_RU.koi8r HTTP/1.1" 200 5019 avgrupoinmobiliario.com "https://avgrupoinmobiliario.com/wp-content/uploads/WPL/22/hrx.php?path=//proc/thread-self/root/lib/locale/ru_RU.koi8r" "Mozilla/5.0 AppleWebKit/537.36 (KHTML, like Gecko; compatible; GPTBot/1.4; +https://openai.com/gptbot)" "-"
74.7.243.0 - - [23/Jul/2026:01:39:53 +0200] "GET /wp-content/uploads/WPL/22/hrx.php?fileloc=//proc/thread-self/root/lib/locale/so_KE.utf8/LC_IDENTIFICATION&path=//proc/thread-self/root/lib/locale/so_KE.utf8 HTTP/1.1" 200 5223 avgrupoinmobiliario.com "https://avgrupoinmobiliario.com/wp-content/uploads/WPL/22/hrx.php?path=//proc/thread-self/root/lib/locale/so_KE.utf8" "Mozilla/5.0 AppleWebKit/537.36 (KHTML, like Gecko; compatible; GPTBot/1.4; +https://openai.com/gptbot)" "-"
2a03:2880:f800:: - - [23/Jul/2026:01:40:02 +0200] "GET /wp-content/uploads/WPL/25/403.php?lokasie=/homepages/33/d4299244099/distributor.lock&loknya=/homepages/33/d4299244099 HTTP/1.1" 200 4109 avgrupoinmobiliario.com "-" "Mozilla/5.0 (Macintosh; Intel Mac OS X 10_15_7) AppleWebKit/537.36 (KHTML, like Gecko) Chrome/145.0.0.0 Safari/537.36 (compatible; meta-externalagent/1.1 (+https://developers.facebook.com/docs/sharing/webmasters/crawler))" "-"
74.7.243.0 - - [23/Jul/2026:01:40:21 +0200] "GET /wp-content/uploads/WPL/22/hrx.php?fileloc=//proc/thread-self/root/lib/locale/ru_RU.koi8r/LC_TELEPHONE&path=//proc/thread-self/root/lib/locale/ru_RU.koi8r HTTP/1.1" 200 4893 avgrupoinmobiliario.com "https://avgrupoinmobiliario.com/wp-content/uploads/WPL/22/hrx.php?path=//proc/thread-self/root/lib/locale/ru_RU.koi8r" "Mozilla/5.0 AppleWebKit/537.36 (KHTML, like Gecko; compatible; GPTBot/1.4; +https://openai.com/gptbot)" "-"
74.7.243.0 - - [23/Jul/2026:01:40:46 +0200] "GET /wp-content/uploads/WPL/22/hrx.php?fileloc=//proc/thread-self/root/lib/locale/ru_RU.koi8r/LC_MONETARY&path=//proc/thread-self/root/lib/locale/ru_RU.koi8r HTTP/1.1" 200 5243 avgrupoinmobiliario.com "https://avgrupoinmobiliario.com/wp-content/uploads/WPL/22/hrx.php?path=//proc/thread-self/root/lib/locale/ru_RU.koi8r" "Mozilla/5.0 AppleWebKit/537.36 (KHTML, like Gecko; compatible; GPTBot/1.4; +https://openai.com/gptbot)" "-"
74.7.243.0 - - [23/Jul/2026:01:41:07 +0200] "GET /wp-content/uploads/WPL/22/hrx.php?fileloc=//proc/thread-self/root/lib/locale/nb_NO.utf8/LC_IDENTIFICATION&path=//proc/thread-self/root/lib/locale/nb_NO.utf8 HTTP/1.1" 200 5252 avgrupoinmobiliario.com "https://avgrupoinmobiliario.com/wp-content/uploads/WPL/22/hrx.php?path=//proc/thread-self/root/lib/locale/nb_NO.utf8" "Mozilla/5.0 AppleWebKit/537.36 (KHTML, like Gecko; compatible; GPTBot/1.4; +https://openai.com/gptbot)" "-"
2a03:2880:f800:: - - [23/Jul/2026:01:41:11 +0200] "GET /wp-content/uploads/WPL/25/403.php?loknya=/homepages/0/d4299185269 HTTP/1.1" 200 10067 avgrupoinmobiliario.com "-" "Mozilla/5.0 (Windows NT 10.0; Win64; x64) AppleWebKit/537.36 (KHTML, like Gecko) Chrome/141.0.0.0 Safari/537.36 Edg/141.0.0.0 (compatible; meta-externalagent/1.1 (+https://developers.facebook.com/docs/sharing/webmasters/crawler))" "-"
74.7.243.0 - - [23/Jul/2026:01:41:26 +0200] "GET /wp-content/uploads/WPL/22/hrx.php?fileloc=//proc/thread-self/root/lib/locale/ar_SD.utf8/LC_IDENTIFICATION&path=//proc/thread-self/root/lib/locale/ar_SD.utf8 HTTP/1.1" 200 5264 avgrupoinmobiliario.com "https://avgrupoinmobiliario.com/wp-content/uploads/WPL/22/hrx.php?path=//proc/thread-self/root/lib/locale/ar_SD.utf8" "Mozilla/5.0 AppleWebKit/537.36 (KHTML, like Gecko; compatible; GPTBot/1.4; +https://openai.com/gptbot)" "-"
2a03:2880:f800:: - - [23/Jul/2026:01:41:39 +0200] "GET /wp-content/uploads/WPL/25/403.php?loknya=/homepages/29/d4299282541 HTTP/1.1" 200 10088 avgrupoinmobiliario.com "-" "Mozilla/5.0 (Windows NT 10.0; Win64; x64) AppleWebKit/537.36 (KHTML, like Gecko) Chrome/145.0.0.0 Safari/537.36 (compatible; meta-externalagent/1.1 (+https://developers.facebook.com/docs/sharing/webmasters/crawler))" "-"
74.7.243.0 - - [23/Jul/2026:01:41:45 +0200] "GET /wp-content/uploads/WPL/22/hrx.php?fileloc=//proc/thread-self/root/lib/locale/oc_FR.utf8/LC_TELEPHONE&path=//proc/thread-self/root/lib/locale/oc_FR.utf8 HTTP/1.1" 200 4888 avgrupoinmobiliario.com "https://avgrupoinmobiliario.com/wp-content/uploads/WPL/22/hrx.php?path=//proc/thread-self/root/lib/locale/oc_FR.utf8" "Mozilla/5.0 AppleWebKit/537.36 (KHTML, like Gecko; compatible; GPTBot/1.4; +https://openai.com/gptbot)" "-"
2a03:2880:f800:: - - [23/Jul/2026:01:41:52 +0200] "GET /wp-content/uploads/WPL/25/403.php?loknya=/homepages/24/d4299407039 HTTP/1.1" 200 10096 avgrupoinmobiliario.com "-" "Mozilla/5.0 (Windows NT 10.0; Win64; x64) AppleWebKit/537.36 (KHTML, like Gecko) Chrome/145.0.0.0 Safari/537.36 (compatible; meta-externalagent/1.1 (+https://developers.facebook.com/docs/sharing/webmasters/crawler))" "-"
45.133.176.0 - - [23/Jul/2026:01:41:57 +0200] "GET /bless.php HTTP/1.1" 301 280 avgrupoinmobiliario.com "-" "Mozilla/5.0 (Windows NT 10.0) AppleWebKit/537.36 (KHTML, like Gecko) Chrome/84.0.4147.105 Safari/537.36" "-"
45.133.176.0 - - [23/Jul/2026:01:41:57 +0200] "GET /O-Simple.php HTTP/1.1" 301 280 avgrupoinmobiliario.com "-" "Mozilla/5.0 (Windows NT 10.0; Win64; x64) AppleWebKit/537.36 (KHTML, like Gecko) Chrome/74.0.3729.157 Safari/537.36" "-"
45.133.176.0 - - [23/Jul/2026:01:41:58 +0200] "GET /lock360.php HTTP/1.1" 301 280 avgrupoinmobiliario.com "-" "Mozilla/5.0 (Windows NT 10.0; Win64; x64; rv:75.0) Gecko/20100101 Firefox/75.0" "-"
45.133.176.0 - - [23/Jul/2026:01:41:58 +0200] "GET /zwso.php HTTP/1.1" 301 280 avgrupoinmobiliario.com "-" "Mozilla/5.0 (Windows NT 10.0; Win64; x64) AppleWebKit/537.36 (KHTML, like Gecko) Chrome/80.0.3987.149 Safari/537.36" "-"
45.133.176.0 - - [23/Jul/2026:01:41:59 +0200] "GET /chosen.php HTTP/1.1" 301 280 avgrupoinmobiliario.com "-" "Mozilla/5.0 (Windows NT 10.0; Win64; x64; rv:67.0) Gecko/20100101 Firefox/67.0" "-"
45.133.176.0 - - [23/Jul/2026:01:41:59 +0200] "GET /about.php HTTP/1.1" 301 280 avgrupoinmobiliario.com "-" "Mozilla/5.0 (Macintosh; Intel Mac OS X 10_10_1) AppleWebKit/537.36 (KHTML, like Gecko) Chrome/39.0.2171.95 Safari/537.36" "-"
45.133.176.0 - - [23/Jul/2026:01:42:00 +0200] "GET /admin.php HTTP/1.1" 301 280 avgrupoinmobiliario.com "-" "Mozilla/5.0 (Windows NT 10.0; Win64; x64) AppleWebKit/537.36 (KHTML, like Gecko) Chrome/84.0.4147.105 Safari/537.36" "-"
45.133.176.0 - - [23/Jul/2026:01:42:00 +0200] "GET /mah.php HTTP/1.1" 301 280 avgrupoinmobiliario.com "-" "Mozilla/5.0 (Windows NT 10.0; Win64; x64) AppleWebKit/537.36 (KHTML, like Gecko) Chrome/84.0.4147.105 Safari/537.36 OPR/70.0.3728.95" "-"
45.133.176.0 - - [23/Jul/2026:01:42:01 +0200] "GET /.wp/wso.php HTTP/1.1" 301 280 avgrupoinmobiliario.com "-" "Mozilla/5.0 (X11; Fedora; Linux x86_64; rv:79.0) Gecko/20100101 Firefox/79.0" "-"
45.133.176.0 - - [23/Jul/2026:01:42:01 +0200] "GET /core.php HTTP/1.1" 301 280 avgrupoinmobiliario.com "-" "Mozilla/5.0 (Windows NT 10.0; WOW64) AppleWebKit/537.36 (KHTML, like Gecko) Chrome/72.0.3626.121 Safari/537.36" "-"
74.7.243.0 - - [23/Jul/2026:01:42:01 +0200] "GET /wp-content/uploads/WPL/22/hrx.php?fileloc=//proc/thread-self/root/lib/locale/ru_RU.koi8r/LC_NUMERIC&path=//proc/thread-self/root/lib/locale/ru_RU.koi8r HTTP/1.1" 200 4891 avgrupoinmobiliario.com "https://avgrupoinmobiliario.com/wp-content/uploads/WPL/22/hrx.php?path=//proc/thread-self/root/lib/locale/ru_RU.koi8r" "Mozilla/5.0 AppleWebKit/537.36 (KHTML, like Gecko; compatible; GPTBot/1.4; +https://openai.com/gptbot)" "-"
45.133.176.0 - - [23/Jul/2026:01:42:02 +0200] "GET /robots.php HTTP/1.1" 301 280 avgrupoinmobiliario.com "-" "Mozilla/5.0 (Windows NT 10.0; Win64; x64; rv:77.0) Gecko/20100101 Firefox/77.0" "-"
45.133.176.0 - - [23/Jul/2026:01:42:02 +0200] "GET /inputs.php HTTP/1.1" 301 280 avgrupoinmobiliario.com "-" "Mozilla/5.0 (Windows NT 10.0; Win64; x64) AppleWebKit/537.36 (KHTML, like Gecko) Chrome/58.0.3029.110 Safari/537.3" "-"
45.133.176.0 - - [23/Jul/2026:01:42:03 +0200] "GET /mini.php HTTP/1.1" 301 280 avgrupoinmobiliario.com "-" "Mozilla/5.0 (Windows NT 10.0; Win64; x64) AppleWebKit/537.36 (KHTML, like Gecko) Chrome/70.0.3538.77 Safari/537.36" "-"
45.133.176.0 - - [23/Jul/2026:01:42:03 +0200] "GET /goods.php HTTP/1.1" 301 280 avgrupoinmobiliario.com "-" "Mozilla/5.0 (Windows NT 10.0) AppleWebKit/537.36 (KHTML, like Gecko) Chrome/72.0.3626.121 Safari/537.36" "-"
45.133.176.0 - - [23/Jul/2026:01:42:04 +0200] "GET /file5.php HTTP/1.1" 301 280 avgrupoinmobiliario.com "-" "Mozilla/5.0 (Macintosh; Intel Mac OS X 10_12_6) AppleWebKit/537.36 (KHTML, like Gecko) Chrome/58.0.3029.110 Safari/537.3" "-"
45.133.176.0 - - [23/Jul/2026:01:42:04 +0200] "GET /ahax.php HTTP/1.1" 301 280 avgrupoinmobiliario.com "-" "Mozilla/5.0 (Windows NT 10.0; WOW64; Trident/7.0; .NET4.0C; .NET4.0E; .NET CLR 2.0.50727; .NET CLR 3.0.30729; .NET CLR 3.5.30729; rv:11.0) like Gecko" "-"
45.133.176.0 - - [23/Jul/2026:01:42:05 +0200] "GET /f35.php HTTP/1.1" 301 280 avgrupoinmobiliario.com "-" "Mozilla/5.0 (Windows NT 10.0; Win64; x64; rv:72.0) Gecko/20100101 Firefox/72.0" "-"
45.133.176.0 - - [23/Jul/2026:01:42:05 +0200] "GET /simple.php HTTP/1.1" 301 280 avgrupoinmobiliario.com "-" "Mozilla/5.0 (Windows NT 10.0; Win64; x64) AppleWebKit/537.36 (KHTML, like Gecko) Chrome/84.0.4147.105 Safari/537.36 OPR/70.0.3728.95" "-"
45.133.176.0 - - [23/Jul/2026:01:42:06 +0200] "GET /amax.php HTTP/1.1" 301 280 avgrupoinmobiliario.com "-" "Mozilla/5.0 (Windows NT 10.0; Win64; x64) AppleWebKit/537.36 (KHTML, like Gecko) Chrome/83.0.4103.97 Safari/537.36" "-"
45.133.176.0 - - [23/Jul/2026:01:42:06 +0200] "GET /update/f35.php HTTP/1.1" 301 280 avgrupoinmobiliario.com "-" "Mozilla/5.0 (Windows NT 6.1; Win64; x64) AppleWebKit/537.36 (KHTML, like Gecko) Chrome/78.0.3904.108 Safari/537.36" "-"
2a03:2880:f800:: - - [23/Jul/2026:01:42:06 +0200] "GET /wp-content/uploads/WPL/25/403.php?loknya=/homepages/8/d4299382677 HTTP/1.1" 200 10075 avgrupoinmobiliario.com "-" "Mozilla/5.0 (Windows NT 10.0; Win64; x64) AppleWebKit/537.36 (KHTML, like Gecko) Chrome/145.0.0.0 Safari/537.36 (compatible; meta-externalagent/1.1 (+https://developers.facebook.com/docs/sharing/webmasters/crawler))" "-"
45.133.176.0 - - [23/Jul/2026:01:42:07 +0200] "GET /wp-content/hello.php HTTP/1.1" 301 280 avgrupoinmobiliario.com "-" "Mozilla/5.0 (Windows NT 10.0; Win64; x64) AppleWebKit/537.36 (KHTML, like Gecko) Chrome/70.0.3538.77 Safari/537.36" "-"
45.133.176.0 - - [23/Jul/2026:01:42:07 +0200] "GET /wp-admin/maint/bootstrap.php HTTP/1.1" 301 280 avgrupoinmobiliario.com "-" "Mozilla/5.0 (Linux x86_64; rv:79.0) Gecko/20100101 Firefox/79.0" "-"
45.133.176.0 - - [23/Jul/2026:01:42:07 +0200] "GET /themes/zMousse/otuz1.php HTTP/1.1" 301 280 avgrupoinmobiliario.com "-" "Mozilla/5.0 (Windows NT 10.0; WOW64; Trident/7.0; .NET4.0C; .NET4.0E; .NET CLR 2.0.50727; .NET CLR 3.0.30729; .NET CLR 3.5.30729; rv:11.0) like Gecko" "-"
45.133.176.0 - - [23/Jul/2026:01:42:08 +0200] "GET /wp-content/edit-wolf.php HTTP/1.1" 301 280 avgrupoinmobiliario.com "-" "Mozilla/5.0 (Windows NT 10.0) AppleWebKit/537.36 (KHTML, like Gecko) Chrome/84.0.4147.105 Safari/537.36" "-"
45.133.176.0 - - [23/Jul/2026:01:42:08 +0200] "GET /wp-content/plugins/ubh/up.php HTTP/1.1" 301 280 avgrupoinmobiliario.com "-" "Mozilla/5.0 (Windows NT 10.0; Win64; x64; rv:67.0) Gecko/20100101 Firefox/67.0" "-"
45.133.176.0 - - [23/Jul/2026:01:42:09 +0200] "GET /wp-admin/images/bootstrap.php HTTP/1.1" 301 280 avgrupoinmobiliario.com "-" "Mozilla/5.0 (Windows NT 10.0; WOW64) AppleWebKit/537.36 (KHTML, like Gecko) Chrome/72.0.3626.121 Safari/537.36" "-"
45.133.176.0 - - [23/Jul/2026:01:42:09 +0200] "GET /images/upload.php HTTP/1.1" 301 280 avgrupoinmobiliario.com "-" "Mozilla/5.0 (Windows NT 10.0; Win64; x64) AppleWebKit/537.36 (KHTML, like Gecko) Chrome/70.0.3538.110 Safari/537.36" "-"
45.133.176.0 - - [23/Jul/2026:01:42:10 +0200] "GET /wp-content/plugins/seoplugins/db.php?u HTTP/1.1" 301 282 avgrupoinmobiliario.com "-" "Mozilla/5.0 (Windows NT 10.0; Win64; x64) AppleWebKit/537.36 (KHTML, like Gecko) Chrome/70.0.3538.110 Safari/537.36" "-"
45.133.176.0 - - [23/Jul/2026:01:42:10 +0200] "GET /wp-content/themes/pridmag/db.php?u HTTP/1.1" 301 282 avgrupoinmobiliario.com "-" "Mozilla/5.0 (Windows NT 10.0; Win64; x64) AppleWebKit/537.36 (KHTML, like Gecko) Chrome/74.0.3729.169 Safari/537.36" "-"
45.133.176.0 - - [23/Jul/2026:01:42:11 +0200] "GET /wp-content/plugins/linkpreview/db.php?u HTTP/1.1" 301 282 avgrupoinmobiliario.com "-" "Mozilla/5.0 (X11; Linux x86_64) AppleWebKit/537.36 (KHTML, like Gecko) Chrome/84.0.4147.105 Safari/537.36 OPR/70.0.3728.95" "-"
45.133.176.0 - - [23/Jul/2026:01:42:11 +0200] "GET /admin/uploads/bn_1_1754420677.phtml HTTP/1.1" 301 280 avgrupoinmobiliario.com "-" "Mozilla/5.0 (X11; Ubuntu; Linux i686; rv:79.0) Gecko/20100101 Firefox/79.0" "-"
45.133.176.0 - - [23/Jul/2026:01:42:12 +0200] "GET /modules/mod_simplefileuploadv1.3/elements/udd.php HTTP/1.1" 301 280 avgrupoinmobiliario.com "-" "Mozilla/5.0 (Macintosh; Intel Mac OS X 10_15_6) AppleWebKit/537.36 (KHTML, like Gecko) Chrome/84.0.4147.125 Safari/537.36" "-"
45.133.176.0 - - [23/Jul/2026:01:42:12 +0200] "GET /wp-content/plugins/pwnd/pwnd.php HTTP/1.1" 301 280 avgrupoinmobiliario.com "-" "Mozilla/5.0 (Windows NT 10.0) AppleWebKit/537.36 (KHTML, like Gecko) Chrome/84.0.4147.105 Safari/537.36" "-"
45.133.176.0 - - [23/Jul/2026:01:42:13 +0200] "GET /wp-content/plugins/pwnd-1/pwnd.php HTTP/1.1" 301 280 avgrupoinmobiliario.com "-" "Mozilla/5.0 (X11; Linux x86_64) AppleWebKit/537.36 (KHTML, like Gecko) Chrome/84.0.4147.105 Safari/537.36" "-"
45.133.176.0 - - [23/Jul/2026:01:42:13 +0200] "GET /wp-admin/css/colors/midnight/admin.php HTTP/1.1" 301 280 avgrupoinmobiliario.com "-" "Mozilla/5.0 (Windows NT 10.0; Win64; x64) AppleWebKit/537.36 (KHTML, like Gecko) Chrome/69.0.3497.100 Safari/537.36" "-"
45.133.176.0 - - [23/Jul/2026:01:42:14 +0200] "GET /vendor/phpunit/phpunit/src/Util/PHP/kill.php HTTP/1.1" 301 280 avgrupoinmobiliario.com "-" "Mozilla/5.0 (Windows NT 10.0; Win64; x64) AppleWebKit/537.36 (KHTML, like Gecko) Chrome/74.0.3729.169 Safari/537.36" "-"
45.133.176.0 - - [23/Jul/2026:01:42:14 +0200] "GET /wp-includes/style-engine/worksec.php HTTP/1.1" 301 280 avgrupoinmobiliario.com "-" "Mozilla/5.0 (Windows NT 6.1; Win64; x64) AppleWebKit/537.36 (KHTML, like Gecko) Chrome/74.0.3729.169 Safari/537.36" "-"
45.133.176.0 - - [23/Jul/2026:01:42:15 +0200] "GET /wp-admin/images/wp-conflg.php HTTP/1.1" 301 280 avgrupoinmobiliario.com "-" "Mozilla/5.0 (X11; Fedora; Linux x86_64; rv:79.0) Gecko/20100101 Firefox/79.0" "-"
45.133.176.0 - - [23/Jul/2026:01:42:15 +0200] "GET /wp-content/plugins/core-plugin/include.php HTTP/1.1" 301 280 avgrupoinmobiliario.com "-" "Mozilla/5.0 (Windows NT 10.0; Win64; x64; rv:74.0) Gecko/20100101 Firefox/74.0" "-"
45.133.176.0 - - [23/Jul/2026:01:42:16 +0200] "GET /wp-content/plugins/envato-css.php HTTP/1.1" 301 280 avgrupoinmobiliario.com "-" "Mozilla/5.0 (Windows NT 10.0; Win64; x64) AppleWebKit/537.36 (KHTML, like Gecko) Chrome/81.0.4044.129 Safari/537.36" "-"
74.7.243.0 - - [23/Jul/2026:01:42:16 +0200] "GET /wp-content/uploads/WPL/22/hrx.php?fileloc=//proc/thread-self/root/lib/locale/nb_NO.utf8/LC_MEASUREMENT&path=//proc/thread-self/root/lib/locale/nb_NO.utf8 HTTP/1.1" 200 4853 avgrupoinmobiliario.com "https://avgrupoinmobiliario.com/wp-content/uploads/WPL/22/hrx.php?path=//proc/thread-self/root/lib/locale/nb_NO.utf8" "Mozilla/5.0 AppleWebKit/537.36 (KHTML, like Gecko; compatible; GPTBot/1.4; +https://openai.com/gptbot)" "-"
45.133.176.0 - - [23/Jul/2026:01:42:16 +0200] "GET /classwithtostring.php HTTP/1.1" 301 280 avgrupoinmobiliario.com "-" "Mozilla/5.0 (X11; Ubuntu; Linux i686; rv:79.0) Gecko/20100101 Firefox/79.0" "-"
45.133.176.0 - - [23/Jul/2026:01:42:17 +0200] "GET /uploads/94056-upload.phtml HTTP/1.1" 301 280 avgrupoinmobiliario.com "-" "Mozilla/5.0 (Windows NT 10.0) AppleWebKit/537.36 (KHTML, like Gecko) Chrome/72.0.3626.121 Safari/537.36" "-"
45.133.176.0 - - [23/Jul/2026:01:42:17 +0200] "GET /index/function.php HTTP/1.1" 301 280 avgrupoinmobiliario.com "-" "Mozilla/5.0 (Windows NT 10.0; Win64; x64) AppleWebKit/537.36 (KHTML, like Gecko) Chrome/80.0.3987.149 Safari/537.36" "-"
45.133.176.0 - - [23/Jul/2026:01:42:18 +0200] "GET /tinyfilemanager.php HTTP/1.1" 301 280 avgrupoinmobiliario.com "-" "Mozilla/5.0 (Windows NT 6.1; Win64; x64) AppleWebKit/537.36 (KHTML, like Gecko) Chrome/79.0.3945.130 Safari/537.36" "-"
45.133.176.0 - - [23/Jul/2026:01:42:18 +0200] "GET /js/bas.php HTTP/1.1" 301 280 avgrupoinmobiliario.com "-" "Mozilla/5.0 (Windows NT 10.0; Win64; x64) AppleWebKit/537.36 (KHTML, like Gecko) Chrome/84.0.4147.105 Safari/537.36 OPR/70.0.3728.95" "-"
45.133.176.0 - - [23/Jul/2026:01:42:19 +0200] "GET /file.php HTTP/1.1" 301 280 avgrupoinmobiliario.com "-" "Mozilla/5.0 (Windows NT 10.0; WOW64) AppleWebKit/537.36 (KHTML, like Gecko) Chrome/72.0.3626.121 Safari/537.36" "-"
45.133.176.0 - - [23/Jul/2026:01:42:19 +0200] "GET /wp-includes/js/index.php HTTP/1.1" 301 280 avgrupoinmobiliario.com "-" "Mozilla/5.0 (Windows NT 10.0; Win64; x64) AppleWebKit/537.36 (KHTML, like Gecko) Chrome/80.0.3987.149 Safari/537.36" "-"
45.133.176.0 - - [23/Jul/2026:01:42:20 +0200] "GET /wp-content/upgrade/item.php HTTP/1.1" 301 280 avgrupoinmobiliario.com "-" "Mozilla/5.0 (X11; Fedora; Linux x86_64; rv:79.0) Gecko/20100101 Firefox/79.0" "-"
45.133.176.0 - - [23/Jul/2026:01:42:20 +0200] "GET /buy.php HTTP/1.1" 301 280 avgrupoinmobiliario.com "-" "Mozilla/5.0 (Windows NT 10.0; Win64; x64) AppleWebKit/537.36 (KHTML, like Gecko) Chrome/58.0.3029.110 Safari/537.3" "-"
45.133.176.0 - - [23/Jul/2026:01:42:21 +0200] "GET /wp-content/languages/wp-conflg.php HTTP/1.1" 301 280 avgrupoinmobiliario.com "-" "Mozilla/5.0 (Windows NT 10.0; Win64; x64) AppleWebKit/537.36 (KHTML, like Gecko) Chrome/81.0.4044.129 Safari/537.36" "-"
45.133.176.0 - - [23/Jul/2026:01:42:21 +0200] "GET /wp-content/themes/classwithtostring.php HTTP/1.1" 301 280 avgrupoinmobiliario.com "-" "Mozilla/5.0 (Windows NT 10.0; Win64; x64) AppleWebKit/537.36 (KHTML, like Gecko) Chrome/74.0.3729.157 Safari/537.36" "-"
45.133.176.0 - - [23/Jul/2026:01:42:22 +0200] "GET /wp-content/plugins/elementor/wp-wjvngrh.php HTTP/1.1" 301 280 avgrupoinmobiliario.com "-" "Mozilla/5.0 (Windows NT 10.0; Win64; x64; rv:71.0) Gecko/20100101 Firefox/71.0" "-"
45.133.176.0 - - [23/Jul/2026:01:42:22 +0200] "GET /wp-includes/IXR/fix.php7 HTTP/1.1" 301 280 avgrupoinmobiliario.com "-" "Mozilla/5.0 (Windows NT 10.0; Win64; x64; rv:67.0) Gecko/20100101 Firefox/67.0" "-"
45.133.176.0 - - [23/Jul/2026:01:42:23 +0200] "GET /wp-includes/widgets/dyqvcfqv.php HTTP/1.1" 301 280 avgrupoinmobiliario.com "-" "Mozilla/5.0 (Macintosh; Intel Mac OS X 10_15_6) AppleWebKit/537.36 (KHTML, like Gecko) Chrome/84.0.4147.125 Safari/537.36" "-"
45.133.176.0 - - [23/Jul/2026:01:42:23 +0200] "GET /admin/function.php HTTP/1.1" 301 280 avgrupoinmobiliario.com "-" "Mozilla/5.0 (X11; Linux x86_64) AppleWebKit/537.36 (KHTML, like Gecko) Chrome/84.0.4147.105 Safari/537.36 OPR/70.0.3728.95" "-"
45.133.176.0 - - [23/Jul/2026:01:42:24 +0200] "GET /wp-includes/images/smilies/about.php HTTP/1.1" 301 280 avgrupoinmobiliario.com "-" "Mozilla/5.0 (Windows NT 10.0; Win64; x64; rv:75.0) Gecko/20100101 Firefox/75.0" "-"
45.133.176.0 - - [23/Jul/2026:01:42:24 +0200] "GET /wp-includes/js/crop/admin.php HTTP/1.1" 301 280 avgrupoinmobiliario.com "-" "Mozilla/5.0 (Macintosh; Intel Mac OS X 10_12_6) AppleWebKit/537.36 (KHTML, like Gecko) Chrome/58.0.3029.110 Safari/537.3" "-"
2a03:2880:f800:: - - [23/Jul/2026:01:42:25 +0200] "GET /wp-content/uploads/WPL/25/403.php?loknya=/homepages/40/d4299076457 HTTP/1.1" 200 10085 avgrupoinmobiliario.com "-" "Mozilla/5.0 (Windows NT 10.0; Win64; x64) AppleWebKit/537.36 (KHTML, like Gecko) Chrome/145.0.0.0 Safari/537.36 (compatible; meta-externalagent/1.1 (+https://developers.facebook.com/docs/sharing/webmasters/crawler))" "-"
45.133.176.0 - - [23/Jul/2026:01:42:25 +0200] "GET /wp-includes/PHPMailer/wp-conflg.php HTTP/1.1" 301 280 avgrupoinmobiliario.com "-" "Mozilla/5.0 (Windows NT 10.0; WOW64) AppleWebKit/537.36 (KHTML, like Gecko) Chrome/84.0.4147.105 Safari/537.36" "-"
45.133.176.0 - - [23/Jul/2026:01:42:25 +0200] "GET /wp-includes/PHPMailer/admin.php HTTP/1.1" 301 280 avgrupoinmobiliario.com "-" "Mozilla/5.0 (Windows NT 10.0; Win64; x64) AppleWebKit/537.36 (KHTML, like Gecko) Chrome/83.0.4103.61 Safari/537.36" "-"
45.133.176.0 - - [23/Jul/2026:01:42:26 +0200] "GET /wp-includes/widgets/wp-login.php HTTP/1.1" 301 280 avgrupoinmobiliario.com "-" "Mozilla/5.0 (Windows NT 10.0; Win64; x64) AppleWebKit/537.36 (KHTML, like Gecko) Chrome/79.0.3945.88 Safari/537.36" "-"
45.133.176.0 - - [23/Jul/2026:01:42:26 +0200] "GET /files/index.php HTTP/1.1" 301 280 avgrupoinmobiliario.com "-" "Mozilla/5.0 (Windows NT 6.1; Win64; x64) AppleWebKit/537.36 (KHTML, like Gecko) Chrome/79.0.3945.130 Safari/537.36" "-"
45.133.176.0 - - [23/Jul/2026:01:42:27 +0200] "GET /wp-includes/PHPMailer/options.php HTTP/1.1" 301 280 avgrupoinmobiliario.com "-" "Mozilla/5.0 (X11; Linux i686; rv:79.0) Gecko/20100101 Firefox/79.0" "-"
45.133.176.0 - - [23/Jul/2026:01:42:27 +0200] "GET /inc.php HTTP/1.1" 301 280 avgrupoinmobiliario.com "-" "Mozilla/5.0 (X11; Linux i686; rv:79.0) Gecko/20100101 Firefox/79.0" "-"
45.133.176.0 - - [23/Jul/2026:01:42:28 +0200] "GET /wp-content/index.php HTTP/1.1" 301 280 avgrupoinmobiliario.com "-" "Mozilla/5.0 (X11; Linux i686; rv:79.0) Gecko/20100101 Firefox/79.0" "-"
45.133.176.0 - - [23/Jul/2026:01:42:28 +0200] "GET /filemanager.php HTTP/1.1" 301 280 avgrupoinmobiliario.com "-" "Mozilla/5.0 (Windows NT 10.0; Win64; x64) AppleWebKit/537.36 (KHTML, like Gecko) Chrome/77.0.3865.90 Safari/537.36" "-"
45.133.176.0 - - [23/Jul/2026:01:42:29 +0200] "GET /cgi-bin/bypass.php HTTP/1.1" 404 236 avgrupoinmobiliario.com "-" "Mozilla/5.0 (Windows NT 10.0; Win64; x64) AppleWebKit/537.36 (KHTML, like Gecko) Chrome/70.0.3538.77 Safari/537.36" "-"
74.7.243.0 - - [23/Jul/2026:01:42:29 +0200] "GET /wp-content/uploads/WPL/22/hrx.php?fileloc=//proc/thread-self/root/lib/locale/fo_FO.utf8/LC_IDENTIFICATION&path=//proc/thread-self/root/lib/locale/fo_FO.utf8 HTTP/1.1" 200 5235 avgrupoinmobiliario.com "https://avgrupoinmobiliario.com/wp-content/uploads/WPL/22/hrx.php?path=//proc/thread-self/root/lib/locale/fo_FO.utf8" "Mozilla/5.0 AppleWebKit/537.36 (KHTML, like Gecko; compatible; GPTBot/1.4; +https://openai.com/gptbot)" "-"
45.133.176.0 - - [23/Jul/2026:01:42:29 +0200] "GET /wp-includes/IXR/admin.php HTTP/1.1" 301 280 avgrupoinmobiliario.com "-" "Mozilla/5.0 (Windows NT 10.0; Win64; x64; rv:71.0) Gecko/20100101 Firefox/71.0" "-"
45.133.176.0 - - [23/Jul/2026:01:42:30 +0200] "GET /wp-admin/js/index.php HTTP/1.1" 301 280 avgrupoinmobiliario.com "-" "Mozilla/5.0 (Windows NT 10.0; Win64; x64; rv:77.0) Gecko/20100101 Firefox/77.0" "-"
45.133.176.0 - - [23/Jul/2026:01:42:30 +0200] "GET /wp-includes/js/jquery/jquery.php HTTP/1.1" 301 280 avgrupoinmobiliario.com "-" "Mozilla/5.0 (Windows NT 10.0) AppleWebKit/537.36 (KHTML, like Gecko) Chrome/72.0.3626.121 Safari/537.36" "-"
45.133.176.0 - - [23/Jul/2026:01:42:31 +0200] "GET /function.php HTTP/1.1" 301 280 avgrupoinmobiliario.com "-" "Mozilla/5.0 (Windows NT 10.0) AppleWebKit/537.36 (KHTML, like Gecko) Chrome/84.0.4147.105 Safari/537.36" "-"
45.133.176.0 - - [23/Jul/2026:01:42:31 +0200] "GET /wp-includes/block-supports/autoload_classmap.php HTTP/1.1" 301 280 avgrupoinmobiliario.com "-" "Mozilla/5.0 (Windows NT 6.1; Win64; x64) AppleWebKit/537.36 (KHTML, like Gecko) Chrome/78.0.3904.108 Safari/537.36" "-"
45.133.176.0 - - [23/Jul/2026:01:42:32 +0200] "GET /wp-signup.php HTTP/1.1" 301 280 avgrupoinmobiliario.com "-" "Mozilla/5.0 (Windows NT 10.0; Win64; x64) AppleWebKit/537.36 (KHTML, like Gecko) Chrome/83.0.4103.61 Safari/537.36" "-"
45.133.176.0 - - [23/Jul/2026:01:42:32 +0200] "GET /wp-admin/network/network.php HTTP/1.1" 301 280 avgrupoinmobiliario.com "-" "Mozilla/5.0 (Windows NT 10.0; Win64; x64; rv:73.0) Gecko/20100101 Firefox/73.0" "-"
45.133.176.0 - - [23/Jul/2026:01:42:33 +0200] "GET /admin/upload/css.php HTTP/1.1" 301 280 avgrupoinmobiliario.com "-" "Mozilla/5.0 (Windows NT 6.1; Win64; x64) AppleWebKit/537.36 (KHTML, like Gecko) Chrome/78.0.3904.108 Safari/537.36" "-"
2a03:2880:f800:: - - [23/Jul/2026:01:42:33 +0200] "GET /wp-content/uploads/WPL/25/403.php?loknya=/homepages/25/d4299127860 HTTP/1.1" 200 10086 avgrupoinmobiliario.com "-" "Mozilla/5.0 (Windows NT 10.0; Win64; x64) AppleWebKit/537.36 (KHTML, like Gecko) Chrome/145.0.0.0 Safari/537.36 (compatible; meta-externalagent/1.1 (+https://developers.facebook.com/docs/sharing/webmasters/crawler))" "-"
45.133.176.0 - - [23/Jul/2026:01:42:33 +0200] "GET /wp-blog.php HTTP/1.1" 301 280 avgrupoinmobiliario.com "-" "Mozilla/5.0 (Windows NT 6.1; Win64; x64) AppleWebKit/537.36 (KHTML, like Gecko) Chrome/79.0.3945.130 Safari/537.36" "-"
45.133.176.0 - - [23/Jul/2026:01:42:34 +0200] "GET /wp-admin/file.php HTTP/1.1" 301 280 avgrupoinmobiliario.com "-" "Mozilla/5.0 (Windows NT 10.0; Win64; x64) AppleWebKit/537.36 (KHTML, like Gecko) Chrome/80.0.3987.149 Safari/537.36" "-"
45.133.176.0 - - [23/Jul/2026:01:42:34 +0200] "GET /wp-content/plugins/admin.php HTTP/1.1" 301 280 avgrupoinmobiliario.com "-" "Mozilla/5.0 (Windows NT 10.0; Win64; x64) AppleWebKit/537.36 (KHTML, like Gecko) Chrome/79.0.3945.130 Safari/537.36" "-"
45.133.176.0 - - [23/Jul/2026:01:42:35 +0200] "GET /wp-includes/blocks/table/int/tmpl/index.php HTTP/1.1" 301 280 avgrupoinmobiliario.com "-" "Mozilla/5.0 (Macintosh; Intel Mac OS X 10_12_6) AppleWebKit/537.36 (KHTML, like Gecko) Chrome/58.0.3029.110 Safari/537.3" "-"
45.133.176.0 - - [23/Jul/2026:01:42:35 +0200] "GET /wp-l0gin.php HTTP/1.1" 301 280 avgrupoinmobiliario.com "-" "Mozilla/5.0 (Windows NT 10.0; Win64; x64) AppleWebKit/537.36 (KHTML, like Gecko) Chrome/79.0.3945.88 Safari/537.36" "-"
45.133.176.0 - - [23/Jul/2026:01:42:36 +0200] "GET /wp-includes/js/jquery/suggest.php HTTP/1.1" 301 280 avgrupoinmobiliario.com "-" "Mozilla/5.0 (Windows NT 10.0; WOW64) AppleWebKit/537.36 (KHTML, like Gecko) Chrome/84.0.4147.105 Safari/537.36" "-"
45.133.176.0 - - [23/Jul/2026:01:42:36 +0200] "GET /new.php HTTP/1.1" 301 280 avgrupoinmobiliario.com "-" "Mozilla/5.0 (Windows NT 10.0; Win64; x64) AppleWebKit/537.36 (KHTML, like Gecko) Chrome/74.0.3729.169 Safari/537.36" "-"
2a03:2880:f800:: - - [23/Jul/2026:01:42:37 +0200] "GET /wp-content/uploads/WPL/25/403.php?lokasie=/homepages/24/d4299407039/distributor.lock&loknya=/homepages/24/d4299407039 HTTP/1.1" 200 4109 avgrupoinmobiliario.com "-" "Mozilla/5.0 (Macintosh; Intel Mac OS X 10_15_7) AppleWebKit/537.36 (KHTML, like Gecko) Chrome/145.0.0.0 Safari/537.36 (compatible; meta-externalagent/1.1 (+https://developers.facebook.com/docs/sharing/webmasters/crawler))" "-"
45.133.176.0 - - [23/Jul/2026:01:42:37 +0200] "GET /wp-content/plugins/pwnd-1/admin.php HTTP/1.1" 301 280 avgrupoinmobiliario.com "-" "Mozilla/5.0 (Macintosh; Intel Mac OS X 10_12_6) AppleWebKit/537.36 (KHTML, like Gecko) Chrome/58.0.3029.110 Safari/537.3" "-"
45.133.176.0 - - [23/Jul/2026:01:42:37 +0200] "GET /wp-includes/defaults.php HTTP/1.1" 301 280 avgrupoinmobiliario.com "-" "Mozilla/5.0 (Windows NT 6.1; Win64; x64) AppleWebKit/537.36 (KHTML, like Gecko) Chrome/78.0.3904.108 Safari/537.36" "-"
45.133.176.0 - - [23/Jul/2026:01:42:38 +0200] "GET /images/DJP9.php HTTP/1.1" 301 280 avgrupoinmobiliario.com "-" "Mozilla/5.0 (Windows NT 10.0; Win64; x64; rv:71.0) Gecko/20100101 Firefox/71.0" "-"
45.133.176.0 - - [23/Jul/2026:01:42:38 +0200] "GET /wp-includes/customize/index.php HTTP/1.1" 301 280 avgrupoinmobiliario.com "-" "Mozilla/5.0 (Windows NT 10.0; Win64; x64) AppleWebKit/537.36 (KHTML, like Gecko) Chrome/75.0.3770.100 Safari/537.36" "-"
45.133.176.0 - - [23/Jul/2026:01:42:39 +0200] "GET /wp-admin/shell20211028.php HTTP/1.1" 301 280 avgrupoinmobiliario.com "-" "Mozilla/5.0 (Windows NT 6.3; Win64; x64; rv:73.0) Gecko/20100101 Firefox/73.0" "-"
45.133.176.0 - - [23/Jul/2026:01:42:39 +0200] "GET /natural.php HTTP/1.1" 301 280 avgrupoinmobiliario.com "-" "Mozilla/5.0 (Windows NT 10.0; Win64; x64) AppleWebKit/537.36 (KHTML, like Gecko) Chrome/83.0.4103.97 Safari/537.36" "-"
45.133.176.0 - - [23/Jul/2026:01:42:40 +0200] "GET /item.php HTTP/1.1" 301 280 avgrupoinmobiliario.com "-" "Mozilla/5.0 (Windows NT 10.0; Win64; x64) AppleWebKit/537.36 (KHTML, like Gecko) Chrome/58.0.3029.110 Safari/537.3" "-"
45.133.176.0 - - [23/Jul/2026:01:42:40 +0200] "GET /function/function.php HTTP/1.1" 301 280 avgrupoinmobiliario.com "-" "Mozilla/5.0 (Windows NT 10.0; Win64; x64) AppleWebKit/537.36 (KHTML, like Gecko) Chrome/77.0.3865.90 Safari/537.36" "-"
45.133.176.0 - - [23/Jul/2026:01:42:41 +0200] "GET /wp-includes/SimplePie/index.php HTTP/1.1" 301 280 avgrupoinmobiliario.com "-" "Mozilla/5.0 (Windows NT 10.0; Win64; x64; rv:67.0) Gecko/20100101 Firefox/67.0" "-"
74.7.243.0 - - [23/Jul/2026:01:42:41 +0200] "GET /wp-content/uploads/WPL/22/hrx.php?fileloc=//proc/thread-self/root/lib/locale/so_SO.utf8/LC_TELEPHONE&path=//proc/thread-self/root/lib/locale/so_SO.utf8 HTTP/1.1" 200 4884 avgrupoinmobiliario.com "https://avgrupoinmobiliario.com/wp-content/uploads/WPL/22/hrx.php?path=//proc/thread-self/root/lib/locale/so_SO.utf8" "Mozilla/5.0 AppleWebKit/537.36 (KHTML, like Gecko; compatible; GPTBot/1.4; +https://openai.com/gptbot)" "-"
45.133.176.0 - - [23/Jul/2026:01:42:41 +0200] "GET /wp-admin/images/admin.php HTTP/1.1" 301 280 avgrupoinmobiliario.com "-" "Mozilla/5.0 (X11; Ubuntu; Linux x86_64; rv:79.0) Gecko/20100101 Firefox/79.0" "-"
45.133.176.0 - - [23/Jul/2026:01:42:42 +0200] "GET /wp-includes/theme-compat/about.php HTTP/1.1" 301 280 avgrupoinmobiliario.com "-" "Mozilla/5.0 (X11; Linux x86_64) AppleWebKit/537.36 (KHTML, like Gecko) Chrome/84.0.4147.105 Safari/537.36 OPR/70.0.3728.95" "-"
45.133.176.0 - - [23/Jul/2026:01:42:42 +0200] "GET /about/function.php HTTP/1.1" 301 280 avgrupoinmobiliario.com "-" "Mozilla/5.0 (Windows NT 6.1; Win64; x64) AppleWebKit/537.36 (KHTML, like Gecko) Chrome/79.0.3945.130 Safari/537.36" "-"
45.133.176.0 - - [23/Jul/2026:01:42:42 +0200] "GET /wp-includes/Requests/index.php HTTP/1.1" 301 280 avgrupoinmobiliario.com "-" "Mozilla/5.0 (X11; Fedora; Linux x86_64; rv:79.0) Gecko/20100101 Firefox/79.0" "-"
45.133.176.0 - - [23/Jul/2026:01:42:43 +0200] "GET /wp-includes/ID3/about.php/wp-content/x/index.php HTTP/1.1" 301 280 avgrupoinmobiliario.com "-" "Mozilla/5.0 (X11; Ubuntu; Linux x86_64; rv:79.0) Gecko/20100101 Firefox/79.0" "-"
45.133.176.0 - - [23/Jul/2026:01:42:43 +0200] "GET /wp-includes/ID3/about.php HTTP/1.1" 301 280 avgrupoinmobiliario.com "-" "Mozilla/5.0 (Macintosh; Intel Mac OS X 10.15; rv:79.0) Gecko/20100101 Firefox/79.0" "-"
45.133.176.0 - - [23/Jul/2026:01:42:44 +0200] "GET /wp-content/languages/404.php HTTP/1.1" 301 280 avgrupoinmobiliario.com "-" "Mozilla/5.0 (Windows NT 6.1; Win64; x64) AppleWebKit/537.36 (KHTML, like Gecko) Chrome/58.0.3029.110 Safari/537.3" "-"
45.133.176.0 - - [23/Jul/2026:01:42:44 +0200] "GET /update/403.php HTTP/1.1" 301 280 avgrupoinmobiliario.com "-" "Mozilla/5.0 (Windows NT 10.0; WOW64) AppleWebKit/537.36 (KHTML, like Gecko) Chrome/72.0.3626.121 Safari/537.36" "-"
45.133.176.0 - - [23/Jul/2026:01:42:45 +0200] "GET /default.php HTTP/1.1" 301 280 avgrupoinmobiliario.com "-" "Mozilla/5.0 (Macintosh; Intel Mac OS X 10_12_6) AppleWebKit/537.36 (KHTML, like Gecko) Chrome/58.0.3029.110 Safari/537.3" "-"
